(3,'menu_html_title_border','headermenus','{\"value\":{\"border_rounded\":\"px\",\"border_type\":\"solid\",\"border_radius_unit\":\"px\",\"border\":{\"value\":{\"text\":\"\"}},\"border_top\":{\"value\":\"\"},\"border_right\":{\"value\":\"\"},\"border_bottom\":{\"value\":{\"text\":\"\"}},\"border_left\":{\"value\":\"\"},\"border_radius\":{\"value\":\"\"},\"border_radius_top\":{\"value\":{\"text\":\"\"}},\"border_radius_right\":{\"value\":{\"text\":\"\"}},\"border_radius_left\":{\"value\":\"\"},\"border_radius_bottom\":{\"value\":\"\"},\"border_color\":{\"value\":{\"color\":\"\"}}}}',1),(6,'top_menu_link_font','headermenus','{\"value\":{\"font_type\":\"system\",\"font_size\":\"12px\",\"font_family\":\"Helvetica, Arial, sans-serif\",\"font_name\":\"\",\"font_weight\":\"normal\",\"font_style\":\"normal\",\"text_transform\":\"none\",\"color\":{\"value\":{\"color\":\"rgb(51, 55, 69)\"}}}}',1),(6,'top_menu_text_font','headermenus','{\"value\":{\"font_type\":\"system\",\"font_size\":\"12px\",\"font_family\":\"Helvetica, Arial, sans-serif\",\"font_name\":\"\",\"font_weight\":\"normal\",\"font_style\":\"normal\",\"text_transform\":\"none\",\"color\":{\"value\":{\"color\":\"\"}}}}',1),(6,'secondary_menu_link_font','headermenus','{\"value\":{\"font_type\":\"system\",\"font_size\":\"12px\",\"font_family\":\"Helvetica, Arial, sans-serif\",\"font_name\":\"ABeeZee\",\"font_weight\":\"normal\",\"font_style\":\"normal\",\"text_transform\":\"none\",\"color\":{\"value\":{\"color\":\"rgb(51, 55, 69)\"}},\"font_subset\":[\"latin\"]}}',1),(6,'secondary_menu_text_font','headermenus','{\"value\":{\"font_type\":\"none\",\"font_size\":\"13px\",\"font_family\":\"Helvetica, Arial, sans-serif\",\"font_name\":\"\",\"font_weight\":\"normal\",\"font_style\":\"normal\",\"text_transform\":\"none\"}}',1),(6,'dropdown_font','headermenus','{\"value\":{\"font_type\":\"system\",\"font_size\":\"12px\",\"font_family\":\"Helvetica, Arial, sans-serif\",\"font_name\":\"\",\"font_weight\":\"normal\",\"font_style\":\"normal\",\"text_transform\":\"none\"}}',1),(6,'menu_categories_title_font','headermenus','{\"value\":{\"font_type\":\"google\",\"font_size\":\"13px\",\"font_family\":\"Helvetica, Arial, sans-serif\",\"font_name\":\"Arvo\",\"font_weight\":\"regular\",\"font_style\":\"normal\",\"text_transform\":\"none\",\"font_subset\":[\"latin\"],\"color\":{\"value\":{\"color\":\"rgb(255, 255, 255)\"}}}}',1),(6,'menu_categories_link_font','headermenus','{\"value\":{\"font_type\":\"system\",\"font_size\":\"12px\",\"font_family\":\"Helvetica, Arial, sans-serif\",\"font_name\":\"Arvo\",\"font_weight\":\"normal\",\"font_style\":\"normal\",\"text_transform\":\"none\",\"font_subset\":[\"latin\"],\"color\":{\"value\":{\"color\":\"rgb(255, 255, 255)\"}}}}',1),(6,'menu_brands_title_font','headermenus','{\"value\":{\"font_type\":\"none\",\"font_size\":\"13px\",\"font_family\":\"Helvetica, Arial, sans-serif\",\"font_name\":\"Oswald\",\"font_weight\":\"regular\",\"font_style\":\"normal\",\"text_transform\":\"uppercase\",\"font_subset\":[\"latin\"],\"color\":{\"value\":{\"color\":\"\"}}}}',1),(6,'menu_html_title_font','headermenus','{\"value\":{\"font_type\":\"none\",\"font_size\":\"13px\",\"font_family\":\"Helvetica, Arial, sans-serif\",\"font_name\":\"Oswald\",\"font_weight\":\"regular\",\"font_style\":\"normal\",\"text_transform\":\"uppercase\",\"font_subset\":[\"latin\"],\"color\":{\"value\":{\"color\":\"\"}}}}',1),(6,'menu_html_font','headermenus','{\"value\":{\"font_type\":\"none\",\"font_size\":\"13px\",\"font_family\":\"Helvetica, Arial, sans-serif\",\"font_name\":\"\",\"font_weight\":\"normal\",\"font_style\":\"normal\",\"text_transform\":\"none\",\"color\":{\"value\":{\"color\":\"rgb(255, 255, 255)\"}}}}',1),(6,'main_menu_font','headermenus','{\"value\":{\"font_type\":\"google\",\"font_size\":\"14px\",\"font_family\":\"Helvetica, Arial, sans-serif\",\"font_name\":\"Arvo\",\"font_weight\":\"regular\",\"font_style\":\"normal\",\"text_transform\":\"none\",\"font_subset\":[\"latin\"],\"color\":{\"value\":{\"color\":\"rgb(255, 255, 255)\"}}}}',1),(6,'menu_divider_type','headermenus','solid',0),(6,'dropdown_divider_type','headermenus','solid',0),(6,'menu_categories_title_align','headermenus','left',0),(6,'menu_brands_title_align','headermenus','left',0),(6,'menu_html_title_align','headermenus','left',0),(6,'menu_categories_padding','headermenus','{\"value\":{\"text\":\"\"}}',1),(6,'menu_brands_padding','headermenus','{\"value\":{\"text\":\"\"}}',1),(6,'menu_line_height','headermenus','{\"value\":{\"text\":\"40\"}}',1),(6,'menu_categories_border','headermenus','{\"value\":{\"border_rounded\":\"px\",\"border_type\":\"solid\",\"border_radius_unit\":\"px\",\"border\":{\"value\":\"\"},\"border_top\":{\"value\":\"\"},\"border_right\":{\"value\":\"\"},\"border_bottom\":{\"value\":\"\"},\"border_left\":{\"value\":\"\"},\"border_radius\":{\"value\":{\"text\":\"\"}},\"border_radius_top\":{\"value\":\"\"},\"border_radius_right\":{\"value\":\"\"},\"border_radius_left\":{\"value\":\"\"},\"border_radius_bottom\":{\"value\":\"\"}}}',1),(6,'menu_categories_title_border','headermenus','{\"value\":{\"border_rounded\":\"px\",\"border_type\":\"solid\",\"border_radius_unit\":\"px\",\"border\":{\"value\":\"\"},\"border_top\":{\"value\":\"\"},\"border_right\":{\"value\":\"\"},\"border_bottom\":{\"value\":\"\"},\"border_left\":{\"value\":\"\"},\"border_radius\":{\"value\":\"\"},\"border_radius_top\":{\"value\":\"\"},\"border_radius_right\":{\"value\":\"\"},\"border_radius_left\":{\"value\":\"\"},\"border_radius_bottom\":{\"value\":\"\"}}}',1),(6,'menu_categories_image_border','headermenus','{\"value\":{\"border_rounded\":\"px\",\"border_type\":\"solid\",\"border_radius_unit\":\"px\",\"border\":{\"value\":{\"text\":\"\"}},\"border_top\":{\"value\":\"\"},\"border_right\":{\"value\":\"\"},\"border_bottom\":{\"value\":\"\"},\"border_left\":{\"value\":\"\"},\"border_radius\":{\"value\":\"\"},\"border_radius_top\":{\"value\":\"\"},\"border_radius_right\":{\"value\":\"\"},\"border_radius_left\":{\"value\":\"\"},\"border_radius_bottom\":{\"value\":\"\"},\"border_color\":{\"value\":{\"color\":\"\"}}}}',1),(6,'menu_brands_border','headermenus','{\"value\":{\"border_rounded\":\"px\",\"border_type\":\"solid\",\"border_radius_unit\":\"px\",\"border\":{\"value\":\"\"},\"border_top\":{\"value\":\"\"},\"border_right\":{\"value\":\"\"},\"border_bottom\":{\"value\":\"\"},\"border_left\":{\"value\":\"\"},\"border_radius\":{\"value\":\"\"},\"border_radius_top\":{\"value\":\"\"},\"border_radius_right\":{\"value\":\"\"},\"border_radius_left\":{\"value\":\"\"},\"border_radius_bottom\":{\"value\":\"\"}}}',1),(6,'menu_brands_title_border','headermenus','{\"value\":{\"border_rounded\":\"px\"}}',1),(6,'menu_brands_image_border','headermenus','{\"value\":{\"border_rounded\":\"px\",\"border_type\":\"solid\",\"border_radius_unit\":\"px\",\"border\":{\"value\":\"\"},\"border_top\":{\"value\":\"\"},\"border_right\":{\"value\":\"\"},\"border_bottom\":{\"value\":\"\"},\"border_left\":{\"value\":\"\"},\"border_radius\":{\"value\":\"\"},\"border_radius_top\":{\"value\":\"\"},\"border_radius_right\":{\"value\":\"\"},\"border_radius_left\":{\"value\":\"\"},\"border_radius_bottom\":{\"value\":\"\"}}}',1),(6,'menu_html_title_border','headermenus','{\"value\":{\"border_rounded\":\"px\",\"border_type\":\"solid\",\"border_radius_unit\":\"px\",\"border\":{\"value\":\"\"},\"border_top\":{\"value\":\"\"},\"border_right\":{\"value\":\"\"},\"border_bottom\":{\"value\":\"\"},\"border_left\":{\"value\":\"\"},\"border_radius\":{\"value\":\"\"},\"border_radius_top\":{\"value\":\"\"},\"border_radius_right\":{\"value\":\"\"},\"border_radius_left\":{\"value\":\"\"},\"border_radius_bottom\":{\"value\":\"\"}}}',1),(6,'menu_html_border','headermenus','{\"value\":{\"border_rounded\":\"px\",\"border_type\":\"solid\",\"border_radius_unit\":\"px\",\"border\":{\"value\":\"\"},\"border_top\":{\"value\":\"\"},\"border_right\":{\"value\":\"\"},\"border_bottom\":{\"value\":\"\"},\"border_left\":{\"value\":\"\"},\"border_radius\":{\"value\":\"\"},\"border_radius_top\":{\"value\":\"\"},\"border_radius_right\":{\"value\":\"\"},\"border_radius_left\":{\"value\":\"\"},\"border_radius_bottom\":{\"value\":\"\"}}}',1),(6,'mega_menu_border','headermenus','{\"value\":{\"border_rounded\":\"px\",\"border_type\":\"solid\",\"border_radius_unit\":\"px\",\"border\":{\"value\":\"\"},\"border_top\":{\"value\":\"\"},\"border_right\":{\"value\":\"\"},\"border_bottom\":{\"value\":\"\"},\"border_left\":{\"value\":\"\"},\"border_radius\":{\"value\":\"\"},\"border_radius_top\":{\"value\":\"\"},\"border_radius_right\":{\"value\":\"\"},\"border_radius_left\":{\"value\":\"\"},\"border_radius_bottom\":{\"value\":\"\"},\"border_color\":{\"value\":{\"color\":\"\"}}}}',1),(6,'mobile_menu_text','headermenus','{\"value\":{\"1\":\"MENU\",\"2\":\"\"}}',1),(6,'mobile_menu_icon','headermenus','{\"value\":{\"options\":{\"font_size\":\"20px\",\"top\":\"-1\",\"color\":{\"value\":{\"color\":\"rgb(250, 250, 250)\"}}},\"icon_type\":\"icon\",\"icon\":{\"icon\":\"&#xe618;\",\"class\":\"reorder\"}}}',1),(6,'dropdown_link_icon','headermenus','{\"value\":{\"options\":{\"font_size\":\"16px\"},\"icon_type\":\"icon\"}}',1),(6,'dropdown_icon','headermenus','{\"value\":{\"options\":{\"font_size\":\"15px\",\"top\":\"-1\"},\"icon_type\":\"icon\",\"icon\":{\"icon\":\"&#xe045;\",\"class\":\"plus-sign\"}}}',1),(6,'menu_categories_link_icon','headermenus','{\"value\":{\"options\":{\"font_size\":\"14px\"},\"icon_type\":\"icon\",\"icon\":{\"icon\":\"&#xe62c;\",\"class\":\"angle-right\"}}}',1),(6,'mobile_text_font','headermenus','{\"value\":{\"font_type\":\"google\",\"font_size\":\"14px\",\"font_family\":\"Helvetica, Arial, sans-serif\",\"font_name\":\"Arvo\",\"font_weight\":\"regular\",\"font_style\":\"normal\",\"text_transform\":\"uppercase\",\"color\":{\"value\":{\"color\":\"rgb(255, 255, 255)\"}},\"font_subset\":[\"latin\"]}}',1),(6,'mobile_plus_bg','headermenus','{\"value\":{\"color\":\"rgb(105, 185, 207)\"}}',1),(6,'mobile_plus_color','headermenus','{\"value\":{\"color\":\"rgb(255, 255, 255)\"}}',1),(6,'top_menu_link_hover_bg_color','headermenus','{\"value\":{\"color\":\"rgb(244, 244, 244)\"}}',1),(6,'top_menu_bg_color','headermenus','{\"value\":{\"color\":\"rgb(228, 228, 228)\"}}',1),(6,'top_menu_border_color','headermenus','{\"value\":{\"color\":\"rgb(244, 244, 244)\"}}',1),(6,'top_menu_link_hover_color','headermenus','{\"value\":{\"color\":\"rgb(241, 98, 114)\"}}',1),(6,'main_menu_bg_color','headermenus','{\"value\":{\"color\":\"rgb(241, 98, 114)\"}}',1),(6,'main_menu_bg_full_color','headermenus','{\"value\":{\"color\":\"\"}}',1),(6,'menu_font_hover','headermenus','{\"value\":{\"color\":\"rgb(255, 255, 255)\"}}',1),(6,'menu_bg_hover','headermenus','{\"value\":{\"color\":\"rgb(63, 87, 101)\"}}',1),(6,'menu_divider','headermenus','{\"value\":{\"color\":\"rgb(221, 0, 23)\"}}',1),(6,'mega_menu_bg','headermenus','{\"value\":{\"color\":\"rgb(63, 87, 101)\"}}',1),(6,'secondary_menu_link_hover_color','headermenus','{\"value\":{\"color\":\"rgb(105, 185, 207)\"}}',1),(6,'menu_categories_bg','headermenus','{\"value\":{\"color\":\"\"}}',1),(6,'menu_categories_title_font_hover','headermenus','{\"value\":{\"color\":\"rgb(255, 255, 255)\"}}',1),(6,'menu_categories_title_bg','headermenus','{\"value\":{\"color\":\"rgb(241, 98, 114)\"}}',1),(6,'menu_categories_title_bg_hover','headermenus','{\"value\":{\"color\":\"rgb(69, 115, 143)\"}}',1),(6,'menu_categories_title_border_hover','headermenus','{\"value\":{\"color\":\"\"}}',1),(6,'menu_html_title_bg','headermenus','{\"value\":{\"color\":\"\"}}',1),(6,'menu_html_bg','headermenus','{\"value\":{\"color\":\"\"}}',1),(6,'menu_brands_bg','headermenus','{\"value\":{\"color\":\"\"}}',1),(6,'menu_brands_title_font_hover','headermenus','{\"value\":{\"color\":\"\"}}',1),(6,'menu_brands_title_bg','headermenus','{\"value\":{\"color\":\"\"}}',1),(6,'dropdown_font_hover','headermenus','{\"value\":{\"color\":\"rgb(255, 255, 255)\"}}',1),(6,'dropdown_bg','headermenus','{\"value\":{\"color\":\"rgb(255, 255, 255)\"}}',1),(6,'dropdown_bg_hover','headermenus','{\"value\":{\"color\":\"rgb(69, 115, 143)\"}}',1),(6,'secondary_menu_bg_color','headermenus','{\"value\":{\"color\":\"\"}}',1),(6,'dropdown_icon_hover','headermenus','{\"value\":{\"color\":\"rgb(255, 255, 255)\"}}',1),(6,'dropdown_divider','headermenus','{\"value\":{\"color\":\"rgb(244, 244, 244)\"}}',1),(6,'menu_categories_link_font_hover','headermenus','{\"value\":{\"color\":\"rgb(241, 98, 114)\"}}',1),(6,'main_menu_border','headermenus','{\"value\":{\"border_rounded\":\"px\",\"border_type\":\"solid\",\"border_radius_unit\":\"px\",\"border\":{\"value\":\"\"},\"border_top\":{\"value\":\"\"},\"border_right\":{\"value\":\"\"},\"border_bottom\":{\"value\":{\"text\":\"\"}},\"border_left\":{\"value\":\"\"},\"border_radius\":{\"value\":\"\"},\"border_radius_top\":{\"value\":\"\"},\"border_radius_right\":{\"value\":\"\"},\"border_radius_left\":{\"value\":\"\"},\"border_radius_bottom\":{\"value\":\"\"},\"border_color\":{\"value\":{\"color\":\"\"}}}}',1),(6,'menu_product_grid_price_border','headermenus','{\"value\":{\"border_rounded\":\"px\"}}',1),(6,'menu_product_grid_button_border','headermenus','{\"value\":{\"border_rounded\":\"px\"}}',1),(6,'menu_categories_title_padding_left','headermenus','{\"value\":{\"text\":\"7\"}}',1),(6,'menu_categories_title_padding_top','headermenus','{\"value\":{\"text\":\"5\"}}',1),(6,'menu_categories_title_padding_right','headermenus','{\"value\":{\"text\":\"7\"}}',1),(6,'menu_categories_title_padding_bottom','headermenus','{\"value\":{\"text\":\"6\"}}',1),(6,'main_menu_mobile_bg_color','headermenus','{\"value\":{\"color\":\"\"}}',1),(6,'dropdown_shadow','headermenus','0 1px 8px -3px rgba(0, 0, 0, 0.5)',0),(6,'mega_menu_shadow','headermenus','0 2px 8px -2px rgba(0, 0, 0, 0.4)',0),(6,'mega_menu_padding','headermenus','{\"value\":{\"text\":\"12\"}}',1),(6,'menu_categories_item_margin','headermenus','{\"value\":{\"text\":\"12\"}}',1),(6,'menu_html_padding_left','headermenus','{\"value\":{\"text\":\"\"}}',1),(6,'menu_html_padding_bottom','headermenus','{\"value\":{\"text\":\"\"}}',1),(6,'menu_categories_link_padding','headermenus','{\"value\":{\"text\":\"8\"}}',1),(6,'menu_html_padding_top','headermenus','{\"value\":{\"text\":\"\"}}',1),(6,'menu_html_padding_right','headermenus','{\"value\":{\"text\":\"\"}}',1),(6,'view_more_font','headermenus','{\"value\":{\"font_type\":\"system\",\"font_size\":\"11px\",\"font_family\":\"Helvetica, Arial, sans-serif\",\"font_name\":\"\",\"font_weight\":\"bold\",\"font_style\":\"normal\",\"letter_spacing\":\"\",\"text_transform\":\"none\"}}',1),(6,'mixed_cms_margin_bottom','headermenus','{\"value\":{\"text\":\"12\"}}',1),(6,'mixed_cms_padding_right','headermenus','{\"value\":{\"text\":\"\"}}',1),(6,'mixed_cms_padding_top','headermenus','{\"value\":{\"text\":\"\"}}',1),(6,'mixed_cms_padding_bottom','headermenus','{\"value\":{\"text\":\"\"}}',1),(6,'mixed_cms_title_padding_left','headermenus','{\"value\":{\"text\":\"7\"}}',1),(6,'mixed_cms_title_bg','headermenus','{\"value\":{\"color\":\"rgb(241, 98, 114)\"}}',1),(6,'menu_product_grid_item_border','headermenus','{\"value\":{\"border_rounded\":\"px\"}}',1),(6,'mixed_cms_block_bg','headermenus','{\"value\":{\"color\":\"\"}}',1),(6,'mixed_cms_title_padding_right','headermenus','{\"value\":{\"text\":\"7\"}}',1),(6,'mixed_cms_title_padding_top','headermenus','{\"value\":{\"text\":\"5\"}}',1),(6,'mixed_cms_title_font','headermenus','{\"value\":{\"font_type\":\"google\",\"font_size\":\"13px\",\"font_family\":\"Helvetica, Arial, sans-serif\",\"font_name\":\"Arvo\",\"font_weight\":\"regular\",\"font_style\":\"normal\",\"letter_spacing\":\"\",\"text_transform\":\"none\",\"font_subset\":[\"latin\"],\"color\":{\"value\":{\"color\":\"rgb(255, 255, 255)\"}}}}',1),(6,'mixed_cms_title_padding_bottom','headermenus','{\"value\":{\"text\":\"6\"}}',1),(6,'mixed_cms_title_border','headermenus','{\"value\":{\"border_rounded\":\"px\"}}',1),(6,'mixed_cms_padding_left','headermenus','{\"value\":{\"text\":\"\"}}',1),(6,'view_more_text','headermenus','{\"value\":[null,\"View More\"]}',1),(6,'mixed_cms_font','headermenus','{\"value\":{\"font_type\":\"none\",\"font_size\":\"13px\",\"font_family\":\"Helvetica, Arial, sans-serif\",\"font_name\":\"\",\"font_weight\":\"normal\",\"font_style\":\"normal\",\"letter_spacing\":\"\",\"text_transform\":\"none\",\"color\":{\"value\":{\"color\":\"rgb(255, 255, 255)\"}}}}',1),(7,'top_menu_link_font','headermenus','{\"value\":{\"font_type\":\"none\",\"font_size\":\"13px\",\"font_family\":\"Helvetica, Arial, sans-serif\",\"font_name\":\"\",\"font_weight\":\"normal\",\"font_style\":\"normal\",\"text_transform\":\"none\",\"color\":{\"value\":{\"color\":\"rgb(255, 255, 255)\"}}}}',1),(7,'top_menu_text_font','headermenus','{\"value\":{\"font_type\":\"none\",\"font_size\":\"13px\",\"font_family\":\"Helvetica, Arial, sans-serif\",\"font_name\":\"\",\"font_weight\":\"normal\",\"font_style\":\"normal\",\"text_transform\":\"none\",\"color\":{\"value\":{\"color\":\"rgb(255, 255, 255)\"}}}}',1),(7,'secondary_menu_link_font','headermenus','{\"value\":{\"font_type\":\"none\",\"font_size\":\"13px\",\"font_family\":\"Helvetica, Arial, sans-serif\",\"font_name\":\"ABeeZee\",\"font_weight\":\"regular\",\"font_style\":\"normal\",\"text_transform\":\"none\",\"color\":{\"value\":{\"color\":\"rgb(255, 255, 255)\"}},\"font_subset\":[\"latin\"]}}',1),(7,'secondary_menu_text_font','headermenus','{\"value\":{\"font_type\":\"none\",\"font_size\":\"13px\",\"font_family\":\"Helvetica, Arial, sans-serif\",\"font_name\":\"\",\"font_weight\":\"normal\",\"font_style\":\"normal\",\"text_transform\":\"none\"}}',1),(7,'dropdown_font','headermenus','{\"value\":{\"font_type\":\"none\",\"font_size\":\"13px\",\"font_family\":\"Helvetica, Arial, sans-serif\",\"font_name\":\"\",\"font_weight\":\"normal\",\"font_style\":\"normal\",\"text_transform\":\"none\"}}',1),(7,'menu_categories_title_font','headermenus','{\"value\":{\"font_type\":\"google\",\"font_size\":\"13px\",\"font_family\":\"Helvetica, Arial, sans-serif\",\"font_name\":\"Oswald\",\"font_weight\":\"regular\",\"font_style\":\"normal\",\"text_transform\":\"uppercase\",\"font_subset\":[\"latin\"],\"color\":{\"value\":{\"color\":\"\"}}}}',1),(7,'menu_categories_link_font','headermenus','{\"value\":{\"font_type\":\"none\",\"font_size\":\"13px\",\"font_family\":\"Helvetica, Arial, sans-serif\",\"font_name\":\"\",\"font_weight\":\"normal\",\"font_style\":\"normal\",\"text_transform\":\"none\",\"color\":{\"value\":{\"color\":\"\"}}}}',1),(7,'menu_brands_title_font','headermenus','{\"value\":{\"font_type\":\"google\",\"font_size\":\"13px\",\"font_family\":\"Helvetica, Arial, sans-serif\",\"font_name\":\"Oswald\",\"font_weight\":\"regular\",\"font_style\":\"normal\",\"text_transform\":\"uppercase\",\"font_subset\":[\"latin\"],\"color\":{\"value\":{\"color\":\"rgb(255, 255, 255)\"}}}}',1),(7,'menu_html_title_font','headermenus','{\"value\":{\"font_type\":\"google\",\"font_size\":\"13px\",\"font_family\":\"Helvetica, Arial, sans-serif\",\"font_name\":\"Oswald\",\"font_weight\":\"regular\",\"font_style\":\"normal\",\"text_transform\":\"uppercase\",\"font_subset\":[\"latin\"],\"color\":{\"value\":{\"color\":\"rgb(255, 255, 255)\"}}}}',1),(7,'menu_html_font','headermenus','{\"value\":{\"font_type\":\"none\",\"font_size\":\"13px\",\"font_family\":\"Helvetica, Arial, sans-serif\",\"font_name\":\"\",\"font_weight\":\"normal\",\"font_style\":\"normal\",\"text_transform\":\"none\",\"color\":{\"value\":{\"color\":\"\"}}}}',1),(7,'main_menu_font','headermenus','{\"value\":{\"font_type\":\"google\",\"font_size\":\"13px\",\"font_family\":\"Helvetica, Arial, sans-serif\",\"font_name\":\"Oswald\",\"font_weight\":\"regular\",\"font_style\":\"normal\",\"text_transform\":\"uppercase\",\"font_subset\":[\"latin\"],\"color\":{\"value\":{\"color\":\"rgb(255, 255, 255)\"}}}}',1),(7,'menu_divider_type','headermenus','solid',0),(7,'dropdown_divider_type','headermenus','solid',0),(7,'menu_categories_title_align','headermenus','left',0),(7,'menu_brands_title_align','headermenus','left',0),(7,'menu_html_title_align','headermenus','left',0),(7,'menu_categories_padding','headermenus','{\"value\":{\"text\":\"\"}}',1),(7,'menu_brands_padding','headermenus','{\"value\":{\"text\":\"\"}}',1),(7,'menu_line_height','headermenus','{\"value\":{\"text\":\"39\"}}',1),(7,'menu_categories_border','headermenus','{\"value\":{\"border_rounded\":\"px\",\"border_type\":\"solid\",\"border_radius_unit\":\"px\",\"border\":{\"value\":\"\"},\"border_top\":{\"value\":\"\"},\"border_right\":{\"value\":\"\"},\"border_bottom\":{\"value\":\"\"},\"border_left\":{\"value\":\"\"},\"border_radius\":{\"value\":{\"text\":\"\"}},\"border_radius_top\":{\"value\":\"\"},\"border_radius_right\":{\"value\":\"\"},\"border_radius_left\":{\"value\":\"\"},\"border_radius_bottom\":{\"value\":\"\"}}}',1),(7,'menu_categories_title_border','headermenus','{\"value\":{\"border_rounded\":\"px\",\"border_type\":\"dotted\",\"border_radius_unit\":\"px\",\"border\":{\"value\":\"\"},\"border_top\":{\"value\":\"\"},\"border_right\":{\"value\":\"\"},\"border_bottom\":{\"value\":{\"text\":\"1\"}},\"border_left\":{\"value\":\"\"},\"border_radius\":{\"value\":\"\"},\"border_radius_top\":{\"value\":\"\"},\"border_radius_right\":{\"value\":\"\"},\"border_radius_left\":{\"value\":\"\"},\"border_radius_bottom\":{\"value\":\"\"},\"border_color\":{\"value\":{\"color\":\"rgb(119, 119, 119)\"}}}}',1),(7,'menu_categories_image_border','headermenus','{\"value\":{\"border_rounded\":\"px\",\"border_type\":\"solid\",\"border_radius_unit\":\"px\",\"border\":{\"value\":{\"text\":\"\"}},\"border_top\":{\"value\":\"\"},\"border_right\":{\"value\":\"\"},\"border_bottom\":{\"value\":\"\"},\"border_left\":{\"value\":\"\"},\"border_radius\":{\"value\":\"\"},\"border_radius_top\":{\"value\":\"\"},\"border_radius_right\":{\"value\":\"\"},\"border_radius_left\":{\"value\":\"\"},\"border_radius_bottom\":{\"value\":\"\"},\"border_color\":{\"value\":{\"color\":\"\"}}}}',1),(7,'menu_brands_border','headermenus','{\"value\":{\"border_rounded\":\"px\",\"border_type\":\"solid\",\"border_radius_unit\":\"px\",\"border\":{\"value\":\"\"},\"border_top\":{\"value\":\"\"},\"border_right\":{\"value\":\"\"},\"border_bottom\":{\"value\":\"\"},\"border_left\":{\"value\":\"\"},\"border_radius\":{\"value\":\"\"},\"border_radius_top\":{\"value\":\"\"},\"border_radius_right\":{\"value\":\"\"},\"border_radius_left\":{\"value\":\"\"},\"border_radius_bottom\":{\"value\":\"\"}}}',1),(7,'menu_brands_title_border','headermenus','{\"value\":{\"border_rounded\":\"px\"}}',1),(7,'menu_brands_image_border','headermenus','{\"value\":{\"border_rounded\":\"px\"}}',1),(7,'menu_html_title_border','headermenus','{\"value\":{\"border_rounded\":\"px\",\"border_type\":\"solid\",\"border_radius_unit\":\"px\",\"border\":{\"value\":\"\"},\"border_top\":{\"value\":\"\"},\"border_right\":{\"value\":\"\"},\"border_bottom\":{\"value\":\"\"},\"border_left\":{\"value\":\"\"},\"border_radius\":{\"value\":\"\"},\"border_radius_top\":{\"value\":\"\"},\"border_radius_right\":{\"value\":\"\"},\"border_radius_left\":{\"value\":\"\"},\"border_radius_bottom\":{\"value\":\"\"}}}',1),(7,'menu_html_border','headermenus','{\"value\":{\"border_rounded\":\"px\",\"border_type\":\"solid\",\"border_radius_unit\":\"px\",\"border\":{\"value\":\"\"},\"border_top\":{\"value\":\"\"},\"border_right\":{\"value\":\"\"},\"border_bottom\":{\"value\":\"\"},\"border_left\":{\"value\":\"\"},\"border_radius\":{\"value\":\"\"},\"border_radius_top\":{\"value\":\"\"},\"border_radius_right\":{\"value\":\"\"},\"border_radius_left\":{\"value\":\"\"},\"border_radius_bottom\":{\"value\":\"\"}}}',1),(7,'mega_menu_border','headermenus','{\"value\":{\"border_rounded\":\"px\",\"border_type\":\"solid\",\"border_radius_unit\":\"px\",\"border\":{\"value\":\"\"},\"border_top\":{\"value\":\"\"},\"border_right\":{\"value\":\"\"},\"border_bottom\":{\"value\":\"\"},\"border_left\":{\"value\":\"\"},\"border_radius\":{\"value\":\"\"},\"border_radius_top\":{\"value\":\"\"},\"border_radius_right\":{\"value\":\"\"},\"border_radius_left\":{\"value\":\"\"},\"border_radius_bottom\":{\"value\":\"\"},\"border_color\":{\"value\":{\"color\":\"\"}}}}',1),(7,'mobile_menu_text','headermenus','{\"value\":{\"1\":\"MENU\",\"2\":\"\"}}',1),(7,'mobile_menu_icon','headermenus','{\"value\":{\"options\":{\"font_size\":\"20px\",\"top\":\"-1\",\"color\":{\"value\":{\"color\":\"rgb(250, 250, 250)\"}}},\"icon_type\":\"icon\",\"icon\":{\"icon\":\"&#xe618;\",\"class\":\"reorder\"}}}',1),(7,'dropdown_link_icon','headermenus','{\"value\":{\"options\":{\"font_size\":\"16px\"}}}',1),(7,'dropdown_icon','headermenus','{\"value\":{\"options\":{\"font_size\":\"16px\"}}}',1),(7,'menu_categories_link_icon','headermenus','{\"value\":{\"options\":{\"font_size\":\"14px\"},\"icon_type\":\"icon\",\"icon\":{\"icon\":\"&#xe62c;\",\"class\":\"angle-right\"}}}',1),(7,'mobile_text_font','headermenus','{\"value\":{\"font_type\":\"google\",\"font_size\":\"14px\",\"font_family\":\"Helvetica, Arial, sans-serif\",\"font_name\":\"Oswald\",\"font_weight\":\"regular\",\"font_style\":\"normal\",\"text_transform\":\"uppercase\",\"color\":{\"value\":{\"color\":\"rgb(255, 255, 255)\"}},\"font_subset\":[\"latin\"]}}',1),(7,'mobile_plus_bg','headermenus','{\"value\":{\"color\":\"rgb(70, 100, 46)\"}}',1),(7,'mobile_plus_color','headermenus','{\"value\":{\"color\":\"rgb(255, 255, 255)\"}}',1),(7,'top_menu_link_hover_bg_color','headermenus','{\"value\":{\"color\":\"rgb(80, 80, 80)\"}}',1),(7,'top_menu_bg_color','headermenus','{\"value\":{\"color\":\"\"}}',1),(7,'top_menu_border_color','headermenus','{\"value\":{\"color\":\"rgb(80, 80, 80)\"}}',1),(7,'top_menu_link_hover_color','headermenus','{\"value\":{\"color\":\"rgb(88, 143, 39)\"}}',1),(7,'main_menu_bg_color','headermenus','{\"value\":{\"color\":\"rgb(63, 87, 101)\"}}',1),(7,'main_menu_bg_full_color','headermenus','{\"value\":{\"color\":\"\"}}',1),(7,'menu_font_hover','headermenus','{\"value\":{\"color\":\"rgb(255, 255, 255)\"}}',1),(7,'menu_bg_hover','headermenus','{\"value\":{\"color\":\"rgb(88, 143, 39)\"}}',1),(7,'menu_divider','headermenus','{\"value\":{\"color\":\"rgb(52, 73, 94)\"}}',1),(7,'mega_menu_bg','headermenus','{\"value\":{\"color\":\"rgb(68, 67, 73)\"}}',1),(7,'secondary_menu_link_hover_color','headermenus','{\"value\":{\"color\":\"rgb(88, 143, 39)\"}}',1),(7,'menu_categories_bg','headermenus','{\"value\":{\"color\":\"\"}}',1),(7,'menu_categories_title_font_hover','headermenus','{\"value\":{\"color\":\"rgb(88, 143, 39)\"}}',1),(7,'menu_categories_title_bg','headermenus','{\"value\":{\"color\":\"\"}}',1),(7,'menu_categories_title_bg_hover','headermenus','{\"value\":{\"color\":\"\"}}',1),(7,'menu_categories_title_border_hover','headermenus','{\"value\":{\"color\":\"\"}}',1),(7,'menu_html_title_bg','headermenus','{\"value\":{\"color\":\"\"}}',1),(7,'menu_html_bg','headermenus','{\"value\":{\"color\":\"\"}}',1),(7,'menu_brands_bg','headermenus','{\"value\":{\"color\":\"\"}}',1),(7,'menu_brands_title_font_hover','headermenus','{\"value\":{\"color\":\"\"}}',1),(7,'menu_brands_title_bg','headermenus','{\"value\":{\"color\":\"\"}}',1),(7,'dropdown_font_hover','headermenus','{\"value\":{\"color\":\"rgb(255, 255, 255)\"}}',1),(7,'dropdown_bg','headermenus','{\"value\":{\"color\":\"rgb(255, 255, 255)\"}}',1),(7,'dropdown_bg_hover','headermenus','{\"value\":{\"color\":\"rgb(164, 23, 51)\"}}',1),(7,'secondary_menu_bg_color','headermenus','{\"value\":{\"color\":\"\"}}',1),(7,'dropdown_icon_hover','headermenus','{\"value\":{\"color\":\"rgb(255, 255, 255)\"}}',1),(7,'dropdown_divider','headermenus','{\"value\":{\"color\":\"rgb(244, 244, 244)\"}}',1),(7,'menu_categories_link_font_hover','headermenus','{\"value\":{\"color\":\"rgb(88, 143, 39)\"}}',1),(7,'main_menu_border','headermenus','{\"value\":{\"border_rounded\":\"px\",\"border_type\":\"solid\",\"border_radius_unit\":\"px\",\"border\":{\"value\":\"\"},\"border_top\":{\"value\":\"\"},\"border_right\":{\"value\":\"\"},\"border_bottom\":{\"value\":{\"text\":\"\"}},\"border_left\":{\"value\":\"\"},\"border_radius\":{\"value\":\"\"},\"border_radius_top\":{\"value\":\"\"},\"border_radius_right\":{\"value\":\"\"},\"border_radius_left\":{\"value\":\"\"},\"border_radius_bottom\":{\"value\":\"\"},\"border_color\":{\"value\":{\"color\":\"\"}}}}',1),(7,'menu_product_grid_price_border','headermenus','{\"value\":{\"border_rounded\":\"px\"}}',1),(7,'menu_product_grid_button_border','headermenus','{\"value\":{\"border_rounded\":\"px\"}}',1),(7,'menu_categories_title_padding_left','headermenus','{\"value\":{\"text\":\"\"}}',1),(7,'menu_categories_title_padding_top','headermenus','{\"value\":{\"text\":\"\"}}',1),(7,'menu_categories_title_padding_right','headermenus','{\"value\":{\"text\":\"\"}}',1),(7,'menu_categories_title_padding_bottom','headermenus','{\"value\":{\"text\":\"5\"}}',1),(7,'dropdown_shadow','headermenus','0 1px 8px -3px rgba(0, 0, 0, 0.5)',0),(7,'mega_menu_shadow','headermenus','none',0),(7,'menu_html_padding_top','headermenus','{\"value\":{\"text\":\"7\"}}',1),(7,'mega_menu_padding','headermenus','{\"value\":{\"text\":\"15\"}}',1),(7,'main_menu_mobile_bg_color','headermenus','{\"value\":{\"color\":\"rgb(88, 143, 39)\"}}',1),(7,'menu_categories_item_margin','headermenus','{\"value\":{\"text\":\"12\"}}',1),(7,'view_more_font','headermenus','{\"value\":{\"font_type\":\"system\",\"font_size\":\"11px\",\"font_family\":\"Helvetica, Arial, sans-serif\",\"font_name\":\"\",\"font_weight\":\"bold\",\"font_style\":\"normal\",\"letter_spacing\":\"\",\"text_transform\":\"none\"}}',1),(7,'mixed_cms_title_padding_bottom','headermenus','{\"value\":{\"text\":\"5\"}}',1),(7,'mixed_cms_block_line_height','headermenus','{\"value\":{\"text\":\"\"}}',1),(7,'view_more_text','headermenus','{\"value\":[null,\"View More\"]}',1),(7,'menu_product_grid_item_border','headermenus','{\"value\":{\"border_rounded\":\"px\"}}',1),(7,'mixed_cms_title_border','headermenus','{\"value\":{\"border_rounded\":\"px\",\"border_type\":\"dotted\",\"border_radius_unit\":\"px\",\"border\":{\"value\":\"\"},\"border_top\":{\"value\":\"\"},\"border_right\":{\"value\":\"\"},\"border_bottom\":{\"value\":{\"text\":\"1\"}},\"border_left\":{\"value\":\"\"},\"border_radius\":{\"value\":\"\"},\"border_radius_top\":{\"value\":\"\"},\"border_radius_right\":{\"value\":\"\"},\"border_radius_left\":{\"value\":\"\"},\"border_radius_bottom\":{\"value\":\"\"},\"border_color\":{\"value\":{\"color\":\"rgb(119, 119, 119)\"}}}}',1),(7,'mixed_cms_margin_bottom','headermenus','{\"value\":{\"text\":\"12\"}}',1),(7,'mixed_cms_title_font','headermenus','{\"value\":{\"font_type\":\"google\",\"font_size\":\"13px\",\"font_family\":\"Helvetica, Arial, sans-serif\",\"font_name\":\"Oswald\",\"font_weight\":\"regular\",\"font_style\":\"normal\",\"letter_spacing\":\"\",\"text_transform\":\"uppercase\",\"font_subset\":[\"latin\"],\"color\":{\"value\":{\"color\":\"rgb(255, 255, 255)\"}}}}',1),(7,'mobile_menu_on','headermenus','phone',0),(10,'top_menu_link_font','headermenus','{\"value\":{\"font_type\":\"none\",\"font_size\":\"13px\",\"font_family\":\"Helvetica, Arial, sans-serif\",\"font_name\":\"ABeeZee\",\"font_weight\":\"normal\",\"font_style\":\"normal\",\"font_subset\":[\"latin\"],\"letter_spacing\":\"\",\"text_transform\":\"none\"}}',1),(10,'top_menu_text_font','headermenus','{\"value\":{\"font_type\":\"none\",\"font_size\":\"13px\",\"font_family\":\"Helvetica, Arial, sans-serif\",\"font_name\":\"ABeeZee\",\"font_weight\":\"normal\",\"font_style\":\"normal\",\"font_subset\":[\"latin\"],\"letter_spacing\":\"\",\"text_transform\":\"none\"}}',1),(10,'secondary_menu_link_font','headermenus','{\"value\":{\"font_type\":\"none\",\"font_size\":\"13px\",\"font_family\":\"Helvetica, Arial, sans-serif\",\"font_name\":\"ABeeZee\",\"font_weight\":\"normal\",\"font_style\":\"normal\",\"font_subset\":[\"latin\"],\"letter_spacing\":\"\",\"text_transform\":\"none\"}}',1),(10,'secondary_menu_text_font','headermenus','{\"value\":{\"font_type\":\"none\",\"font_size\":\"13px\",\"font_family\":\"Helvetica, Arial, sans-serif\",\"font_name\":\"ABeeZee\",\"font_weight\":\"normal\",\"font_style\":\"normal\",\"font_subset\":[\"latin\"],\"letter_spacing\":\"\",\"text_transform\":\"none\"}}',1),(10,'main_menu_font','headermenus','{\"value\":{\"font_type\":\"none\",\"font_size\":\"13px\",\"font_family\":\"Helvetica, Arial, sans-serif\",\"font_name\":\"ABeeZee\",\"font_weight\":\"normal\",\"font_style\":\"normal\",\"font_subset\":[\"latin\"],\"letter_spacing\":\"\",\"text_transform\":\"none\"}}',1),(10,'main_menu_border','headermenus','{\"value\":{\"border_rounded\":\"px\"}}',1),(10,'menu_line_height','headermenus','{\"value\":\"\"}',1),(10,'mega_menu_border','headermenus','{\"value\":{\"border_rounded\":\"px\"}}',1),(10,'mega_menu_padding','headermenus','{\"value\":\"\"}',1),(10,'menu_categories_item_margin','headermenus','{\"value\":\"\"}',1),(10,'mobile_menu_text','headermenus','{\"value\":{\"1\":\"\"}}',1),(10,'mobile_text_font','headermenus','{\"value\":{\"font_type\":\"none\",\"font_size\":\"13px\",\"font_family\":\"Helvetica, Arial, sans-serif\",\"font_name\":\"ABeeZee\",\"font_weight\":\"normal\",\"font_style\":\"normal\",\"font_subset\":[\"latin\"],\"letter_spacing\":\"\",\"text_transform\":\"none\"}}',1),(10,'dropdown_font','headermenus','{\"value\":{\"font_type\":\"none\",\"font_size\":\"13px\",\"font_family\":\"Helvetica, Arial, sans-serif\",\"font_name\":\"ABeeZee\",\"font_weight\":\"normal\",\"font_style\":\"normal\",\"font_subset\":[\"latin\"],\"letter_spacing\":\"\",\"text_transform\":\"none\"}}',1),(10,'menu_categories_border','headermenus','{\"value\":{\"border_rounded\":\"px\"}}',1),(10,'menu_categories_padding','headermenus','{\"value\":\"\"}',1),(10,'menu_categories_link_font','headermenus','{\"value\":{\"font_type\":\"none\",\"font_size\":\"13px\",\"font_family\":\"Helvetica, Arial, sans-serif\",\"font_name\":\"ABeeZee\",\"font_weight\":\"normal\",\"font_style\":\"normal\",\"font_subset\":[\"latin\"],\"letter_spacing\":\"\",\"text_transform\":\"none\"}}',1),(10,'menu_categories_link_padding','headermenus','{\"value\":\"\"}',1),(10,'menu_categories_link_bottom_margin','headermenus','{\"value\":\"\"}',1),(10,'menu_categories_image_border','headermenus','{\"value\":{\"border_rounded\":\"px\"}}',1),(10,'view_more_text','headermenus','{\"value\":{\"1\":\"\"}}',1),(10,'view_more_font','headermenus','{\"value\":{\"font_type\":\"none\",\"font_size\":\"13px\",\"font_family\":\"Helvetica, Arial, sans-serif\",\"font_name\":\"ABeeZee\",\"font_weight\":\"normal\",\"font_style\":\"normal\",\"font_subset\":[\"latin\"],\"letter_spacing\":\"\",\"text_transform\":\"none\"}}',1),(10,'menu_categories_title_font','headermenus','{\"value\":{\"font_type\":\"none\",\"font_size\":\"13px\",\"font_family\":\"Helvetica, Arial, sans-serif\",\"font_name\":\"ABeeZee\",\"font_weight\":\"normal\",\"font_style\":\"normal\",\"font_subset\":[\"latin\"],\"letter_spacing\":\"\",\"text_transform\":\"none\"}}',1),(10,'menu_categories_title_border','headermenus','{\"value\":{\"border_rounded\":\"px\"}}',1),(10,'menu_categories_title_padding_top','headermenus','{\"value\":\"\"}',1),(10,'menu_categories_title_padding_right','headermenus','{\"value\":\"\"}',1),(10,'menu_categories_title_padding_bottom','headermenus','{\"value\":\"\"}',1),(10,'menu_categories_title_padding_left','headermenus','{\"value\":\"\"}',1),(10,'menu_product_grid_item_padding','headermenus','{\"value\":\"\"}',1),(10,'menu_product_grid_item_border','headermenus','{\"value\":{\"border_rounded\":\"px\"}}',1),(10,'menu_product_grid_name_font','headermenus','{\"value\":{\"font_type\":\"none\",\"font_size\":\"13px\",\"font_family\":\"Helvetica, Arial, sans-serif\",\"font_name\":\"ABeeZee\",\"font_weight\":\"normal\",\"font_style\":\"normal\",\"font_subset\":[\"latin\"],\"letter_spacing\":\"\",\"text_transform\":\"none\"}}',1),(10,'menu_product_grid_price_font','headermenus','{\"value\":{\"font_type\":\"none\",\"font_size\":\"13px\",\"font_family\":\"Helvetica, Arial, sans-serif\",\"font_name\":\"ABeeZee\",\"font_weight\":\"normal\",\"font_style\":\"normal\",\"font_subset\":[\"latin\"],\"letter_spacing\":\"\",\"text_transform\":\"none\"}}',1),(10,'menu_product_grid_price_border','headermenus','{\"value\":{\"border_rounded\":\"px\"}}',1),(10,'menu_product_grid_button_font','headermenus','{\"value\":{\"font_type\":\"none\",\"font_size\":\"13px\",\"font_family\":\"Helvetica, Arial, sans-serif\",\"font_name\":\"ABeeZee\",\"font_weight\":\"normal\",\"font_style\":\"normal\",\"font_subset\":[\"latin\"],\"letter_spacing\":\"\",\"text_transform\":\"none\"}}',1),(10,'menu_product_grid_button_border','headermenus','{\"value\":{\"border_rounded\":\"px\"}}',1),(10,'menu_brands_border','headermenus','{\"value\":{\"border_rounded\":\"px\"}}',1),(10,'menu_brands_padding','headermenus','{\"value\":\"\"}',1),(10,'menu_brands_image_border','headermenus','{\"value\":{\"border_rounded\":\"px\"}}',1),(10,'menu_brands_title_font','headermenus','{\"value\":{\"font_type\":\"none\",\"font_size\":\"13px\",\"font_family\":\"Helvetica, Arial, sans-serif\",\"font_name\":\"ABeeZee\",\"font_weight\":\"normal\",\"font_style\":\"normal\",\"font_subset\":[\"latin\"],\"letter_spacing\":\"\",\"text_transform\":\"none\"}}',1),(10,'menu_brands_title_border','headermenus','{\"value\":{\"border_rounded\":\"px\"}}',1),(10,'menu_brands_title_padding_top','headermenus','{\"value\":\"\"}',1),(10,'menu_brands_title_padding_right','headermenus','{\"value\":\"\"}',1),(10,'menu_brands_title_padding_bottom','headermenus','{\"value\":\"\"}',1),(10,'menu_brands_title_padding_left','headermenus','{\"value\":\"\"}',1),(10,'menu_html_font','headermenus','{\"value\":{\"font_type\":\"none\",\"font_size\":\"13px\",\"font_family\":\"Helvetica, Arial, sans-serif\",\"font_name\":\"ABeeZee\",\"font_weight\":\"normal\",\"font_style\":\"normal\",\"font_subset\":[\"latin\"],\"letter_spacing\":\"\",\"text_transform\":\"none\"}}',1),(10,'menu_html_border','headermenus','{\"value\":{\"border_rounded\":\"px\"}}',1),(10,'menu_html_padding_top','headermenus','{\"value\":\"\"}',1),(10,'menu_html_padding_right','headermenus','{\"value\":\"\"}',1),(10,'menu_html_padding_bottom','headermenus','{\"value\":\"\"}',1),(10,'menu_html_padding_left','headermenus','{\"value\":\"\"}',1),(10,'menu_html_title_font','headermenus','{\"value\":{\"font_type\":\"none\",\"font_size\":\"13px\",\"font_family\":\"Helvetica, Arial, sans-serif\",\"font_name\":\"ABeeZee\",\"font_weight\":\"normal\",\"font_style\":\"normal\",\"font_subset\":[\"latin\"],\"letter_spacing\":\"\",\"text_transform\":\"none\"}}',1),(10,'menu_html_title_border','headermenus','{\"value\":{\"border_rounded\":\"px\"}}',1),(10,'menu_html_title_padding_top','headermenus','{\"value\":\"\"}',1),(10,'menu_html_title_padding_right','headermenus','{\"value\":\"\"}',1),(10,'menu_html_title_padding_bottom','headermenus','{\"value\":\"\"}',1),(10,'menu_html_title_padding_left','headermenus','{\"value\":\"\"}',1),(10,'mixed_cms_heading_font','headermenus','{\"value\":{\"font_type\":\"none\",\"font_size\":\"13px\",\"font_family\":\"Helvetica, Arial, sans-serif\",\"font_name\":\"ABeeZee\",\"font_weight\":\"normal\",\"font_style\":\"normal\",\"font_subset\":[\"latin\"],\"letter_spacing\":\"\",\"text_transform\":\"none\"}}',1),(10,'mixed_cms_font','headermenus','{\"value\":{\"font_type\":\"none\",\"font_size\":\"13px\",\"font_family\":\"Helvetica, Arial, sans-serif\",\"font_name\":\"ABeeZee\",\"font_weight\":\"normal\",\"font_style\":\"normal\",\"font_subset\":[\"latin\"],\"letter_spacing\":\"\",\"text_transform\":\"none\"}}',1),(10,'mixed_cms_block_line_height','headermenus','{\"value\":\"\"}',1),(10,'mixed_cms_heading_padding','headermenus','{\"value\":\"\"}',1),(10,'mixed_cms_padding_top','headermenus','{\"value\":\"\"}',1),(10,'mixed_cms_padding_right','headermenus','{\"value\":\"\"}',1),(10,'mixed_cms_padding_bottom','headermenus','{\"value\":\"\"}',1),(10,'mixed_cms_padding_left','headermenus','{\"value\":\"\"}',1),(10,'mixed_cms_title_font','headermenus','{\"value\":{\"font_type\":\"none\",\"font_size\":\"13px\",\"font_family\":\"Helvetica, Arial, sans-serif\",\"font_name\":\"ABeeZee\",\"font_weight\":\"normal\",\"font_style\":\"normal\",\"font_subset\":[\"latin\"],\"letter_spacing\":\"\",\"text_transform\":\"none\"}}',1),(10,'mixed_cms_title_border','headermenus','{\"value\":{\"border_rounded\":\"px\"}}',1),(10,'mixed_cms_margin_bottom','headermenus','{\"value\":\"\"}',1),(10,'mixed_cms_title_padding_top','headermenus','{\"value\":\"\"}',1),(10,'mixed_cms_title_padding_right','headermenus','{\"value\":\"\"}',1),(10,'mixed_cms_title_padding_bottom','headermenus','{\"value\":\"\"}',1),(10,'mixed_cms_title_padding_left','headermenus','{\"value\":\"\"}',1),(10,'mobile_menu_icon','headermenus','{\"value\":{\"options\":{\"font_size\":\"16px\"}}}',1),(10,'dropdown_link_icon','headermenus','{\"value\":{\"options\":{\"font_size\":\"16px\"}}}',1),(10,'dropdown_icon','headermenus','{\"value\":{\"options\":{\"font_size\":\"16px\"}}}',1),(10,'menu_categories_link_icon','headermenus','{\"value\":{\"options\":{\"font_size\":\"16px\"}}}',1),(3,'menu_product_grid_button_border_hover','headermenus','{\"value\":{\"color\":\"rgb(51, 55, 69)\"}}',1),(3,'menu_product_grid_button_bg_hover','headermenus','{\"value\":{\"color\":\"\"}}',1),(3,'mega_menu_shadow','headermenus','0 2px 8px -2px rgba(0, 0, 0, 0.4)',0),(3,'dropdown_shadow','headermenus','0 1px 8px -3px rgba(0, 0, 0, 0.5)',0),(3,'menu_html_padding_top','headermenus','{\"value\":{\"text\":\"7\"}}',1),(3,'view_more_font','headermenus','{\"value\":{\"font_type\":\"system\",\"font_size\":\"11px\",\"font_family\":\"Helvetica, Arial, sans-serif\",\"font_name\":\"\",\"font_weight\":\"bold\",\"font_style\":\"normal\",\"letter_spacing\":\"\",\"text_transform\":\"none\"}}',1),(3,'mixed_cms_margin_bottom','headermenus','{\"value\":{\"text\":\"10\"}}',1),(3,'mixed_cms_title_font','headermenus','{\"value\":{\"font_type\":\"google\",\"font_size\":\"15px\",\"font_family\":\"Helvetica, Arial, sans-serif\",\"font_name\":\"Montserrat\",\"font_weight\":\"regular\",\"font_style\":\"normal\",\"letter_spacing\":\"\",\"text_transform\":\"none\",\"font_subset\":[\"latin\"],\"color\":{\"value\":{\"color\":\"rgb(255, 255, 255)\"}}}}',1),(3,'mixed_cms_title_border','headermenus','{\"value\":{\"border_rounded\":\"px\",\"border_type\":\"solid\",\"border_radius_unit\":\"px\",\"border\":{\"value\":\"\"},\"border_top\":{\"value\":\"\"},\"border_right\":{\"value\":\"\"},\"border_bottom\":{\"value\":{\"text\":\"1\"}},\"border_left\":{\"value\":\"\"},\"border_radius\":{\"value\":\"\"},\"border_radius_top\":{\"value\":\"\"},\"border_radius_right\":{\"value\":\"\"},\"border_radius_left\":{\"value\":\"\"},\"border_radius_bottom\":{\"value\":\"\"},\"border_color\":{\"value\":{\"color\":\"rgb(95, 104, 116)\"}}}}',1),(3,'view_more_text','headermenus','{\"value\":{\"1\":\"View More...\"}}',1),(3,'mixed_cms_title_padding_bottom','headermenus','{\"value\":{\"text\":\"5\"}}',1),(3,'menu_product_grid_item_border','headermenus','{\"value\":{\"border_rounded\":\"px\"}}',1),(3,'menu_product_grid_item_bg','headermenus','{\"value\":{\"color\":\"rgb(51, 55, 69)\"}}',1),(3,'menu_product_grid_details_bg_hover','headermenus','{\"value\":{\"color\":\"\"}}',1),(3,'mobile_menu_on','headermenus','tablet',0),(2,'cart_content_bg','header','{\"value\":{\"color\":\"rgb(250, 250, 250)\"}}',1),(2,'cart_content_delete_icon_color','header','{\"value\":{\"color\":\"rgb(191, 195, 182)\"}}',1),(2,'cart_heading_bg','header','{\"value\":{\"color\":\"rgb(42, 43, 46)\"}}',1),(2,'cart_heading_icon_bg','header','{\"value\":{\"color\":\"\"}}',1),(2,'top_menu_radius','headermenus','{\"value\":{\"text\":\"\"}}',1),(2,'mobile_menu_item_bg_phone','headermenus','{\"value\":{\"color\":\"rgb(68, 67, 73)\"}}',1),(2,'main_menu_mobile_bg_image','headermenus','{\"value\":{\"bgimage_attach\":\"scroll\",\"use_gradient\":0,\"bgimage_size\":\"auto\",\"bgimage_position\":\"center top\"}}',1),(2,'mega_menu_bg_image','headermenus','{\"value\":{\"bgimage_attach\":\"scroll\",\"use_gradient\":0,\"bgimage_size\":\"auto\",\"bgimage_position\":\"center top\"}}',1),(2,'mobile_trigger_icon_color_cart_same_line','headermenus','{\"value\":{\"color\":\"rgb(80, 80, 80)\"}}',1),(2,'hide_menus_on_phone','headermenus','off',0),(2,'mobile_menu_show_category_images','headermenus','off',0),(2,'main_menu_bg_full_image','headermenus','{\"value\":{\"bgimage_attach\":\"scroll\",\"use_gradient\":0,\"bgimage_size\":\"contain\",\"bgimage_position\":\"center top\",\"bgimage\":{\"value\":{\"image\":\"\"}}}}',1),(2,'mega_menu_shadow_custom','headermenus','{\"value\":{\"inner_shadow\":\"0\",\"x_offset\":{\"value\":\"\"},\"y_offset\":{\"value\":\"\"},\"blur\":{\"value\":\"\"},\"spread\":{\"value\":\"\"},\"color\":{\"value\":{\"color\":\"\"}}}}',1),(2,'menu_bar_shadow','headermenus','{\"value\":{\"inner_shadow\":\"0\",\"x_offset\":{\"value\":{\"text\":\"\"}},\"y_offset\":{\"value\":\"\"},\"blur\":{\"value\":\"\"},\"spread\":{\"value\":\"\"}}}',1),(2,'menu_product_grid_item_border','headermenus','{\"value\":{\"border_rounded\":\"px\",\"border_type\":\"solid\",\"border_radius_unit\":\"px\",\"border\":{\"value\":{\"text\":\"0\"}},\"border_top\":{\"value\":\"\"},\"border_right\":{\"value\":\"\"},\"border_bottom\":{\"value\":\"\"},\"border_left\":{\"value\":\"\"},\"border_radius\":{\"value\":\"\"},\"border_radius_top\":{\"value\":\"\"},\"border_radius_right\":{\"value\":\"\"},\"border_radius_left\":{\"value\":\"\"},\"border_radius_bottom\":{\"value\":\"\"}}}',1),(2,'mobile_trigger_text_color_cart_same_line','headermenus','{\"value\":{\"color\":\"rgb(80, 80, 80)\"}}',1),(2,'main_menu_bg_image','headermenus','{\"value\":{\"bgimage_attach\":\"scroll\",\"use_gradient\":0,\"bgimage_size\":\"contain\",\"bgimage_position\":\"left top\"}}',1),(2,'mobile_menu_item_color_phone','headermenus','{\"value\":{\"color\":\"rgb(228, 228, 228)\"}}',1),(2,'main_menu_mobile_border_color','headermenus','{\"value\":{\"color\":\"rgb(80, 80, 80)\"}}',1),(2,'mobile_menu_cart_display','headermenus','on',0),(2,'mixed_cms_font','headermenus','{\"value\":{\"font_type\":\"none\",\"font_size\":\"12px\",\"font_size_mobile\":\"---\",\"font_family\":\"Helvetica, Arial, sans-serif\",\"font_name\":\"ABeeZee\",\"font_weight\":\"\",\"font_style\":\"\",\"font_subset\":[\"latin\"],\"letter_spacing\":\"\",\"text_transform\":\"\",\"v\":\"2\"}}',1),(2,'mobile_menu_on','headermenus','tablet',0),(2,'main_menu_mobile_border_type','headermenus','solid',0),(2,'view_more_text','headermenus','{\"value\":{\"1\":\"View More...\"}}',1),(2,'mixed_cms_padding_right','headermenus','{\"value\":{\"text\":\"\"}}',1),(2,'mixed_cms_title_bg','headermenus','{\"value\":{\"color\":\"\"}}',1),(2,'view_more_font','headermenus','{\"value\":{\"font_type\":\"google\",\"font_size\":\"11px\",\"font_family\":\"Helvetica, Arial, sans-serif\",\"font_name\":\"Baloo Chettan\",\"font_weight\":\"regular\",\"font_style\":\"normal\",\"letter_spacing\":\"\",\"text_transform\":\"none\",\"v\":\"2\",\"font_size_mobile\":\"---\",\"font_subset\":[\"malayalam\"]}}',1),(2,'mixed_cms_margin_bottom','headermenus','{\"value\":{\"text\":\"10\"}}',1),(2,'menu_categories_link_bottom_margin','headermenus','{\"value\":{\"1\":\"jnjnjn\"}}',1),(2,'menu_product_grid_item_padding','headermenus','{\"value\":{\"text\":\"\"}}',1),(2,'mixed_cms_title_border','headermenus','{\"value\":{\"border_rounded\":\"px\",\"border_type\":\"dotted\",\"border_radius_unit\":\"px\",\"border\":{\"value\":\"\"},\"border_top\":{\"value\":\"\"},\"border_right\":{\"value\":\"\"},\"border_bottom\":{\"value\":{\"text\":\"1\"}},\"border_left\":{\"value\":\"\"},\"border_radius\":{\"value\":\"\"},\"border_radius_top\":{\"value\":\"\"},\"border_radius_right\":{\"value\":\"\"},\"border_radius_left\":{\"value\":\"\"},\"border_radius_bottom\":{\"value\":\"\"},\"border_color\":{\"value\":{\"color\":\"rgb(119, 119, 119)\"}}}}',1),(2,'view_more_font_hover','headermenus','{\"value\":{\"color\":\"\"}}',1),(2,'menu_product_grid_item_bg','headermenus','{\"value\":{\"color\":\"\"}}',1),(2,'menu_divider_hover','headermenus','{\"value\":{\"color\":\"\"}}',1),(2,'menu_product_grid_price_font','headermenus','{\"value\":{\"font_type\":\"none\",\"font_size\":\"13px\",\"font_family\":\"Helvetica, Arial, sans-serif\",\"font_name\":\"\",\"font_weight\":\"normal\",\"font_style\":\"normal\",\"letter_spacing\":\"\",\"text_transform\":\"none\",\"color\":{\"value\":{\"color\":\"rgb(42, 43, 46)\"}}}}',1),(2,'mixed_cms_title_font','headermenus','{\"value\":{\"font_type\":\"google\",\"font_size\":\"16px\",\"font_family\":\"Helvetica, Arial, sans-serif\",\"font_name\":\"Droid Serif\",\"font_weight\":\"regular\",\"font_style\":\"normal\",\"letter_spacing\":\"\",\"text_transform\":\"none\",\"font_subset\":[\"latin\"],\"color\":{\"value\":{\"color\":\"rgb(255, 255, 255)\"}}}}',1),(2,'menu_product_grid_name_font_hover','headermenus','{\"value\":{\"color\":\"\"}}',1),(2,'mixed_cms_title_padding_bottom','headermenus','{\"value\":{\"text\":\"5\"}}',1),(2,'mixed_cms_heading_padding','headermenus','{\"value\":{\"text\":\"5\"}}',1),(2,'mixed_cms_heading_font','headermenus','{\"value\":{\"font_type\":\"google\",\"font_size\":\"16px\",\"font_family\":\"Helvetica, Arial, sans-serif\",\"font_name\":\"Droid Serif\",\"font_weight\":\"regular\",\"font_style\":\"normal\",\"letter_spacing\":\"\",\"text_transform\":\"none\",\"font_subset\":[\"latin\"],\"color\":{\"value\":{\"color\":\"rgb(255, 255, 255)\"}}}}',1),(2,'menu_product_grid_name_font','headermenus','{\"value\":{\"font_type\":\"none\",\"font_size\":\"13px\",\"font_family\":\"Helvetica, Arial, sans-serif\",\"font_name\":\"\",\"font_weight\":\"normal\",\"font_style\":\"normal\",\"letter_spacing\":\"\",\"text_transform\":\"none\",\"color\":{\"value\":{\"color\":\"\"}}}}',1),(2,'dropdown_shadow','headermenus','0 1px 8px -3px rgba(0, 0, 0, 0.5)',0),(2,'menu_html_padding_top','headermenus','{\"value\":{\"text\":\"8\"}}',1),(2,'menu_html_title_padding_left','headermenus','{\"value\":{\"text\":\"\"}}',1),(2,'menu_html_title_padding_top','headermenus','{\"value\":{\"text\":\"\"}}',1),(2,'menu_categories_link_padding','headermenus','{\"value\":{\"text\":\"8\"}}',1),(2,'menu_html_title_padding_bottom','headermenus','{\"value\":{\"text\":\"\"}}',1),(2,'mega_menu_padding','headermenus','{\"value\":{\"text\":\"20\"}}',1),(2,'menu_categories_item_margin','headermenus','{\"value\":{\"text\":\"20\"}}',1),(2,'main_menu_border','headermenus','{\"value\":{\"border_rounded\":\"px\",\"border_type\":\"solid\",\"border_radius_unit\":\"px\",\"border\":{\"value\":{\"text\":\"\"}},\"border_top\":{\"value\":{\"text\":\"7\"}},\"border_right\":{\"value\":{\"text\":\"30\"}},\"border_bottom\":{\"value\":\"\"},\"border_left\":{\"value\":{\"text\":\"30\"}},\"border_radius\":{\"value\":{\"text\":\"\"}},\"border_radius_top\":{\"value\":{\"text\":\"70\"}},\"border_radius_right\":{\"value\":{\"text\":\"70\"}},\"border_radius_left\":{\"value\":{\"text\":\"\"}},\"border_radius_bottom\":{\"value\":\"\"},\"border_color\":{\"value\":{\"color\":\"rgb(241, 196, 15)\"}}}}',1),(2,'menu_categories_title_padding_bottom','headermenus','{\"value\":{\"text\":\"5\"}}',1),(2,'menu_product_grid_button_border','headermenus','{\"value\":{\"border_rounded\":\"px\"}}',1),(2,'menu_categories_title_padding_left','headermenus','{\"value\":{\"text\":\"\"}}',1),(2,'main_menu_mobile_bg_color','headermenus','{\"value\":{\"color\":\"rgb(228, 228, 228)\"}}',1),(2,'menu_categories_title_padding_right','headermenus','{\"value\":{\"text\":\"\"}}',1),(2,'menu_product_grid_price_border','headermenus','{\"value\":{\"border_rounded\":\"px\",\"border_type\":\"solid\",\"border_radius_unit\":\"px\",\"border\":{\"value\":\"\"},\"border_top\":{\"value\":\"\"},\"border_right\":{\"value\":\"\"},\"border_bottom\":{\"value\":\"\"},\"border_left\":{\"value\":\"\"},\"border_radius\":{\"value\":\"\"},\"border_radius_top\":{\"value\":\"\"},\"border_radius_right\":{\"value\":\"\"},\"border_radius_left\":{\"value\":\"\"},\"border_radius_bottom\":{\"value\":\"\"}}}',1),(2,'menu_categories_title_padding_top','headermenus','{\"value\":{\"text\":\"\"}}',1),(2,'menu_categories_link_font_hover','headermenus','{\"value\":{\"color\":\"rgb(221, 0, 23)\"}}',1),(2,'dropdown_divider','headermenus','{\"value\":{\"color\":\"rgb(89, 89, 89)\"}}',1),(2,'dropdown_icon_hover','headermenus','{\"value\":{\"color\":\"\"}}',1),(2,'secondary_menu_bg_color','headermenus','{\"value\":{\"color\":\"rgb(255, 255, 255)\"}}',1),(2,'dropdown_bg','headermenus','{\"value\":{\"color\":\"rgb(0, 0, 0)\"}}',1),(2,'dropdown_bg_hover','headermenus','{\"value\":{\"color\":\"rgb(221, 0, 23)\"}}',1),(2,'dropdown_font_hover','headermenus','{\"value\":{\"color\":\"\"}}',1),(2,'menu_brands_title_bg','headermenus','{\"value\":{\"color\":\"\"}}',1),(2,'menu_brands_title_font_hover','headermenus','{\"value\":{\"color\":\"\"}}',1),(2,'menu_brands_bg','headermenus','{\"value\":{\"color\":\"\"}}',1),(2,'menu_html_bg','headermenus','{\"value\":{\"color\":\"\"}}',1),(2,'menu_html_title_bg','headermenus','{\"value\":{\"color\":\"\"}}',1),(2,'menu_categories_title_border_hover','headermenus','{\"value\":{\"color\":\"\"}}',1),(2,'menu_categories_title_bg_hover','headermenus','{\"value\":{\"color\":\"\"}}',1),(2,'menu_categories_title_bg','headermenus','{\"value\":{\"color\":\"\"}}',1),(2,'menu_categories_title_font_hover','headermenus','{\"value\":{\"color\":\"rgb(221, 0, 23)\"}}',1),(2,'menu_categories_bg','headermenus','{\"value\":{\"color\":\"\"}}',1),(2,'secondary_menu_link_hover_color','headermenus','{\"value\":{\"color\":\"rgb(221, 0, 23)\"}}',1),(2,'mega_menu_bg','headermenus','{\"value\":{\"color\":\"rgb(255, 255, 255)\"}}',1),(2,'menu_divider','headermenus','{\"value\":{\"color\":\"rgb(255, 255, 255)\"}}',1),(2,'menu_bg_hover','headermenus','{\"value\":{\"color\":\"rgb(221, 0, 23)\"}}',1),(2,'secondary_menu_link_font','headermenus','{\"value\":{\"font_type\":\"system\",\"font_size\":\"12px\",\"font_family\":\"Helvetica, Arial, sans-serif\",\"font_name\":\"\",\"font_weight\":\"bold\",\"font_style\":\"normal\",\"text_transform\":\"none\",\"color\":{\"value\":{\"color\":\"rgb(0, 0, 0)\"}}}}',1),(2,'menu_font_hover','headermenus','{\"value\":{\"color\":\"\"}}',1),(2,'top_menu_bg_color','headermenus','{\"value\":{\"color\":\"rgb(0, 0, 0)\"}}',1),(2,'top_menu_border_color','headermenus','{\"value\":{\"color\":\"rgb(0, 0, 0)\"}}',1),(2,'top_menu_link_hover_color','headermenus','{\"value\":{\"color\":\"rgb(221, 0, 23)\"}}',1),(2,'main_menu_bg_color','headermenus','{\"value\":{\"color\":\"rgb(0, 0, 0)\"}}',1),(2,'main_menu_bg_full_color','headermenus','{\"value\":{\"color\":\"rgb(221, 0, 23)\"}}',1),(2,'top_menu_link_hover_bg_color','headermenus','{\"value\":{\"color\":\"rgb(0, 0, 0)\"}}',1),(2,'mobile_plus_color','headermenus','{\"value\":{\"color\":\"rgb(255, 255, 255)\"}}',1),(2,'mobile_plus_bg','headermenus','{\"value\":{\"color\":\"rgb(68, 67, 73)\"}}',1),(2,'mobile_text_font','headermenus','{\"value\":{\"font_type\":\"google\",\"font_size\":\"16px\",\"font_family\":\"Helvetica, Arial, sans-serif\",\"font_name\":\"Droid Serif\",\"font_weight\":\"regular\",\"font_style\":\"normal\",\"text_transform\":\"uppercase\",\"color\":{\"value\":{\"color\":\"rgb(68, 67, 73)\"}},\"font_subset\":[\"latin\"]}}',1),(2,'menu_categories_link_icon','headermenus','{\"value\":{\"options\":{\"font_size\":\"10px\",\"color\":{\"value\":{\"color\":\"rgb(0, 0, 0)\"}}},\"icon_type\":\"icon\",\"icon\":{\"icon\":\"&#xe62c;\",\"class\":\"angle-right\"}}}',1),(2,'mobile_menu_text','headermenus','{\"value\":{\"1\":\"MENU\",\"2\":\"\"}}',1),(2,'mobile_menu_icon','headermenus','{\"value\":{\"options\":{\"font_size\":\"20px\",\"top\":\"-1\",\"color\":{\"value\":{\"color\":\"rgb(68, 67, 73)\"}}},\"icon_type\":\"icon\",\"icon\":{\"icon\":\"&#xe618;\",\"class\":\"reorder\"}}}',1),(2,'menu_categories_title_border','headermenus','{\"value\":{\"border_rounded\":\"px\",\"border_type\":\"dotted\",\"border_radius_unit\":\"px\",\"border\":{\"value\":\"\"},\"border_top\":{\"value\":\"\"},\"border_right\":{\"value\":\"\"},\"border_bottom\":{\"value\":{\"text\":\"1\"}},\"border_left\":{\"value\":\"\"},\"border_radius\":{\"value\":\"\"},\"border_radius_top\":{\"value\":\"\"},\"border_radius_right\":{\"value\":\"\"},\"border_radius_left\":{\"value\":\"\"},\"border_radius_bottom\":{\"value\":\"\"},\"border_color\":{\"value\":{\"color\":\"rgb(119, 119, 119)\"}}}}',1),(2,'dropdown_icon','headermenus','{\"value\":{\"options\":{\"font_size\":\"14px\",\"color\":{\"value\":{\"color\":\"rgb(255, 255, 255)\"}},\"top\":\"-3\"},\"icon_type\":\"icon\",\"icon\":{\"icon\":\"&#xe62c;\",\"class\":\"angle-right\"}}}',1),(2,'dropdown_link_icon','headermenus','{\"value\":{\"options\":{\"font_size\":\"10px\"},\"icon_type\":\"none\",\"icon\":{\"icon\":\"&#xe60e;\",\"class\":\"chevron-right\"}}}',1),(2,'mega_menu_border','headermenus','{\"value\":{\"border_rounded\":\"px\",\"border_type\":\"solid\",\"border_radius_unit\":\"px\",\"border\":{\"value\":{\"text\":\"1\"}},\"border_top\":{\"value\":\"\"},\"border_right\":{\"value\":{\"text\":\"\"}},\"border_bottom\":{\"value\":{\"text\":\"\"}},\"border_left\":{\"value\":{\"text\":\"\"}},\"border_radius\":{\"value\":{\"text\":\"30\"}},\"border_radius_top\":{\"value\":\"\"},\"border_radius_right\":{\"value\":\"\"},\"border_radius_left\":{\"value\":{\"text\":\"\"}},\"border_radius_bottom\":{\"value\":{\"text\":\"\"}},\"border_color\":{\"value\":{\"color\":\"rgb(164, 23, 51)\"}}}}',1),(2,'menu_html_border','headermenus','{\"value\":{\"border_rounded\":\"px\",\"border_type\":\"solid\",\"border_radius_unit\":\"px\",\"border\":{\"value\":\"\"},\"border_top\":{\"value\":\"\"},\"border_right\":{\"value\":\"\"},\"border_bottom\":{\"value\":\"\"},\"border_left\":{\"value\":\"\"},\"border_radius\":{\"value\":{\"text\":\"\"}},\"border_radius_top\":{\"value\":\"\"},\"border_radius_right\":{\"value\":{\"text\":\"\"}},\"border_radius_left\":{\"value\":{\"text\":\"\"}},\"border_radius_bottom\":{\"value\":{\"text\":\"\"}}}}',1),(2,'menu_html_title_border','headermenus','{\"value\":{\"border_rounded\":\"px\",\"border_type\":\"solid\",\"border_radius_unit\":\"px\",\"border\":{\"value\":\"\"},\"border_top\":{\"value\":\"\"},\"border_right\":{\"value\":\"\"},\"border_bottom\":{\"value\":\"\"},\"border_left\":{\"value\":\"\"},\"border_radius\":{\"value\":\"\"},\"border_radius_top\":{\"value\":{\"text\":\"\"}},\"border_radius_right\":{\"value\":{\"text\":\"\"}},\"border_radius_left\":{\"value\":\"\"},\"border_radius_bottom\":{\"value\":\"\"}}}',1),(2,'menu_brands_title_border','headermenus','{\"value\":{\"border_rounded\":\"px\"}}',1),(2,'menu_brands_image_border','headermenus','{\"value\":{\"border_rounded\":\"px\",\"border_type\":\"solid\",\"border_radius_unit\":\"%\",\"border\":{\"value\":\"\"},\"border_top\":{\"value\":\"\"},\"border_right\":{\"value\":\"\"},\"border_bottom\":{\"value\":\"\"},\"border_left\":{\"value\":\"\"},\"border_radius\":{\"value\":{\"text\":\"2\"}},\"border_radius_top\":{\"value\":\"\"},\"border_radius_right\":{\"value\":\"\"},\"border_radius_left\":{\"value\":\"\"},\"border_radius_bottom\":{\"value\":\"\"}}}',1),(2,'cart_icon_divider','header','{\"value\":{\"color\":\"rgba(244, 244, 244, 0)\"}}',1),(2,'menu_brands_border','headermenus','{\"value\":{\"border_rounded\":\"px\",\"border_type\":\"solid\",\"border_radius_unit\":\"px\",\"border\":{\"value\":\"\"},\"border_top\":{\"value\":\"\"},\"border_right\":{\"value\":\"\"},\"border_bottom\":{\"value\":\"\"},\"border_left\":{\"value\":\"\"},\"border_radius\":{\"value\":{\"text\":\"2\"}},\"border_radius_top\":{\"value\":\"\"},\"border_radius_right\":{\"value\":\"\"},\"border_radius_left\":{\"value\":\"\"},\"border_radius_bottom\":{\"value\":\"\"}}}',1),(2,'top_menu_link_font','headermenus','{\"value\":{\"font_type\":\"google\",\"font_size\":\"20px\",\"font_family\":\"Verdana, Geneva, sans-serif\",\"font_name\":\"Ravi Prakash\",\"font_weight\":\"regular\",\"font_style\":\"normal\",\"text_transform\":\"none\",\"color\":{\"value\":{\"color\":\"rgb(221, 0, 23)\"}},\"font_subset\":[\"telugu\"],\"v\":\"2\",\"font_size_mobile\":\"---\"}}',1),(2,'menu_categories_image_border','headermenus','{\"value\":{\"border_rounded\":\"px\",\"border_type\":\"solid\",\"border_radius_unit\":\"px\",\"border\":{\"value\":{\"text\":\"\"}},\"border_top\":{\"value\":\"\"},\"border_right\":{\"value\":\"\"},\"border_bottom\":{\"value\":\"\"},\"border_left\":{\"value\":\"\"},\"border_radius\":{\"value\":{\"text\":\"\"}},\"border_radius_top\":{\"value\":\"\"},\"border_radius_right\":{\"value\":\"\"},\"border_radius_left\":{\"value\":\"\"},\"border_radius_bottom\":{\"value\":\"\"},\"border_color\":{\"value\":{\"color\":\"\"}}}}',1),(2,'menu_divider_type','headermenus','solid',0),(2,'dropdown_divider_type','headermenus','solid',0),(2,'menu_categories_title_align','headermenus','left',0),(2,'menu_brands_title_align','headermenus','left',0),(2,'menu_html_title_align','headermenus','left',0),(2,'menu_categories_padding','headermenus','{\"value\":{\"text\":\"\"}}',1),(2,'menu_brands_padding','headermenus','{\"value\":{\"text\":\"\"}}',1),(2,'menu_line_height','headermenus','{\"value\":{\"text\":\"30\"}}',1),(2,'menu_categories_border','headermenus','{\"value\":{\"border_rounded\":\"px\",\"border_type\":\"dashed\",\"border_radius_unit\":\"px\",\"border\":{\"value\":\"\"},\"border_top\":{\"value\":\"\"},\"border_right\":{\"value\":\"\"},\"border_bottom\":{\"value\":\"\"},\"border_left\":{\"value\":\"\"},\"border_radius\":{\"value\":{\"text\":\"30\"}},\"border_radius_top\":{\"value\":\"\"},\"border_radius_right\":{\"value\":\"\"},\"border_radius_left\":{\"value\":\"\"},\"border_radius_bottom\":{\"value\":\"\"},\"border_color\":{\"value\":{\"color\":\"rgb(0, 0, 0)\"}}}}',1),(2,'refine_image_width','category','{\"value\":{\"text\":\"1300\"}}',1),(2,'refine_text_status','category','none',0),(2,'refine_image_height','category','{\"value\":{\"text\":\"800\"}}',1),(2,'infinite_button_font','category','{\"value\":{\"font_type\":\"none\",\"font_size\":\"---\",\"font_size_mobile\":\"---\",\"font_family\":\"Helvetica, Arial, sans-serif\",\"font_name\":\"ABeeZee\",\"font_weight\":\"\",\"font_style\":\"\",\"font_subset\":[\"latin\"],\"letter_spacing\":\"\",\"text_transform\":\"\",\"v\":\"2\"}}',1),(2,'category_page_title_font','category','{\"value\":{\"font_type\":\"google\",\"font_size\":\"---\",\"font_size_mobile\":\"---\",\"font_family\":\"Helvetica, Arial, sans-serif\",\"font_name\":\"Baloo Chettan\",\"font_weight\":\"regular\",\"font_style\":\"\",\"font_subset\":[\"malayalam\"],\"letter_spacing\":\"\",\"text_transform\":\"\",\"v\":\"2\"}}',1),(2,'pagination_link_hover_color','category','{\"value\":{\"color\":\"rgb(255, 255, 255)\"}}',1),(2,'category_grid_view_icon','category','{\"value\":{\"options\":{\"font_size\":\"32px\",\"color\":{\"value\":{\"color\":\"rgb(255, 255, 255)\"}},\"top\":\"1\"},\"icon_type\":\"icon\",\"icon\":{\"icon\":\"&#xe689;\",\"class\":\"grid\"}}}',1),(2,'category_list_view_icon','category','{\"value\":{\"options\":{\"font_size\":\"32px\",\"color\":{\"value\":{\"color\":\"rgb(255, 255, 255)\"}},\"top\":\"1\"},\"icon_type\":\"icon\",\"icon\":{\"icon\":\"&#xe68c;\",\"class\":\"list3\"}}}',1),(2,'category_page_products_per_row','category','{\"value\":{\"mobile\":{\"value\":\"3\",\"range\":\"1,10\",\"step\":\"1\"},\"mobile1\":{\"value\":\"3\",\"range\":\"1,10\",\"step\":\"1\"},\"tablet\":{\"value\":\"3\",\"range\":\"1,10\",\"step\":\"1\"},\"tablet1\":{\"value\":\"3\",\"range\":\"1,10\",\"step\":\"1\"},\"tablet2\":{\"value\":\"2\",\"range\":\"1,10\",\"step\":\"1\"},\"desktop\":{\"value\":\"3\",\"range\":\"1,10\",\"step\":\"1\"},\"desktop1\":{\"value\":\"3\",\"range\":\"1,10\",\"step\":\"1\"},\"desktop2\":{\"value\":\"2\",\"range\":\"1,10\",\"step\":\"1\"},\"large_desktop\":{\"value\":\"4\",\"range\":\"1,10\",\"step\":\"1\"},\"large_desktop1\":{\"value\":\"4\",\"range\":\"1,10\",\"step\":\"1\"},\"large_desktop2\":{\"value\":\"7\",\"range\":\"1,10\",\"step\":\"1\"}},\"step\":\"1\",\"range\":\"1,10\"}',1),(2,'infinite_scroll','category','1',0),(2,'category_description_h2','category','{\"value\":{\"font_type\":\"none\",\"font_size\":\"---\",\"font_size_mobile\":\"---\",\"font_family\":\"Helvetica, Arial, sans-serif\",\"font_name\":\"ABeeZee\",\"font_weight\":\"\",\"font_style\":\"\",\"font_subset\":[\"latin\"],\"letter_spacing\":\"\",\"text_transform\":\"\",\"v\":\"2\"}}',1),(2,'refine_image_padding','category','{\"value\":{\"text\":\"\"}}',1),(2,'main_category_image_border','category','{\"value\":{\"border_rounded\":\"px\"}}',1),(2,'category_page_title_overflow','category','off',0),(2,'category_page_title_align','category','center',0),(2,'category_view_icon_hover','category','{\"value\":{\"color\":\"rgb(221, 0, 23)\"}}',1),(2,'infinite_scroll_loading_text','category','{\"value\":[null,\"Loading...\"]}',1),(2,'infinite_msg_font','category','{\"value\":{\"font_type\":\"none\",\"font_size\":\"---\",\"font_size_mobile\":\"---\",\"font_family\":\"Helvetica, Arial, sans-serif\",\"font_name\":\"ABeeZee\",\"font_weight\":\"\",\"font_style\":\"\",\"font_subset\":[\"latin\"],\"letter_spacing\":\"\",\"text_transform\":\"\",\"v\":\"2\",\"color\":{\"value\":{\"color\":\"\"}}}}',1),(2,'infinite_msg_border','category','{\"value\":{\"border_rounded\":\"px\",\"border\":{\"value\":\"\"},\"border_top\":{\"value\":\"\"},\"border_right\":{\"value\":\"\"},\"border_bottom\":{\"value\":\"\"},\"border_left\":{\"value\":\"\"},\"border_radius\":{\"value\":{\"text\":\"3\"}},\"border_radius_top\":{\"value\":\"\"},\"border_radius_right\":{\"value\":\"\"},\"border_radius_left\":{\"value\":\"\"},\"border_radius_bottom\":{\"value\":\"\"}}}',1),(2,'infinite_scroll_no_more_items_text','category','{\"value\":[null,\"You\'ve reached the end.\"]}',1),(2,'infinite_scroll_load_more_items_offset','category','{\"value\":{\"text\":\"3\"}}',1),(2,'product_compare_icon','category','{\"value\":{\"options\":{\"font_size\":\"16px\"}}}',1),(2,'refine_text','category','{\"value\":[]}',1),(2,'category_description_bg','category','{\"value\":{\"bgimage_attach\":\"fixed\",\"use_gradient\":0,\"bgimage_size\":\"auto\",\"bgimage_position\":\"center top\"}}',1),(2,'infinite_scroll_load_more_items_text','category','{\"value\":[null,\"Load More Products\"]}',1),(2,'refine_carousel_touchdrag','category','1',0),(2,'category_page_title_border','category','{\"value\":{\"border_rounded\":\"px\",\"border\":{\"value\":\"\"},\"border_top\":{\"value\":\"\"},\"border_right\":{\"value\":\"\"},\"border_bottom\":{\"value\":\"\"},\"border_left\":{\"value\":\"\"},\"border_radius\":{\"value\":\"\"},\"border_radius_top\":{\"value\":\"\"},\"border_radius_right\":{\"value\":\"\"},\"border_radius_left\":{\"value\":\"\"},\"border_radius_bottom\":{\"value\":\"\"}}}',1),(2,'infinite_button_border','category','{\"value\":{\"border_rounded\":\"px\",\"border\":{\"value\":\"\"},\"border_top\":{\"value\":\"\"},\"border_right\":{\"value\":\"\"},\"border_bottom\":{\"value\":\"\"},\"border_left\":{\"value\":\"\"},\"border_radius\":{\"value\":\"\"},\"border_radius_top\":{\"value\":\"\"},\"border_radius_right\":{\"value\":\"\"},\"border_radius_left\":{\"value\":\"\"},\"border_radius_bottom\":{\"value\":\"\"}}}',1),(2,'pagination_link_font_new','category','{\"value\":{\"font_type\":\"google\",\"font_size\":\"20px\",\"font_family\":\"Verdana, Geneva, sans-serif\",\"font_name\":\"Baloo Chettan\",\"font_weight\":\"regular\",\"font_style\":\"italic\",\"text_transform\":\"uppercase\",\"color\":{\"value\":{\"color\":\"rgb(0, 0, 0)\"}},\"letter_spacing\":\"\",\"v\":\"2\",\"font_size_mobile\":\"---\",\"font_subset\":[\"malayalam\"]}}',1),(2,'refine_carousel_pause_on_hover','category','1',0),(2,'refine_image_type','category','fit',0),(2,'refine_carousel_autoplay','category','1',0),(2,'refine_bar_bg','category','{\"value\":{\"color\":\"rgb(51, 55, 69)\"}}',1),(2,'pagination_bar_bg','category','{\"value\":{\"color\":\"rgb(255, 255, 255)\"}}',1),(2,'pagination_soft_shadow','category','1px 1px 0px rgba(0,0,0,.04)',0),(2,'pagination_text_font','category','{\"value\":{\"font_type\":\"google\",\"font_size\":\"13px\",\"font_family\":\"Helvetica, Arial, sans-serif\",\"font_name\":\"Baloo Chettan\",\"font_weight\":\"regular\",\"font_style\":\"\",\"text_transform\":\"\",\"color\":{\"value\":{\"color\":\"rgb(255, 255, 255)\"}},\"font_subset\":[\"malayalam\"],\"v\":\"2\",\"font_size_mobile\":\"---\"}}',1),(2,'pagination_link_bg','category','{\"value\":{\"color\":\"rgb(255, 255, 255)\"}}',1),(2,'pagination_link_hover_bg_color','category','{\"value\":{\"color\":\"rgb(221, 0, 23)\"}}',1),(2,'refine_link_divider_color','category','{\"value\":{\"color\":\"rgb(228, 228, 228)\"}}',1),(2,'refine_image_bg','category','{\"value\":{\"color\":\"\"}}',1),(2,'refine_image_bg_hover','category','{\"value\":{\"color\":\"rgb(250, 250, 250)\"}}',1),(2,'refine_category_images_per_row','category','{\"value\":{\"mobile\":{\"value\":\"3\",\"range\":\"1,10\",\"step\":\"1\"},\"mobile1\":{\"value\":\"3\",\"range\":\"1,10\",\"step\":\"1\"},\"tablet\":{\"value\":\"3\",\"range\":\"1,10\",\"step\":\"1\"},\"tablet1\":{\"value\":\"3\",\"range\":\"1,10\",\"step\":\"1\"},\"tablet2\":{\"value\":\"3\",\"range\":\"1,10\",\"step\":\"1\"},\"desktop\":{\"value\":\"3\",\"range\":\"1,10\",\"step\":\"1\"},\"desktop1\":{\"value\":\"3\",\"range\":\"1,10\",\"step\":\"1\"},\"desktop2\":{\"value\":\"3\",\"range\":\"1,10\",\"step\":\"1\"},\"large_desktop\":{\"value\":\"3\",\"range\":\"1,10\",\"step\":\"1\"},\"large_desktop1\":{\"value\":\"3\",\"range\":\"1,10\",\"step\":\"1\"},\"large_desktop2\":{\"value\":\"3\",\"range\":\"1,10\",\"step\":\"1\"}},\"step\":\"1\",\"range\":\"1,10\"}',1),(2,'slider_timer_color','moduleslider','{\"value\":{\"color\":\"rgb(221, 0, 23)\"}}',1),(2,'slider_icon_hover','moduleslider','{\"value\":{\"color\":\"rgb(221, 0, 23)\"}}',1),(2,'slider_bullet_scale','moduleslider','{\"value\":{\"text\":\"1\"}}',1),(2,'slider_bullet_margin','moduleslider','{\"value\":{\"text\":\"7\"}}',1),(2,'slider_bullet_width','moduleslider','{\"value\":{\"text\":\"12\"}}',1),(2,'slider_bullet_height','moduleslider','{\"value\":{\"text\":\"12\"}}',1),(2,'slider_bullet_color','moduleslider','{\"value\":{\"color\":\"rgb(255, 255, 255)\"}}',1),(2,'slider_bullet_border','moduleslider','{\"value\":{\"border_rounded\":\"px\",\"border\":{\"value\":{\"text\":\"\"}},\"border_top\":{\"value\":\"\"},\"border_right\":{\"value\":\"\"},\"border_bottom\":{\"value\":\"\"},\"border_left\":{\"value\":\"\"},\"border_radius\":{\"value\":{\"text\":\"50\"}},\"border_radius_top\":{\"value\":\"\"},\"border_radius_right\":{\"value\":\"\"},\"border_radius_left\":{\"value\":\"\"},\"border_radius_bottom\":{\"value\":\"\"},\"border_type\":\"solid\",\"border_radius_unit\":\"%\",\"border_color\":{\"value\":{\"color\":\"\"}}}}',1),(2,'slider_bullet_border_hover','moduleslider','{\"value\":{\"color\":\"\"}}',1),(2,'slider_bullet_hover','moduleslider','{\"value\":{\"color\":\"rgb(221, 0, 23)\"}}',1),(2,'slider_right_icon','moduleslider','{\"value\":{\"options\":{\"font_size\":\"65px\",\"color\":{\"value\":{\"color\":\"rgb(255, 255, 255)\"}}},\"icon_type\":\"icon\",\"icon\":{\"icon\":\"&#xe62c;\",\"class\":\"angle-right\"}}}',1),(2,'slider_left_icon','moduleslider','{\"value\":{\"options\":{\"font_size\":\"65px\",\"color\":{\"value\":{\"color\":\"rgb(255, 255, 255)\"}}},\"icon_type\":\"icon\",\"icon\":{\"icon\":\"&#xe62b;\",\"class\":\"angle-left\"}}}',1),(2,'slider_thumbs_border','moduleslider','{\"value\":{\"border_rounded\":\"px\",\"border_type\":\"solid\",\"border_radius_unit\":\"px\",\"border\":{\"value\":{\"text\":\"\"}},\"border_top\":{\"value\":{\"text\":\"7\"}},\"border_right\":{\"value\":{\"text\":\"7\"}},\"border_bottom\":{\"value\":{\"text\":\"\"}},\"border_left\":{\"value\":{\"text\":\"7\"}},\"border_radius\":{\"value\":{\"text\":\"\"}},\"border_radius_top\":{\"value\":\"\"},\"border_radius_right\":{\"value\":\"\"},\"border_radius_left\":{\"value\":\"\"},\"border_radius_bottom\":{\"value\":\"\"},\"border_color\":{\"value\":{\"color\":\"rgb(255, 255, 255)\"}}}}',1),(2,'slider_thumbs_active_overlay','moduleslider','{\"value\":{\"text\":\"0\"}}',1),(2,'slider_timer_size','moduleslider','{\"value\":{\"text\":\"2\"}}',1),(2,'slider_thumbs_overlay','moduleslider','{\"value\":{\"text\":\".4\"}}',1),(2,'post_title_overflow','blogpostpage','on',0),(2,'post_comment_bg_odd','blogpostpage','{\"value\":{\"color\":\"rgb(255, 255, 255)\"}}',1),(2,'post_comment_button_padding_bottom','blogpostpage','{\"value\":\"\"}',1),(2,'post_page_share_border_color','blogpostpage','{\"value\":{\"color\":\"rgb(204, 204, 204)\"}}',1),(2,'post_page_date_icon','blogpostpage','{\"value\":{\"options\":{\"font_size\":\"16px\"}}}',1),(2,'post_page_comments_icon','blogpostpage','{\"value\":{\"options\":{\"font_size\":\"16px\"}}}',1),(2,'post_page_category_icon','blogpostpage','{\"value\":{\"options\":{\"font_size\":\"14px\",\"color\":{\"value\":{\"color\":\"rgb(68, 67, 73)\"}}},\"icon_type\":\"icon\",\"icon\":{\"icon\":\"&#xe6b2;\",\"class\":\"file-text\"}}}',1),(2,'post_page_q_bg','blogpostpage','{\"value\":{\"color\":\"rgb(244, 244, 244)\"}}',1),(2,'post_comment_button_padding_top','blogpostpage','{\"value\":\"\"}',1),(2,'post_comment_button_padding_right','blogpostpage','{\"value\":\"\"}',1),(2,'post_form_padding','blogpostpage','{\"value\":{\"text\":\"0\"}}',1),(2,'post_form_reply_title_padding_bottom','blogpostpage','{\"value\":{\"text\":\"12\"}}',1),(2,'post_form_reply_title_border','blogpostpage','{\"value\":{\"border_rounded\":\"px\",\"border_type\":\"dotted\",\"border_radius_unit\":\"px\",\"border\":{\"value\":\"\"},\"border_top\":{\"value\":\"\"},\"border_right\":{\"value\":\"\"},\"border_bottom\":{\"value\":{\"text\":\"1\"}},\"border_left\":{\"value\":\"\"},\"border_radius\":{\"value\":\"\"},\"border_radius_top\":{\"value\":{\"text\":\"\"}},\"border_radius_right\":{\"value\":{\"text\":\"\"}},\"border_radius_left\":{\"value\":\"\"},\"border_radius_bottom\":{\"value\":\"\"},\"border_color\":{\"value\":{\"color\":\"rgb(204, 204, 204)\"}}}}',1),(2,'post_page_author_icon','blogpostpage','{\"value\":{\"options\":{\"font_size\":\"16px\"}}}',1),(2,'post_form_border','blogpostpage','{\"value\":{\"border_rounded\":\"px\",\"border_type\":\"solid\",\"border_radius_unit\":\"px\",\"border\":{\"value\":\"\"},\"border_top\":{\"value\":\"\"},\"border_right\":{\"value\":\"\"},\"border_bottom\":{\"value\":\"\"},\"border_left\":{\"value\":\"\"},\"border_radius\":{\"value\":{\"text\":\"\"}},\"border_radius_top\":{\"value\":\"\"},\"border_radius_right\":{\"value\":\"\"},\"border_radius_left\":{\"value\":{\"text\":\"3\"}},\"border_radius_bottom\":{\"value\":{\"text\":\"3\"}}}}',1),(2,'post_comment_button_font','blogpostpage','{\"value\":{\"font_type\":\"none\",\"font_size\":\"13px\",\"font_family\":\"Helvetica, Arial, sans-serif\",\"font_name\":\"\",\"font_weight\":\"normal\",\"font_style\":\"normal\",\"letter_spacing\":\"\",\"text_transform\":\"none\",\"color\":{\"value\":{\"color\":\"\"}}}}',1),(2,'post_comment_button_border','blogpostpage','{\"value\":{\"border_rounded\":\"px\"}}',1),(2,'post_form_title_border','blogpostpage','{\"value\":{\"border_rounded\":\"px\",\"border_type\":\"dotted\",\"border_radius_unit\":\"px\",\"border\":{\"value\":\"\"},\"border_top\":{\"value\":\"\"},\"border_right\":{\"value\":\"\"},\"border_bottom\":{\"value\":{\"text\":\"1\"}},\"border_left\":{\"value\":\"\"},\"border_radius\":{\"value\":\"\"},\"border_radius_top\":{\"value\":{\"text\":\"\"}},\"border_radius_right\":{\"value\":{\"text\":\"\"}},\"border_radius_left\":{\"value\":\"\"},\"border_radius_bottom\":{\"value\":\"\"},\"border_color\":{\"value\":{\"color\":\"rgb(204, 204, 204)\"}}}}',1),(2,'post_form_reply_title_padding_right','blogpostpage','{\"value\":{\"text\":\"0\"}}',1),(2,'post_reply_border','blogpostpage','{\"value\":{\"border_rounded\":\"px\",\"border_type\":\"solid\",\"border_radius_unit\":\"px\",\"border\":{\"value\":\"\"},\"border_top\":{\"value\":\"\"},\"border_right\":{\"value\":\"\"},\"border_bottom\":{\"value\":\"\"},\"border_left\":{\"value\":\"\"},\"border_radius\":{\"value\":{\"text\":\"3\"}},\"border_radius_top\":{\"value\":\"\"},\"border_radius_right\":{\"value\":\"\"},\"border_radius_left\":{\"value\":\"\"},\"border_radius_bottom\":{\"value\":\"\"}}}',1),(2,'post_form_title_padding_bottom','blogpostpage','{\"value\":{\"text\":\"12\"}}',1),(2,'post_form_title_padding_top','blogpostpage','{\"value\":{\"text\":\"12\"}}',1),(2,'post_form_title_bottom_margin','blogpostpage','{\"value\":{\"text\":\"20\"}}',1),(2,'post_form_title_padding_right','blogpostpage','{\"value\":{\"text\":\"0\"}}',1),(2,'post_reply_author_font','blogpostpage','{\"value\":{\"font_type\":\"none\",\"font_size\":\"13px\",\"font_family\":\"Helvetica, Arial, sans-serif\",\"font_name\":\"\",\"font_weight\":\"normal\",\"font_style\":\"normal\",\"letter_spacing\":\"\",\"text_transform\":\"none\",\"color\":{\"value\":{\"color\":\"\"}}}}',1),(2,'post_comment_date_font','blogpostpage','{\"value\":{\"font_type\":\"none\",\"font_size\":\"13px\",\"font_family\":\"Helvetica, Arial, sans-serif\",\"font_name\":\"\",\"font_weight\":\"normal\",\"font_style\":\"normal\",\"letter_spacing\":\"\",\"text_transform\":\"none\"}}',1),(2,'post_comment_font','blogpostpage','{\"value\":{\"font_type\":\"none\",\"font_size\":\"13px\",\"font_family\":\"Helvetica, Arial, sans-serif\",\"font_name\":\"\",\"font_weight\":\"normal\",\"font_style\":\"normal\",\"letter_spacing\":\"\",\"text_transform\":\"none\"}}',1),(2,'post_comment_padding','blogpostpage','{\"value\":\"\"}',1),(2,'post_reply_avatar_border','blogpostpage','{\"value\":{\"border_rounded\":\"px\",\"border_type\":\"solid\",\"border_radius_unit\":\"px\",\"border\":{\"value\":\"\"},\"border_top\":{\"value\":\"\"},\"border_right\":{\"value\":\"\"},\"border_bottom\":{\"value\":\"\"},\"border_left\":{\"value\":\"\"},\"border_radius\":{\"value\":{\"text\":\"\"}},\"border_radius_top\":{\"value\":\"\"},\"border_radius_right\":{\"value\":\"\"},\"border_radius_left\":{\"value\":\"\"},\"border_radius_bottom\":{\"value\":\"\"}}}',1),(2,'post_comment_author_font','blogpostpage','{\"value\":{\"font_type\":\"none\",\"font_size\":\"13px\",\"font_family\":\"Helvetica, Arial, sans-serif\",\"font_name\":\"\",\"font_weight\":\"normal\",\"font_style\":\"normal\",\"letter_spacing\":\"\",\"text_transform\":\"none\"}}',1),(2,'post_form_title_font','blogpostpage','{\"value\":{\"font_type\":\"google\",\"font_size\":\"22px\",\"font_family\":\"Helvetica, Arial, sans-serif\",\"font_name\":\"Droid Serif\",\"font_weight\":\"regular\",\"font_style\":\"normal\",\"letter_spacing\":\"\",\"text_transform\":\"none\",\"font_subset\":[\"latin\"],\"color\":{\"value\":{\"color\":\"rgb(68, 67, 73)\"}}}}',1),(2,'post_reply_comment_font','blogpostpage','{\"value\":{\"font_type\":\"none\",\"font_size\":\"13px\",\"font_family\":\"Helvetica, Arial, sans-serif\",\"font_name\":\"\",\"font_weight\":\"normal\",\"font_style\":\"normal\",\"letter_spacing\":\"\",\"text_transform\":\"none\",\"color\":{\"value\":{\"color\":\"\"}}}}',1),(2,'post_comment_avatar_border','blogpostpage','{\"value\":{\"border_rounded\":\"px\",\"border_type\":\"solid\",\"border_radius_unit\":\"px\",\"border\":{\"value\":\"\"},\"border_top\":{\"value\":\"\"},\"border_right\":{\"value\":\"\"},\"border_bottom\":{\"value\":\"\"},\"border_left\":{\"value\":\"\"},\"border_radius\":{\"value\":{\"text\":\"5\"}},\"border_radius_top\":{\"value\":\"\"},\"border_radius_right\":{\"value\":\"\"},\"border_radius_left\":{\"value\":\"\"},\"border_radius_bottom\":{\"value\":\"\"}}}',1),(2,'post_reply_padding','blogpostpage','{\"value\":\"\"}',1),(2,'post_reply_date_font','blogpostpage','{\"value\":{\"font_type\":\"none\",\"font_size\":\"13px\",\"font_family\":\"Helvetica, Arial, sans-serif\",\"font_name\":\"\",\"font_weight\":\"normal\",\"font_style\":\"normal\",\"letter_spacing\":\"\",\"text_transform\":\"none\",\"color\":{\"value\":{\"color\":\"\"}}}}',1),(2,'post_form_title_align','blogpostpage','left',0),(2,'post_form_reply_title_padding_top','blogpostpage','{\"value\":{\"text\":\"12\"}}',1),(2,'post_form_reply_title_align','blogpostpage','left',0),(2,'post_form_reply_title_padding_left','blogpostpage','{\"value\":{\"text\":\"0\"}}',1),(2,'post_form_reply_title_font','blogpostpage','{\"value\":{\"font_type\":\"google\",\"font_size\":\"19px\",\"font_family\":\"Helvetica, Arial, sans-serif\",\"font_name\":\"Droid Serif\",\"font_weight\":\"regular\",\"font_style\":\"normal\",\"letter_spacing\":\"\",\"text_transform\":\"none\",\"font_subset\":[\"latin\"],\"color\":{\"value\":{\"color\":\"\"}}}}',1),(2,'post_comment_title_bottom_margin','blogpostpage','{\"value\":{\"text\":\"20\"}}',1),(2,'post_form_title_top_margin','blogpostpage','{\"value\":{\"text\":\"20\"}}',1),(2,'post_form_title_padding_left','blogpostpage','{\"value\":{\"text\":\"0\"}}',1),(2,'post_form_reply_title_top_margin','blogpostpage','{\"value\":{\"text\":\"10\"}}',1),(2,'post_form_reply_title_bottom_margin','blogpostpage','{\"value\":{\"text\":\"20\"}}',1),(2,'post_form_reply_border','blogpostpage','{\"value\":{\"border_rounded\":\"px\"}}',1),(2,'post_form_reply_padding','blogpostpage','{\"value\":\"\"}',1),(2,'post_comment_title_padding_top','blogpostpage','{\"value\":{\"text\":\"15\"}}',1),(2,'post_comment_title_border','blogpostpage','{\"value\":{\"border_rounded\":\"px\",\"border_type\":\"dotted\",\"border_radius_unit\":\"px\",\"border\":{\"value\":\"\"},\"border_top\":{\"value\":{\"text\":\"\"}},\"border_right\":{\"value\":\"\"},\"border_bottom\":{\"value\":{\"text\":\"\"}},\"border_left\":{\"value\":\"\"},\"border_radius\":{\"value\":{\"text\":\"3\"}},\"border_radius_top\":{\"value\":\"\"},\"border_radius_right\":{\"value\":\"\"},\"border_radius_left\":{\"value\":\"\"},\"border_radius_bottom\":{\"value\":\"\"},\"border_color\":{\"value\":{\"color\":\"\"}}}}',1),(2,'post_comment_title_top_margin','blogpostpage','{\"value\":{\"text\":\"10\"}}',1),(2,'post_comment_title_padding_bottom','blogpostpage','{\"value\":{\"text\":\"15\"}}',1),(2,'post_comment_border','blogpostpage','{\"value\":{\"border_rounded\":\"px\",\"border_type\":\"dotted\",\"border_radius_unit\":\"px\",\"border\":{\"value\":{\"text\":\"1\"}},\"border_top\":{\"value\":\"\"},\"border_right\":{\"value\":\"\"},\"border_bottom\":{\"value\":\"\"},\"border_left\":{\"value\":\"\"},\"border_radius\":{\"value\":{\"text\":\"3\"}},\"border_radius_top\":{\"value\":\"\"},\"border_radius_right\":{\"value\":\"\"},\"border_radius_left\":{\"value\":\"\"},\"border_radius_bottom\":{\"value\":\"\"},\"border_color\":{\"value\":{\"color\":\"rgb(204, 204, 204)\"}}}}',1),(2,'post_comment_title_padding_left','blogpostpage','{\"value\":{\"text\":\"15\"}}',1),(2,'post_page_q_line_height','blogpostpage','{\"value\":\"\"}',1),(2,'post_comment_title_align','blogpostpage','left',0),(2,'post_comment_title_padding_right','blogpostpage','{\"value\":{\"text\":\"15\"}}',1),(2,'post_tags_align','blogpostpage','left',0),(2,'post_tags_title_font','blogpostpage','{\"value\":{\"font_type\":\"none\",\"font_size\":\"13px\",\"font_family\":\"Helvetica, Arial, sans-serif\",\"font_name\":\"\",\"font_weight\":\"normal\",\"font_style\":\"normal\",\"letter_spacing\":\"\",\"text_transform\":\"none\"}}',1),(2,'post_comment_title_font','blogpostpage','{\"value\":{\"font_type\":\"google\",\"font_size\":\"22px\",\"font_family\":\"Helvetica, Arial, sans-serif\",\"font_name\":\"Droid Serif\",\"font_weight\":\"regular\",\"font_style\":\"normal\",\"letter_spacing\":\"\",\"text_transform\":\"none\",\"font_subset\":[\"latin\"]}}',1),(2,'post_page_q_padding_top','blogpostpage','{\"value\":{\"text\":\"15\"}}',1),(2,'post_page_q_margin_left','blogpostpage','{\"value\":{\"text\":\"0\"}}',1),(2,'post_page_q_margin_bottom','blogpostpage','{\"value\":\"\"}',1),(2,'post_page_q_margin_top','blogpostpage','{\"value\":\"\"}',1),(2,'post_tags_border','blogpostpage','{\"value\":{\"border_rounded\":\"px\",\"border_type\":\"solid\",\"border_radius_unit\":\"px\",\"border\":{\"value\":\"\"},\"border_top\":{\"value\":\"\"},\"border_right\":{\"value\":\"\"},\"border_bottom\":{\"value\":\"\"},\"border_left\":{\"value\":\"\"},\"border_radius\":{\"value\":{\"text\":\"\"}},\"border_radius_top\":{\"value\":\"\"},\"border_radius_right\":{\"value\":\"\"},\"border_radius_left\":{\"value\":\"\"},\"border_radius_bottom\":{\"value\":\"\"}}}',1),(2,'post_tags_font','blogpostpage','{\"value\":{\"font_type\":\"none\",\"font_size\":\"13px\",\"font_family\":\"Helvetica, Arial, sans-serif\",\"font_name\":\"\",\"font_weight\":\"normal\",\"font_style\":\"normal\",\"letter_spacing\":\"\",\"text_transform\":\"none\",\"color\":{\"value\":{\"color\":\"rgb(255, 255, 255)\"}}}}',1),(2,'post_page_q_margin_right','blogpostpage','{\"value\":{\"text\":\"0\"}}',1),(2,'post_page_desc_font','blogpostpage','{\"value\":{\"font_type\":\"google\",\"font_size\":\"14px\",\"font_family\":\"Helvetica, Arial, sans-serif\",\"font_name\":\"Droid Serif\",\"font_weight\":\"regular\",\"font_style\":\"normal\",\"letter_spacing\":\"\",\"text_transform\":\"none\",\"font_subset\":[\"latin\"]}}',1),(2,'post_page_q_padding_left','blogpostpage','{\"value\":{\"text\":\"15\"}}',1),(2,'post_page_stats_padding_right','blogpostpage','{\"value\":\"\"}',1),(2,'post_page_stats_padding_left','blogpostpage','{\"value\":\"\"}',1),(2,'post_page_q_padding_bottom','blogpostpage','{\"value\":{\"text\":\"15\"}}',1),(2,'post_page_h1_font','blogpostpage','{\"value\":{\"font_type\":\"google\",\"font_size\":\"26px\",\"font_family\":\"Helvetica, Arial, sans-serif\",\"font_name\":\"Droid Serif\",\"font_weight\":\"regular\",\"font_style\":\"normal\",\"letter_spacing\":\"\",\"text_transform\":\"none\",\"font_subset\":[\"latin\"]}}',1),(2,'post_page_q_padding_right','blogpostpage','{\"value\":{\"text\":\"15\"}}',1),(2,'post_page_q_border','blogpostpage','{\"value\":{\"border_rounded\":\"px\",\"border_type\":\"solid\",\"border_radius_unit\":\"px\",\"border\":{\"value\":\"\"},\"border_top\":{\"value\":\"\"},\"border_right\":{\"value\":\"\"},\"border_bottom\":{\"value\":\"\"},\"border_left\":{\"value\":\"\"},\"border_radius\":{\"value\":\"\"},\"border_radius_top\":{\"value\":\"\"},\"border_radius_right\":{\"value\":\"\"},\"border_radius_left\":{\"value\":\"\"},\"border_radius_bottom\":{\"value\":\"\"},\"border_color\":{\"value\":{\"color\":\"rgb(221, 0, 23)\"}}}}',1),(2,'post_page_q_font','blogpostpage','{\"value\":{\"font_type\":\"google\",\"font_size\":\"16px\",\"font_family\":\"Helvetica, Arial, sans-serif\",\"font_name\":\"Droid Serif\",\"font_weight\":\"italic\",\"font_style\":\"italic\",\"letter_spacing\":\"\",\"text_transform\":\"none\",\"font_subset\":[\"latin\"]}}',1),(2,'post_page_h3_font','blogpostpage','{\"value\":{\"font_type\":\"none\",\"font_size\":\"13px\",\"font_family\":\"Helvetica, Arial, sans-serif\",\"font_name\":\"\",\"font_weight\":\"normal\",\"font_style\":\"normal\",\"letter_spacing\":\"\",\"text_transform\":\"none\"}}',1),(2,'post_page_h2_font','blogpostpage','{\"value\":{\"font_type\":\"none\",\"font_size\":\"13px\",\"font_family\":\"Helvetica, Arial, sans-serif\",\"font_name\":\"\",\"font_weight\":\"normal\",\"font_style\":\"normal\",\"letter_spacing\":\"\",\"text_transform\":\"none\"}}',1),(2,'post_page_author_date_border','blogpostpage','{\"value\":{\"border_rounded\":\"px\",\"border_type\":\"dotted\",\"border_radius_unit\":\"px\",\"border\":{\"value\":\"\"},\"border_top\":{\"value\":\"\"},\"border_right\":{\"value\":\"\"},\"border_bottom\":{\"value\":{\"text\":\"1\"}},\"border_left\":{\"value\":\"\"},\"border_radius\":{\"value\":\"\"},\"border_radius_top\":{\"value\":\"\"},\"border_radius_right\":{\"value\":\"\"},\"border_radius_left\":{\"value\":\"\"},\"border_radius_bottom\":{\"value\":\"\"},\"border_color\":{\"value\":{\"color\":\"rgb(204, 204, 204)\"}}}}',1),(2,'post_page_line_height','blogpostpage','{\"value\":{\"text\":\"20\"}}',1),(2,'post_page_stats_padding_top','blogpostpage','{\"value\":\"\"}',1),(2,'post_page_title_padding_right','blogpostpage','{\"value\":\"\"}',1),(2,'post_page_stats_padding_bottom','blogpostpage','{\"value\":{\"text\":\"10\"}}',1),(2,'post_page_title_font','blogpostpage','{\"value\":{\"font_type\":\"google\",\"font_size\":\"30px\",\"font_family\":\"Helvetica, Arial, sans-serif\",\"font_name\":\"Abril Fatface\",\"font_weight\":\"regular\",\"font_style\":\"normal\",\"letter_spacing\":\"\",\"text_transform\":\"none\",\"font_subset\":[\"latin-ext\"],\"color\":{\"value\":{\"color\":\"rgb(0, 0, 0)\"}}}}',1),(2,'post_page_author_date_font','blogpostpage','{\"value\":{\"font_type\":\"none\",\"font_size\":\"13px\",\"font_family\":\"Helvetica, Arial, sans-serif\",\"font_name\":\"\",\"font_weight\":\"normal\",\"font_style\":\"normal\",\"letter_spacing\":\"\",\"text_transform\":\"none\"}}',1),(2,'post_page_title_padding_left','blogpostpage','{\"value\":\"\"}',1),(2,'post_form_bg','blogpostpage','{\"value\":{\"color\":\"\"}}',1),(2,'post_page_share_align','blogpostpage','left',0),(2,'post_page_title_line_height','blogpostpage','{\"value\":\"\"}',1),(2,'post_page_title_border','blogpostpage','{\"value\":{\"border_rounded\":\"px\",\"border\":{\"value\":\"\"},\"border_top\":{\"value\":\"\"},\"border_right\":{\"value\":\"\"},\"border_bottom\":{\"value\":\"\"},\"border_left\":{\"value\":\"\"},\"border_radius\":{\"value\":{\"text\":\"\"}},\"border_radius_top\":{\"value\":\"\"},\"border_radius_right\":{\"value\":\"\"},\"border_radius_left\":{\"value\":\"\"},\"border_radius_bottom\":{\"value\":\"\"}}}',1),(2,'post_page_padding','blogpostpage','{\"value\":\"\"}',1),(2,'post_page_title_align','blogpostpage','left',0),(2,'post_page_share_border_type','blogpostpage','dotted',0),(2,'post_comment_button_bg','blogpostpage','{\"value\":{\"color\":\"\"}}',1),(2,'post_form_title_bg','blogpostpage','{\"value\":{\"color\":\"\"}}',1),(2,'post_form_reply_title_bg','blogpostpage','{\"value\":{\"color\":\"\"}}',1),(2,'post_comment_title_bg','blogpostpage','{\"value\":{\"color\":\"rgb(244, 244, 244)\"}}',1),(2,'post_tags_title_bg','blogpostpage','{\"value\":{\"color\":\"rgb(221, 0, 23)\"}}',1),(2,'side_cms_heading_padding','modulecmsblocks','{\"value\":{\"text\":\"3\"}}',1),(2,'side_cms_font','modulecmsblocks','{\"value\":{\"font_type\":\"none\",\"font_size\":\"---\",\"font_size_mobile\":\"---\",\"font_family\":\"Helvetica, Arial, sans-serif\",\"font_name\":\"ABeeZee\",\"font_weight\":\"\",\"font_style\":\"\",\"font_subset\":[\"latin\"],\"letter_spacing\":\"\",\"text_transform\":\"\",\"v\":\"2\"}}',1),(2,'footer_shadow_type','footer','default',0),(2,'side_cms_bg','modulecmsblocks','{\"value\":{\"color\":\"\"}}',1),(2,'cms_padding','modulecmsblocks','{\"value\":{\"text\":\"1\"}}',1),(2,'cms_bg','modulecmsblocks','{\"value\":{\"color\":\"rgb(255, 255, 255)\"}}',1),(2,'cms_font_color','modulecmsblocks','{\"value\":{\"color\":{\"value\":{\"color\":\"\"}},\"font_type\":\"system\",\"font_family\":\"Helvetica, Arial, sans-serif\",\"font_weight\":\"normal\",\"font_size\":\"12px\",\"v\":\"2\",\"font_size_mobile\":\"---\"}}',1),(2,'cms_border','modulecmsblocks','{\"value\":{\"border_rounded\":\"px\",\"border_type\":\"dotted\",\"border_radius_unit\":\"px\",\"border\":{\"value\":{\"text\":\"\"}},\"border_top\":{\"value\":{\"text\":\"\"}},\"border_right\":{\"value\":{\"text\":\"\"}},\"border_bottom\":{\"value\":{\"text\":\"\"}},\"border_left\":{\"value\":\"\"},\"border_radius\":{\"value\":{\"text\":\"30\"}},\"border_radius_top\":{\"value\":\"\"},\"border_radius_right\":{\"value\":\"\"},\"border_radius_left\":{\"value\":\"\"},\"border_radius_bottom\":{\"value\":\"\"},\"border_color\":{\"value\":{\"color\":\"rgb(0, 0, 0)\"}}}}',1),(2,'cms_block_line_height','modulecmsblocks','{\"value\":{\"text\":\"15\"}}',1),(2,'cms_block_p_padding','modulecmsblocks','{\"value\":{\"text\":\"7\"}}',1),(2,'cms_heading_padding','modulecmsblocks','{\"value\":{\"text\":\"7\"}}',1),(2,'cms_heading_font','modulecmsblocks','{\"value\":{\"font_type\":\"google\",\"font_size\":\"18px\",\"font_family\":\"Helvetica, Arial, sans-serif\",\"font_name\":\"Droid Serif\",\"font_weight\":\"regular\",\"font_style\":\"normal\",\"letter_spacing\":\"\",\"text_transform\":\"none\",\"font_subset\":[\"latin\"],\"color\":{\"value\":{\"color\":\"\"}},\"v\":\"2\",\"font_size_mobile\":\"---\"}}',1),(2,'posts_module_title_align','blogmodules','center',0),(2,'side_posts_grid_bg','blogmodules','{\"value\":{\"color\":\"\"}}',1),(2,'posts_module_title_border','blogmodules','{\"value\":{\"border_rounded\":\"px\",\"border_type\":\"solid\",\"border_radius_unit\":\"px\",\"border\":{\"value\":{\"text\":\"3\"}},\"border_top\":{\"value\":{\"text\":\"3\"}},\"border_right\":{\"value\":{\"text\":\"3\"}},\"border_bottom\":{\"value\":\"\"},\"border_left\":{\"value\":\"\"},\"border_radius\":{\"value\":{\"text\":\"40\"}},\"border_radius_top\":{\"value\":\"\"},\"border_radius_right\":{\"value\":\"\"},\"border_radius_left\":{\"value\":\"\"},\"border_radius_bottom\":{\"value\":\"\"},\"border_color\":{\"value\":{\"color\":\"rgb(0, 0, 0)\"}}}}',1),(2,'posts_grid_author_icon','blogmodules','{\"value\":{\"options\":{\"font_size\":\"16px\"}}}',1),(2,'posts_grid_date_icon','blogmodules','{\"value\":{\"options\":{\"font_size\":\"16px\"}}}',1),(2,'posts_grid_comments_icon','blogmodules','{\"value\":{\"options\":{\"font_size\":\"16px\"}}}',1),(2,'posts_grid_button_icon','blogmodules','{\"value\":{\"options\":{\"font_size\":\"16px\"}}}',1),(2,'side_posts_divider','blogmodules','{\"value\":{\"color\":\"rgb(204, 204, 204)\"}}',1),(2,'posts_module_title_font','blogmodules','{\"value\":{\"font_type\":\"google\",\"font_size\":\"30px\",\"font_family\":\"Verdana, Geneva, sans-serif\",\"font_name\":\"Paprika\",\"font_weight\":\"regular\",\"font_style\":\"normal\",\"letter_spacing\":\"\",\"text_transform\":\"none\",\"font_subset\":[\"latin\"],\"color\":{\"value\":{\"color\":\"rgb(0, 0, 0)\"}},\"v\":\"2\",\"font_size_mobile\":\"---\"}}',1),(2,'posts_grid_box_shadow','blogmodules','inherit',0),(2,'posts_grid_shadow_custom','blogmodules','{\"value\":{\"inner_shadow\":\"0\"}}',1),(2,'posts_module_title_bg','blogmodules','{\"value\":{\"color\":\"rgb(255, 255, 255)\"}}',1),(2,'posts_grid_bg','blogmodules','{\"value\":{\"color\":\"rgb(255, 255, 255)\"}}',1),(2,'side_posts_grid_button_padding_top','blogmodules','{\"value\":{\"text\":\"\"}}',1),(2,'posts_grid_desc_font','blogmodules','{\"value\":{\"font_type\":\"none\",\"font_size\":\"13px\",\"font_family\":\"Helvetica, Arial, sans-serif\",\"font_name\":\"\",\"font_weight\":\"normal\",\"font_style\":\"normal\",\"letter_spacing\":\"\",\"text_transform\":\"none\"}}',1),(2,'posts_grid_details_padding_top','blogmodules','{\"value\":\"\"}',1),(2,'posts_grid_details_padding_right','blogmodules','{\"value\":\"\"}',1),(2,'posts_grid_details_padding_bottom','blogmodules','{\"value\":\"\"}',1),(2,'posts_grid_details_padding_left','blogmodules','{\"value\":\"\"}',1),(2,'posts_grid_author_date_font','blogmodules','{\"value\":{\"font_type\":\"none\",\"font_size\":\"13px\",\"font_family\":\"Helvetica, Arial, sans-serif\",\"font_name\":\"\",\"font_weight\":\"normal\",\"font_style\":\"normal\",\"letter_spacing\":\"\",\"text_transform\":\"none\"}}',1),(2,'posts_grid_author_date_padding','blogmodules','{\"value\":\"\"}',1),(2,'posts_grid_author_date_border','blogmodules','{\"value\":{\"border_rounded\":\"px\"}}',1),(2,'posts_grid_button_icon_position','blogmodules','left',0),(2,'posts_grid_button_font','blogmodules','{\"value\":{\"font_type\":\"none\",\"font_size\":\"13px\",\"font_family\":\"Helvetica, Arial, sans-serif\",\"font_name\":\"\",\"font_weight\":\"normal\",\"font_style\":\"normal\",\"letter_spacing\":\"\",\"text_transform\":\"none\"}}',1),(2,'side_posts_grid_image_border','blogmodules','{\"value\":{\"border_rounded\":\"px\"}}',1),(2,'side_posts_grid_author_date_font','blogmodules','{\"value\":{\"font_type\":\"none\",\"font_size\":\"13px\",\"font_family\":\"Helvetica, Arial, sans-serif\",\"font_name\":\"\",\"font_weight\":\"normal\",\"font_style\":\"normal\",\"letter_spacing\":\"\",\"text_transform\":\"none\"}}',1),(2,'side_posts_grid_button_border','blogmodules','{\"value\":{\"border_rounded\":\"px\"}}',1),(2,'side_posts_grid_item_spacing_bottom','blogmodules','{\"value\":\"\"}',1),(2,'side_posts_grid_title_font','blogmodules','{\"value\":{\"font_type\":\"none\",\"font_size\":\"13px\",\"font_family\":\"Helvetica, Arial, sans-serif\",\"font_name\":\"\",\"font_weight\":\"normal\",\"font_style\":\"normal\",\"letter_spacing\":\"\",\"text_transform\":\"none\"}}',1),(2,'side_posts_grid_button_padding_right','blogmodules','{\"value\":{\"text\":\"\"}}',1),(2,'side_posts_grid_button_padding_bottom','blogmodules','{\"value\":{\"text\":\"\"}}',1),(2,'side_posts_grid_button_padding_left','blogmodules','{\"value\":{\"text\":\"\"}}',1),(2,'side_posts_grid_spacing','blogmodules','{\"value\":\"\"}',1),(2,'side_cms_block_line_height','modulecmsblocks','{\"value\":{\"text\":\"14\"}}',1),(2,'side_cms_margin','modulecmsblocks','{\"value\":{\"text\":\"\"}}',1),(2,'side_cms_heading_font','modulecmsblocks','{\"value\":{\"font_type\":\"google\",\"font_size\":\"16px\",\"font_family\":\"Helvetica, Arial, sans-serif\",\"font_name\":\"Droid Serif\",\"font_weight\":\"regular\",\"font_style\":\"normal\",\"letter_spacing\":\"\",\"text_transform\":\"none\",\"font_subset\":[\"latin\"]}}',1),(2,'post_tags_bg','blogpostpage','{\"value\":{\"color\":\"rgb(68, 67, 73)\"}}',1),(2,'post_tags_hover_font','blogpostpage','{\"value\":{\"color\":\"rgb(255, 255, 255)\"}}',1),(2,'post_tags_hover_bg','blogpostpage','{\"value\":{\"color\":\"rgb(221, 0, 23)\"}}',1),(2,'post_reply_bg_even','blogpostpage','{\"value\":{\"color\":\"rgb(244, 244, 244)\"}}',1),(2,'post_reply_bg_odd','blogpostpage','{\"value\":{\"color\":\"rgb(244, 244, 244)\"}}',1),(2,'post_comment_bg_even','blogpostpage','{\"value\":{\"color\":\"rgb(255, 255, 255)\"}}',1),(2,'footer_boxed_bg_color','footer','{\"value\":{\"color\":\"\"}}',1),(2,'contacts_icon_border','footer','{\"value\":{\"border_rounded\":\"px\"}}',1),(2,'footer_blog_image_border','footer','{\"value\":{\"border_rounded\":\"px\",\"border\":{\"value\":\"\"},\"border_top\":{\"value\":\"\"},\"border_right\":{\"value\":\"\"},\"border_bottom\":{\"value\":\"\"},\"border_left\":{\"value\":\"\"},\"border_radius\":{\"value\":\"\"},\"border_radius_top\":{\"value\":\"\"},\"border_radius_right\":{\"value\":\"\"},\"border_radius_left\":{\"value\":\"\"},\"border_radius_bottom\":{\"value\":\"\"}}}',1),(2,'pl_button_shadow_hover','productlist','{\"value\":{\"inner_shadow\":\"0\"}}',1),(2,'side_cms_padding','modulecmsblocks','{\"value\":{\"text\":\"0\"}}',1),(2,'footer_post_name_font','footer','{\"value\":{\"font_type\":\"none\",\"font_size\":\"13px\",\"font_family\":\"Helvetica, Arial, sans-serif\",\"font_name\":\"ABeeZee\",\"font_weight\":\"regular\",\"font_style\":\"normal\",\"letter_spacing\":\"\",\"text_transform\":\"none\",\"font_subset\":[],\"color\":{\"value\":{\"color\":\"\"}}}}',1),(2,'footer_boxed_bg_image','footer','{\"value\":{\"bgimage_attach\":\"scroll\",\"use_gradient\":0,\"bgimage_size\":\"auto\",\"bgimage_position\":\"right center\",\"bgimage\":{\"value\":{\"image\":\"Image\\/KBK\\/_\\u526f\\u672c.jpg\"}}}}',1),(2,'footer_product_image_border','footer','{\"value\":{\"border_rounded\":\"px\",\"border\":{\"value\":\"\"},\"border_top\":{\"value\":\"\"},\"border_right\":{\"value\":\"\"},\"border_bottom\":{\"value\":\"\"},\"border_left\":{\"value\":\"\"},\"border_radius\":{\"value\":\"\"},\"border_radius_top\":{\"value\":\"\"},\"border_radius_right\":{\"value\":\"\"},\"border_radius_left\":{\"value\":\"\"},\"border_radius_bottom\":{\"value\":\"\"}}}',1),(2,'footer_shadow','footer','{\"value\":{\"inner_shadow\":\"0\",\"x_offset\":{\"value\":\"\"},\"y_offset\":{\"value\":\"\"},\"blur\":{\"value\":\"\"},\"spread\":{\"value\":{\"text\":\"30\"}},\"color\":{\"value\":{\"color\":\"rgb(238, 238, 238)\"}}}}',1),(2,'footer_post_date_icon_color','footer','{\"value\":{\"color\":\"rgb(244, 244, 244)\"}}',1),(2,'footer_post_comment_icon_color','footer','{\"value\":{\"color\":\"rgb(244, 244, 244)\"}}',1),(2,'footer_post_padding','footer','{\"value\":{\"text\":\"5\"}}',1),(2,'footer_post_price_date','footer','{\"value\":{\"font_type\":\"none\",\"font_size\":\"13px\",\"font_family\":\"Helvetica, Arial, sans-serif\",\"font_name\":\"\",\"font_weight\":\"normal\",\"font_style\":\"normal\",\"letter_spacing\":\"\",\"text_transform\":\"none\"}}',1),(2,'footer_post_image_height','footer','{\"value\":{\"text\":\"30\"}}',1),(2,'footer_post_image_width','footer','{\"value\":{\"text\":\"30\"}}',1),(2,'footer_post_divider','footer','{\"value\":{\"color\":\"rgb(80, 80, 80)\"}}',1),(2,'footer_post_divider_type','footer','dotted',0),(2,'html_line_height','footer','{\"value\":{\"text\":\"15\"}}',1),(2,'footer_html_p_font','footer','{\"value\":{\"font_type\":\"none\",\"font_size\":\"13px\",\"font_family\":\"Helvetica, Arial, sans-serif\",\"font_name\":\"\",\"font_weight\":\"normal\",\"font_style\":\"normal\",\"letter_spacing\":\"\",\"text_transform\":\"none\",\"color\":{\"value\":{\"color\":\"rgb(255, 255, 255)\"}}}}',1),(2,'footer_html_heading_padding','footer','{\"value\":{\"text\":\"2\"}}',1),(2,'footer_html_heading_font','footer','{\"value\":{\"font_type\":\"google\",\"font_size\":\"14px\",\"font_family\":\"Helvetica, Arial, sans-serif\",\"font_name\":\"Droid Serif\",\"font_weight\":\"regular\",\"font_style\":\"normal\",\"letter_spacing\":\"\",\"text_transform\":\"none\",\"font_subset\":[\"latin\"],\"color\":{\"value\":{\"color\":\"rgb(255, 255, 255)\"}}}}',1),(2,'footer_html_p_padding','footer','{\"value\":{\"text\":\"\"}}',1),(2,'footer_product_padding','footer','{\"value\":{\"text\":\"5\"}}',1),(2,'footer_product_image_height','footer','{\"value\":{\"text\":\"30\"}}',1),(2,'footer_product_image_width','footer','{\"value\":{\"text\":\"30\"}}',1),(2,'footer_product_divider_type','footer','dotted',0),(2,'footer_product_name_overflow','footer','normal',0),(2,'footer_product_name_font','footer','{\"value\":{\"font_type\":\"none\",\"font_size\":\"13px\",\"font_family\":\"Helvetica, Arial, sans-serif\",\"font_name\":\"\",\"font_weight\":\"normal\",\"font_style\":\"normal\",\"letter_spacing\":\"\",\"text_transform\":\"none\",\"color\":{\"value\":{\"color\":\"rgb(255, 255, 255)\"}}}}',1),(2,'footer_product_name_font_hover','footer','{\"value\":{\"color\":\"rgb(221, 0, 23)\"}}',1),(2,'footer_product_price_font','footer','{\"value\":{\"font_type\":\"none\",\"font_size\":\"14px\",\"font_family\":\"Helvetica, Arial, sans-serif\",\"font_name\":\"\",\"font_weight\":\"normal\",\"font_style\":\"normal\",\"letter_spacing\":\"\",\"text_transform\":\"none\",\"color\":{\"value\":{\"color\":\"rgb(255, 255, 255)\"}}}}',1),(2,'footer_product_divider','footer','{\"value\":{\"color\":\"rgb(80, 80, 80)\"}}',1),(2,'footer_product_old_price_font','footer','{\"value\":{\"font_type\":\"system\",\"font_size\":\"12px\",\"font_family\":\"Helvetica, Arial, sans-serif\",\"font_name\":\"\",\"font_weight\":\"normal\",\"font_style\":\"normal\",\"letter_spacing\":\"\",\"text_transform\":\"none\",\"color\":{\"value\":{\"color\":\"rgb(168, 168, 168)\"}}}}',1),(2,'contacts_text_font','footer','{\"value\":{\"font_type\":\"none\",\"font_size\":\"13px\",\"font_family\":\"Helvetica, Arial, sans-serif\",\"font_name\":\"\",\"font_weight\":\"normal\",\"font_style\":\"normal\",\"letter_spacing\":\"\",\"text_transform\":\"none\",\"color\":{\"value\":{\"color\":\"rgb(255, 255, 255)\"}}}}',1),(2,'footer_bg_image','footer','{\"value\":{\"bgimage_attach\":\"scroll\",\"bgimage_repeat\":\"repeat\",\"bgimage_position\":\"center top\",\"bgimage\":{\"value\":{\"image\":\"\"}},\"use_gradient\":0,\"bgimage_size\":\"auto\"}}',1),(2,'copyright_font_settings','footer','{\"value\":{\"font_type\":\"none\",\"font_size\":\"13px\",\"font_family\":\"Helvetica, Arial, sans-serif\",\"font_name\":\"\",\"font_weight\":\"normal\",\"font_style\":\"normal\",\"letter_spacing\":\"\",\"text_transform\":\"none\",\"color\":{\"value\":{\"color\":\"\"}}}}',1),(2,'contacts_text_font_hover','footer','{\"value\":{\"color\":\"rgb(105, 185, 207)\"}}',1),(2,'bottom_bar_bg','footer','{\"value\":{\"color\":\"rgb(244, 244, 244)\"}}',1),(2,'footer_tooltip_bg_color','footer','{\"value\":{\"color\":\"rgb(105, 185, 207)\"}}',1),(2,'footer_tooltip_font','footer','{\"value\":{\"color\":\"rgb(255, 255, 255)\"}}',1),(2,'contacts_icon_bg_hover','footer','{\"value\":{\"color\":\"rgb(105, 185, 207)\"}}',1),(2,'contacts_icon_bg','footer','{\"value\":{\"color\":\"rgb(68, 67, 73)\"}}',1),(2,'contacts_bar_bg','footer','{\"value\":{\"color\":\"\"}}',1),(2,'footer_titles_divider','footer','{\"value\":{\"color\":\"rgb(80, 80, 80)\"}}',1),(2,'html_font_color','footer','{\"value\":{\"color\":\"rgb(255, 255, 255)\"}}',1),(2,'footer_links_hover','footer','{\"value\":{\"color\":\"rgb(221, 0, 23)\"}}',1),(2,'footer_bg_color','footer','{\"value\":{\"color\":\"\"}}',1),(2,'bottom_bar_shadow','footer','none',0),(2,'boxed_bottom','footer','fullwidth-bar',0),(2,'bottom_bar_border','footer','{\"value\":{\"border_rounded\":\"px\",\"border_type\":\"solid\",\"border_radius_unit\":\"px\",\"border\":{\"value\":\"\"},\"border_top\":{\"value\":\"\"},\"border_right\":{\"value\":\"\"},\"border_bottom\":{\"value\":\"\"},\"border_left\":{\"value\":\"\"},\"border_radius\":{\"value\":\"\"},\"border_radius_top\":{\"value\":{\"text\":\"\"}},\"border_radius_right\":{\"value\":{\"text\":\"\"}},\"border_radius_left\":{\"value\":\"\"},\"border_radius_bottom\":{\"value\":\"\"}}}',1),(2,'contacts_bar_shadow','footer','none',0),(2,'contacts_display','footer','off',0),(2,'contacts_bar_border','footer','{\"value\":{\"border_rounded\":\"px\",\"border_type\":\"dotted\",\"border_radius_unit\":\"px\",\"border\":{\"value\":{\"text\":\"\"}},\"border_top\":{\"value\":{\"text\":\"1\"}},\"border_right\":{\"value\":\"\"},\"border_bottom\":{\"value\":{\"text\":\"1\"}},\"border_left\":{\"value\":\"\"},\"border_radius\":{\"value\":{\"text\":\"\"}},\"border_radius_top\":{\"value\":\"\"},\"border_radius_right\":{\"value\":\"\"},\"border_radius_left\":{\"value\":\"\"},\"border_radius_bottom\":{\"value\":\"\"},\"border_color\":{\"value\":{\"color\":\"rgb(80, 80, 80)\"}}}}',1),(2,'footer_tooltip_border','footer','{\"value\":{\"border_rounded\":\"px\",\"border_type\":\"solid\",\"border_radius_unit\":\"px\",\"border\":{\"value\":\"\"},\"border_top\":{\"value\":\"\"},\"border_right\":{\"value\":\"\"},\"border_bottom\":{\"value\":\"\"},\"border_left\":{\"value\":\"\"},\"border_radius\":{\"value\":{\"text\":\"3\"}},\"border_radius_top\":{\"value\":\"\"},\"border_radius_right\":{\"value\":\"\"},\"border_radius_left\":{\"value\":\"\"},\"border_radius_bottom\":{\"value\":\"\"}}}',1),(2,'side_product_image_height','sidecolumn','{\"value\":{\"text\":\"50\"}}',1),(2,'product_page_options_push_image_width','productpage','{\"value\":{\"text\":\"50\"}}',1),(2,'product_grid_button_bg_image','productgrid','{\"value\":{\"bgimage_attach\":\"scroll\",\"use_gradient\":0,\"bgimage_size\":\"auto\",\"bgimage_position\":\"center top\"}}',1),(2,'product_page_tabs_group_radius','productpage','{\"value\":{\"border_rounded\":\"px\",\"border\":{\"value\":\"\"},\"border_top\":{\"value\":\"\"},\"border_right\":{\"value\":\"\"},\"border_bottom\":{\"value\":\"\"},\"border_left\":{\"value\":\"\"},\"border_radius\":{\"value\":\"\"},\"border_radius_top\":{\"value\":{\"text\":\"3\"}},\"border_radius_right\":{\"value\":{\"text\":\"3\"}},\"border_radius_left\":{\"value\":\"\"},\"border_radius_bottom\":{\"value\":\"\"}}}',1),(2,'product_page_option_bg','productpage','{\"value\":{\"color\":\"\"}}',1),(2,'product_page_push_tooltip','productpage','block',0),(2,'product_page_options_push_image_height','productpage','{\"value\":{\"text\":\"50\"}}',1),(2,'pp_gallery_caption_bar_bg_image','productpage','{\"value\":{\"bgimage_attach\":\"scroll\",\"use_gradient\":0,\"bgimage_size\":\"auto\",\"bgimage_position\":\"center top\"}}',1),(2,'product_page_button_bg_image','productpage','{\"value\":{\"bgimage_attach\":\"scroll\",\"use_gradient\":0,\"bgimage_size\":\"auto\",\"bgimage_position\":\"center top\"}}',1),(2,'pp_gallery_image_border','productpage','{\"value\":{\"border_rounded\":\"px\"}}',1),(2,'product_page_button_bg_image_hover','productpage','{\"value\":{\"bgimage_attach\":\"scroll\",\"use_gradient\":0,\"bgimage_size\":\"auto\",\"bgimage_position\":\"center top\"}}',1),(2,'pp_gallery_arrows_bg_border','productpage','{\"value\":{\"border_rounded\":\"px\"}}',1),(2,'pp_button_shadow','productpage','{\"value\":{\"inner_shadow\":\"0\"}}',1),(2,'product_page_qty_status','productpage','on',0),(2,'product_page_spec_title_align','productpage','left',0),(2,'product_page_tab_options_line_height','productpage','{\"value\":{\"text\":\"\"}}',1),(2,'product_page_tab_image_line_height','productpage','{\"value\":{\"text\":\"\"}}',1),(2,'upload_button_border','productpage','{\"value\":{\"border_rounded\":\"px\",\"border\":{\"value\":\"\"},\"border_top\":{\"value\":\"\"},\"border_right\":{\"value\":\"\"},\"border_bottom\":{\"value\":\"\"},\"border_left\":{\"value\":\"\"},\"border_radius\":{\"value\":\"\"},\"border_radius_top\":{\"value\":\"\"},\"border_radius_right\":{\"value\":\"\"},\"border_radius_left\":{\"value\":\"\"},\"border_radius_bottom\":{\"value\":\"\"}}}',1),(2,'product_page_option_padding','productpage','{\"value\":{\"text\":\"\"}}',1),(2,'pp_button_shadow_active','productpage','{\"value\":{\"inner_shadow\":\"0\"}}',1),(2,'product_page_title_font','productpage','{\"value\":{\"font_type\":\"google\",\"font_size\":\"40px\",\"font_size_mobile\":\"---\",\"font_family\":\"Helvetica, Arial, sans-serif\",\"font_name\":\"Baloo Chettan\",\"font_weight\":\"regular\",\"font_style\":\"\",\"font_subset\":[\"malayalam\"],\"letter_spacing\":\"\",\"text_transform\":\"\",\"v\":\"2\"}}',1),(2,'pp_button_shadow_hover','productpage','{\"value\":{\"inner_shadow\":\"0\"}}',1),(2,'pp_gallery_thumbs_border','productpage','{\"value\":{\"border_rounded\":\"px\"}}',1),(2,'product_page_title_position','productpage','top',0),(2,'product_page_options_push_radio','productpage','1',0),(2,'product_page_title_border','productpage','{\"value\":{\"border_rounded\":\"px\",\"border\":{\"value\":\"\"},\"border_top\":{\"value\":\"\"},\"border_right\":{\"value\":\"\"},\"border_bottom\":{\"value\":\"\"},\"border_left\":{\"value\":\"\"},\"border_radius\":{\"value\":\"\"},\"border_radius_top\":{\"value\":\"\"},\"border_radius_right\":{\"value\":\"\"},\"border_radius_left\":{\"value\":\"\"},\"border_radius_bottom\":{\"value\":\"\"}}}',1),(2,'product_page_title_overflow','productpage','off',0),(2,'product_page_tabs_position','productpage','off',0),(2,'review_tex_danger_color','productpage','{\"value\":{\"color\":\"\"}}',1),(2,'product_page_spec_title_font','productpage','{\"value\":{\"font_type\":\"none\",\"font_size\":\"13px\",\"font_family\":\"Helvetica, Arial, sans-serif\",\"font_name\":\"ABeeZee\",\"font_weight\":\"regular\",\"font_style\":\"normal\",\"letter_spacing\":\"\",\"text_transform\":\"none\",\"font_subset\":[]}}',1),(2,'product_page_options_push_checkbox','productpage','1',0),(2,'product_page_title_align','productpage','center',0),(2,'product_page_options_push_image','productpage','1',0),(2,'product_page_price_padding','productpage','{\"value\":{\"text\":\"0\"}}',1),(2,'product_page_tabs_content_option_padding_top','productpage','{\"value\":{\"text\":\"\"}}',1),(2,'product_page_tabs_content_option_padding_bottom','productpage','{\"value\":{\"text\":\"\"}}',1),(2,'product_page_tabs_content_option_padding_left','productpage','{\"value\":{\"text\":\"\"}}',1),(2,'product_page_price_bg','productpage','{\"value\":{\"color\":\"rgba(0, 0, 0, 0)\"}}',1),(2,'product_page_tabs_content_option_padding_right','productpage','{\"value\":{\"text\":\"\"}}',1),(2,'product_page_spec_font','productpage','{\"value\":{\"font_type\":\"none\",\"font_size\":\"13px\",\"font_family\":\"Helvetica, Arial, sans-serif\",\"font_name\":\"ABeeZee\",\"font_weight\":\"regular\",\"font_style\":\"normal\",\"letter_spacing\":\"\",\"text_transform\":\"none\",\"font_subset\":[],\"color\":{\"value\":{\"color\":\"\"}}}}',1),(2,'product_page_options_sold_text','productpage','{\"value\":[null,\"\",null,\"\"]}',1),(2,'product_page_push_image_border','productpage','{\"value\":{\"border_rounded\":\"px\",\"border\":{\"value\":{\"text\":\"3\"}},\"border_top\":{\"value\":\"\"},\"border_right\":{\"value\":\"\"},\"border_bottom\":{\"value\":\"\"},\"border_left\":{\"value\":\"\"},\"border_radius\":{\"value\":{\"text\":\"\"}},\"border_radius_top\":{\"value\":\"\"},\"border_radius_right\":{\"value\":\"\"},\"border_radius_left\":{\"value\":\"\"},\"border_radius_bottom\":{\"value\":\"\"}}}',1),(2,'product_page_title_status','productpage','0',0),(2,'product_page_options_sold_text_font','productpage','{\"value\":{\"font_type\":\"system\",\"font_size\":\"15px\",\"font_family\":\"Helvetica, Arial, sans-serif\",\"font_name\":\"\",\"font_weight\":\"bold\",\"font_style\":\"normal\",\"letter_spacing\":\"\",\"text_transform\":\"none\"}}',1),(2,'product_page_spec_value_font','productpage','{\"value\":{\"font_type\":\"none\",\"font_size\":\"13px\",\"font_family\":\"Helvetica, Arial, sans-serif\",\"font_name\":\"ABeeZee\",\"font_weight\":\"regular\",\"font_style\":\"normal\",\"letter_spacing\":\"\",\"text_transform\":\"none\",\"font_subset\":[],\"color\":{\"value\":{\"color\":\"\"}}}}',1),(2,'product_page_options_sold','productpage','0',0),(2,'product_page_options_brand_image_border','productpage','{\"value\":{\"border_rounded\":\"px\"}}',1),(2,'manufacturer_image_custom_text','productpage','{\"value\":[null,\"See more products from this brand.\"]}',1),(2,'product_page_cloud_zoom_inner','productpage','0',0),(2,'product_page_tabs_content_image_padding_bottom','productpage','{\"value\":{\"text\":\"\"}}',1),(2,'product_page_tabs_content_image_padding_right','productpage','{\"value\":{\"text\":\"\"}}',1),(2,'product_page_spec_align','productpage','left',0),(2,'manufacturer_image','productpage','0',0),(2,'manufacturer_image_additional_text','productpage','custom',0),(2,'product_page_auto_update_price','productpage','1',0),(2,'product_page_tabs_line_height','productpage','{\"value\":{\"text\":\"\"}}',1),(2,'share_buttons_style','productpage',' ',0),(2,'product_page_tabs_shadow','productpage','none',0),(2,'product_page_tabs_content_image_padding_left','productpage','{\"value\":{\"text\":\"\"}}',1),(2,'product_page_tabs_content_image_padding_top','productpage','{\"value\":{\"text\":\"\"}}',1),(2,'share_buttons_bg','productpage','{\"value\":{\"color\":\"\"}}',1),(2,'product_page_gallery_carousel_icon_hover','productpage','{\"value\":{\"color\":\"rgb(221, 0, 23)\"}}',1),(2,'product_page_option_label','productpage','{\"value\":{\"font_type\":\"google\",\"font_size\":\"15px\",\"font_family\":\"Helvetica, Arial, sans-serif\",\"font_name\":\"Baloo Chettan\",\"font_weight\":\"regular\",\"font_style\":\"\",\"letter_spacing\":\"\",\"text_transform\":\"\",\"color\":{\"value\":{\"color\":\"rgb(66, 139, 202)\"}},\"v\":\"2\",\"font_size_mobile\":\"---\",\"font_subset\":[\"malayalam\"]}}',1),(2,'product_page_gallery_carousel_icon_height','productpage','{\"value\":{\"text\":\"500\"}}',1),(2,'product_page_gallery_carousel_icon_bg','productpage','{\"value\":{\"color\":\"\"}}',1),(2,'product_page_button_line_height','productpage','{\"value\":{\"text\":\"\"}}',1),(2,'product_page_gallery_carousel_icon_width','productpage','{\"value\":{\"text\":\"500\"}}',1),(2,'product_page_gallery_carousel_icon_bg_hover','productpage','{\"value\":{\"color\":\"\"}}',1),(2,'product_page_gallery_carousel_icon_offset','productpage','{\"value\":{\"text\":\"-3\"}}',1),(2,'product_page_option_label_hover','productpage','{\"value\":{\"color\":\"rgb(221, 0, 23)\"}}',1),(2,'product_page_option_font','productpage','{\"value\":{\"font_type\":\"google\",\"font_size\":\"---\",\"font_family\":\"Helvetica, Arial, sans-serif\",\"font_name\":\"Baloo Chettan\",\"font_weight\":\"regular\",\"font_style\":\"\",\"letter_spacing\":\"\",\"text_transform\":\"\",\"font_subset\":[\"malayalam\"],\"v\":\"2\",\"font_size_mobile\":\"---\"}}',1),(2,'product_page_options_push_border','productpage','{\"value\":{\"border_rounded\":\"px\",\"border_type\":\"solid\",\"border_radius_unit\":\"px\",\"border\":{\"value\":\"\"},\"border_top\":{\"value\":\"\"},\"border_right\":{\"value\":\"\"},\"border_bottom\":{\"value\":\"\"},\"border_left\":{\"value\":\"\"},\"border_radius\":{\"value\":{\"text\":\"3\"}},\"border_radius_top\":{\"value\":\"\"},\"border_radius_right\":{\"value\":\"\"},\"border_radius_left\":{\"value\":\"\"},\"border_radius_bottom\":{\"value\":\"\"}}}',1),(2,'product_page_options_padding_left','productpage','{\"value\":{\"text\":\"10\"}}',1),(2,'product_page_options_padding_right','productpage','{\"value\":{\"text\":\"10\"}}',1),(2,'product_page_options_padding_bottom','productpage','{\"value\":{\"text\":\"10\"}}',1),(2,'product_page_options_padding_top','productpage','{\"value\":{\"text\":\"10\"}}',1),(2,'product_page_gallery_carousel_touch_drag','productpage','1',0),(2,'related_products_carousel_autoplay','productpage','1',0),(2,'tags_border','productpage','{\"value\":{\"border_rounded\":\"px\",\"border_type\":\"solid\",\"border_radius_unit\":\"px\",\"border\":{\"value\":\"\"},\"border_top\":{\"value\":\"\"},\"border_right\":{\"value\":\"\"},\"border_bottom\":{\"value\":\"\"},\"border_left\":{\"value\":\"\"},\"border_radius\":{\"value\":{\"text\":\"15\"}},\"border_radius_top\":{\"value\":\"\"},\"border_radius_right\":{\"value\":\"\"},\"border_radius_left\":{\"value\":\"\"},\"border_radius_bottom\":{\"value\":\"\"}}}',1),(2,'share_buttons_disable_on_mobile','productpage','1',0),(2,'product_page_gallery_carousel_icon_border','productpage','{\"value\":{\"border_rounded\":\"px\",\"border_type\":\"solid\",\"border_radius_unit\":\"%\",\"border\":{\"value\":\"\"},\"border_top\":{\"value\":\"\"},\"border_right\":{\"value\":\"\"},\"border_bottom\":{\"value\":\"\"},\"border_left\":{\"value\":\"\"},\"border_radius\":{\"value\":{\"text\":\"50\"}},\"border_radius_top\":{\"value\":\"\"},\"border_radius_right\":{\"value\":\"\"},\"border_radius_left\":{\"value\":\"\"},\"border_radius_bottom\":{\"value\":\"\"}}}',1),(2,'split_ratio','productpage','split-40-60',0),(2,'product_page_gallery_carousel_transition_delay','productpage','{\"value\":{\"text\":\"3000\"}}',1),(2,'related_products_carousel_transition_delay','productpage','{\"value\":{\"text\":\"3000\"}}',1),(2,'related_products_carousel_transition_speed','productpage','{\"value\":{\"text\":\"400\"}}',1),(2,'product_page_gallery_carousel_transition_speed','productpage','{\"value\":{\"text\":\"300\"}}',1),(2,'tags_hover_bg','productpage','{\"value\":{\"color\":\"rgb(221, 0, 23)\"}}',1),(2,'tags_bg','productpage','{\"value\":{\"color\":\"rgb(244, 244, 244)\"}}',1),(2,'tags_hover_font','productpage','{\"value\":{\"color\":\"rgb(255, 255, 255)\"}}',1),(2,'tags_font','productpage','{\"value\":{\"font_type\":\"google\",\"font_size\":\"---\",\"font_family\":\"Helvetica, Arial, sans-serif\",\"font_name\":\"Baloo Chettan\",\"font_weight\":\"regular\",\"font_style\":\"\",\"text_transform\":\"\",\"letter_spacing\":\"\",\"v\":\"2\",\"font_size_mobile\":\"---\",\"font_subset\":[\"malayalam\"]}}',1),(2,'tags_title_bg','productpage','{\"value\":{\"color\":\"rgb(68, 67, 73)\"}}',1),(2,'tags_title_font','productpage','{\"value\":{\"font_type\":\"google\",\"font_size\":\"---\",\"font_family\":\"Helvetica, Arial, sans-serif\",\"font_name\":\"Baloo Chettan\",\"font_weight\":\"regular\",\"font_style\":\"\",\"text_transform\":\"\",\"color\":{\"value\":{\"color\":\"rgb(255, 255, 255)\"}},\"letter_spacing\":\"\",\"v\":\"2\",\"font_size_mobile\":\"---\",\"font_subset\":[\"malayalam\"]}}',1),(2,'tags_align','productpage','left',0),(2,'related_products_carousel_touch_drag','productpage','1',0),(2,'related_products_carousel_pause_on_hover','productpage','1',0),(2,'product_page_gallery_carousel_pause_on_hover','productpage','1',0),(2,'related_products_items_per_row','productpage','{\"value\":{\"mobile\":{\"value\":\"2\",\"range\":\"1,8\",\"step\":\"1\"},\"mobile1\":{\"value\":\"3\",\"range\":\"1,8\",\"step\":\"1\"},\"tablet\":{\"value\":\"4\",\"range\":\"1,8\",\"step\":\"1\"},\"tablet1\":{\"value\":\"3\",\"range\":\"1,8\",\"step\":\"1\"},\"tablet2\":{\"value\":\"1\",\"range\":\"1,8\",\"step\":\"1\"},\"desktop\":{\"value\":\"5\",\"range\":\"1,8\",\"step\":\"1\"},\"desktop1\":{\"value\":\"4\",\"range\":\"1,8\",\"step\":\"1\"},\"desktop2\":{\"value\":\"2\",\"range\":\"1,8\",\"step\":\"1\"},\"large_desktop\":{\"value\":\"6\",\"range\":\"1,8\",\"step\":\"1\"},\"large_desktop1\":{\"value\":\"5\",\"range\":\"1,8\",\"step\":\"1\"},\"large_desktop2\":{\"value\":\"3\",\"range\":\"1,8\",\"step\":\"1\"}},\"step\":\"1\",\"range\":\"1,8\"}',1),(2,'product_page_tabs_content_bg','productpage','{\"value\":{\"color\":\"rgb(250, 250, 250)\"}}',1),(2,'product_page_tabs_content_image_bg','productpage','{\"value\":{\"color\":\"\"}}',1),(2,'product_page_tabs_content_option_bg','productpage','{\"value\":{\"color\":\"\"}}',1),(2,'product_page_gallery_carousel_autoplay','productpage','1',0),(2,'share_buttons','productpage','[{\"id\":\"st_li_fblike\"},{\"id\":\"st_li_twitter\"},{\"id\":\"st_li_pinterest\"},{\"id\":\"st_li_googleplus\"},{\"id\":\"st_li_instagram\"}]',1),(2,'product_page_tabs_font_hover','productpage','{\"value\":{\"color\":\"rgb(255, 255, 255)\"}}',1),(2,'product_page_tabs_bg','productpage','{\"value\":{\"color\":\"rgb(68, 67, 73)\"}}',1),(2,'product_page_tabs_bg_hover','productpage','{\"value\":{\"color\":\"rgb(221, 0, 23)\"}}',1),(2,'product_page_wishlist_bg','productpage','{\"value\":{\"color\":\"rgb(247, 247, 247)\"}}',1),(2,'product_page_wishlist_font_hover','productpage','{\"value\":{\"color\":\"rgb(221, 0, 23)\"}}',1),(2,'product_page_button_bg_hover','productpage','{\"value\":{\"color\":\"rgb(221, 0, 23)\"}}',1),(2,'product_page_button_bg','productpage','{\"value\":{\"color\":\"rgb(68, 67, 73)\"}}',1),(2,'product_page_button_font_hover','productpage','{\"value\":{\"color\":\"\"}}',1),(2,'product_page_qty_bg_hover_color','productpage','{\"value\":{\"color\":\"rgb(221, 0, 23)\"}}',1),(2,'product_page_qty_bg_color','productpage','{\"value\":{\"color\":\"rgb(68, 67, 73)\"}}',1),(2,'product_page_qty_hover_color','productpage','{\"value\":{\"color\":\"rgb(255, 255, 255)\"}}',1),(2,'product_page_qty_color','productpage','{\"value\":{\"color\":\"rgb(255, 255, 255)\"}}',1),(2,'product_page_options_push_select_bg_active','productpage','{\"value\":{\"color\":\"rgb(221, 0, 23)\"}}',1),(2,'product_page_options_push_select_font_active','productpage','{\"value\":{\"color\":\"rgb(68, 67, 73)\"}}',1),(2,'product_page_wishlist_icon','productpage','{\"value\":{\"options\":{\"font_size\":\"14px\"},\"icon_type\":\"icon\",\"icon\":{\"icon\":\"&#xe662;\",\"class\":\"heart2\"}}}',1),(2,'product_page_compare_icon','productpage','{\"value\":{\"options\":{\"font_size\":\"14px\"},\"icon_type\":\"icon\",\"icon\":{\"icon\":\"&#xe025;\",\"class\":\"refresh\"}}}',1),(2,'product_page_options_links_hover','productpage','{\"value\":{\"color\":\"\"}}',1),(2,'product_page_options_item_bg','productpage','{\"value\":{\"color\":\"rgb(255, 255, 255)\"}}',1),(2,'product_page_options_old_price_bg','productpage','{\"value\":{\"color\":\"rgb(221, 0, 23)\"}}',1),(2,'product_page_options_title_bg','productpage','{\"value\":{\"color\":\"rgb(169, 184, 192)\"}}',1),(2,'product_page_options_divider','productpage','{\"value\":{\"color\":\"rgb(255, 255, 255)\"}}',1),(2,'product_page_options_push_select_bg','productpage','{\"value\":{\"color\":\"rgb(68, 67, 73)\"}}',1),(2,'product_page_button_icon','productpage','{\"value\":{\"options\":{\"font_size\":\"22px\",\"color\":{\"value\":{\"color\":\"rgb(255, 255, 255)\"}},\"top\":\"3\",\"left\":\"2\"},\"icon_type\":\"none\",\"icon\":{\"icon\":\"&#xe69a;\",\"class\":\"myFont3\"}}}',1),(2,'product_page_gallery_carousel_icon_left','productpage','{\"value\":{\"options\":{\"font_size\":\"20px\",\"color\":{\"value\":{\"color\":\"rgb(68, 67, 73)\"}},\"top\":\"\"},\"icon_type\":\"icon\",\"icon\":{\"icon\":\"&#xe61f;\",\"class\":\"play3\"}}}',1),(2,'product_page_gallery_carousel_icon_right','productpage','{\"value\":{\"options\":{\"font_size\":\"20px\",\"color\":{\"value\":{\"color\":\"rgb(68, 67, 73)\"}},\"top\":\"\",\"left\":\"\"},\"icon_type\":\"icon\",\"icon\":{\"icon\":\"&#xe620;\",\"class\":\"play4\"}}}',1),(2,'related_products_status','productpage','0',0),(2,'related_products_carousel','productpage','1',0),(2,'related_products_carousel_arrows','productpage','top',0),(2,'related_products_carousel_bullets','productpage','1',0),(2,'product_page_gallery_text_icon','productpage','{\"value\":{\"options\":{\"font_size\":\"16px\",\"color\":{\"value\":{\"color\":\"\"}}},\"icon_type\":\"icon\",\"icon\":{\"icon\":\"&#xe015;\",\"class\":\"zoom-in2\"}}}',1),(2,'product_page_tabs_content_image_title_font','productpage','{\"value\":{\"font_type\":\"system\",\"font_size\":\"15px\",\"font_family\":\"Helvetica, Arial, sans-serif\",\"font_name\":\"Droid Serif\",\"font_weight\":\"bold\",\"font_style\":\"normal\",\"text_transform\":\"none\",\"font_subset\":[\"latin\"]}}',1),(2,'product_page_tabs_content_image_font','productpage','{\"value\":{\"font_type\":\"system\",\"font_size\":\"12px\",\"font_family\":\"Helvetica, Arial, sans-serif\",\"font_name\":\"\",\"font_weight\":\"normal\",\"font_style\":\"normal\",\"text_transform\":\"none\"}}',1),(2,'product_page_tabs_content_image_border','productpage','{\"value\":{\"border_rounded\":\"px\",\"border_type\":\"solid\",\"border_radius_unit\":\"px\",\"border\":{\"value\":\"\"},\"border_top\":{\"value\":\"\"},\"border_right\":{\"value\":\"\"},\"border_bottom\":{\"value\":\"\"},\"border_left\":{\"value\":\"\"},\"border_radius\":{\"value\":{\"text\":\"3\"}},\"border_radius_top\":{\"value\":\"\"},\"border_radius_right\":{\"value\":\"\"},\"border_radius_left\":{\"value\":\"\"},\"border_radius_bottom\":{\"value\":\"\"}}}',1),(2,'product_page_tabs_content_option_title_font','productpage','{\"value\":{\"font_type\":\"system\",\"font_size\":\"15px\",\"font_family\":\"Helvetica, Arial, sans-serif\",\"font_name\":\"Droid Serif\",\"font_weight\":\"bold\",\"font_style\":\"normal\",\"text_transform\":\"none\",\"font_subset\":[\"latin\"],\"color\":{\"value\":{\"color\":\"\"}}}}',1),(2,'product_page_tabs_content_option_font','productpage','{\"value\":{\"font_type\":\"system\",\"font_size\":\"12px\",\"font_family\":\"Helvetica, Arial, sans-serif\",\"font_name\":\"\",\"font_weight\":\"normal\",\"font_style\":\"normal\",\"text_transform\":\"none\"}}',1),(2,'product_page_tabs_content_option_border','productpage','{\"value\":{\"border_rounded\":\"px\",\"border_type\":\"solid\",\"border_radius_unit\":\"px\",\"border\":{\"value\":\"\"},\"border_top\":{\"value\":\"\"},\"border_right\":{\"value\":\"\"},\"border_bottom\":{\"value\":\"\"},\"border_left\":{\"value\":\"\"},\"border_radius\":{\"value\":{\"text\":\"3\"}},\"border_radius_top\":{\"value\":\"\"},\"border_radius_right\":{\"value\":\"\"},\"border_radius_left\":{\"value\":\"\"},\"border_radius_bottom\":{\"value\":\"\"}}}',1),(2,'product_page_options_push_select_font','productpage','{\"value\":{\"font_type\":\"none\",\"font_size\":\"---\",\"font_family\":\"Helvetica, Arial, sans-serif\",\"font_name\":\"\",\"font_weight\":\"\",\"font_style\":\"\",\"text_transform\":\"\",\"color\":{\"value\":{\"color\":\"rgb(255, 255, 255)\"}},\"letter_spacing\":\"\",\"v\":\"2\",\"font_size_mobile\":\"---\"}}',1),(2,'product_page_qty_border','productpage','{\"value\":{\"border_rounded\":\"px\",\"border_type\":\"solid\",\"border_radius_unit\":\"px\",\"border\":{\"value\":\"\"},\"border_top\":{\"value\":\"\"},\"border_right\":{\"value\":\"\"},\"border_bottom\":{\"value\":\"\"},\"border_left\":{\"value\":\"\"},\"border_radius\":{\"value\":{\"text\":\"3\"}},\"border_radius_top\":{\"value\":\"\"},\"border_radius_right\":{\"value\":\"\"},\"border_radius_left\":{\"value\":\"\"},\"border_radius_bottom\":{\"value\":\"\"}}}',1),(2,'product_page_button_icon_position','productpage','left',0),(2,'product_page_button_font','productpage','{\"value\":{\"font_type\":\"google\",\"font_size\":\"16px\",\"font_family\":\"Helvetica, Arial, sans-serif\",\"font_name\":\"Baloo Chettan\",\"font_weight\":\"regular\",\"font_style\":\"normal\",\"text_transform\":\"uppercase\",\"font_subset\":[\"malayalam\"],\"color\":{\"value\":{\"color\":\"rgb(255, 255, 255)\"}},\"letter_spacing\":\"\",\"v\":\"2\",\"font_size_mobile\":\"---\"}}',1),(2,'product_page_button_border','productpage','{\"value\":{\"border_rounded\":\"px\",\"border_type\":\"solid\",\"border_radius_unit\":\"px\",\"border\":{\"value\":{\"text\":\"0\"}},\"border_top\":{\"value\":\"\"},\"border_right\":{\"value\":\"\"},\"border_bottom\":{\"value\":\"\"},\"border_left\":{\"value\":\"\"},\"border_radius\":{\"value\":{\"text\":\"\"}},\"border_radius_top\":{\"value\":\"\"},\"border_radius_right\":{\"value\":\"\"},\"border_radius_left\":{\"value\":\"\"},\"border_radius_bottom\":{\"value\":\"\"},\"border_color\":{\"value\":{\"color\":\"\"}}}}',1),(2,'product_page_wishlist_font','productpage','{\"value\":{\"font_type\":\"system\",\"font_size\":\"14px\",\"font_family\":\"Helvetica, Arial, sans-serif\",\"font_name\":\"Roboto\",\"font_weight\":\"normal\",\"font_style\":\"normal\",\"text_transform\":\"none\",\"color\":{\"value\":{\"color\":\"rgb(68, 67, 73)\"}},\"font_subset\":[\"latin\"]}}',1),(2,'share_buttons_status','productpage','1',0),(2,'share_buttons_position','productpage','right',0),(2,'share_buttons_account_key','productpage','{\"value\":\"\"}',1),(2,'product_page_tabs_font','productpage','{\"value\":{\"font_type\":\"google\",\"font_size\":\"15px\",\"font_family\":\"Helvetica, Arial, sans-serif\",\"font_name\":\"Baloo Chettan\",\"font_weight\":\"regular\",\"font_style\":\"normal\",\"text_transform\":\"none\",\"font_subset\":[\"malayalam\"],\"color\":{\"value\":{\"color\":\"rgb(255, 255, 255)\"}},\"letter_spacing\":\"\",\"v\":\"2\",\"font_size_mobile\":\"---\"}}',1),(2,'product_page_tabs_border','productpage','{\"value\":{\"border_rounded\":\"px\",\"border_type\":\"solid\",\"border_radius_unit\":\"px\",\"border\":{\"value\":\"\"},\"border_top\":{\"value\":\"\"},\"border_right\":{\"value\":\"\"},\"border_bottom\":{\"value\":\"\"},\"border_left\":{\"value\":\"\"},\"border_radius\":{\"value\":{\"text\":\"\"}},\"border_radius_top\":{\"value\":{\"text\":\"3\"}},\"border_radius_right\":{\"value\":{\"text\":\"3\"}},\"border_radius_left\":{\"value\":\"\"},\"border_radius_bottom\":{\"value\":\"\"}}}',1),(2,'product_page_tabs_content_font','productpage','{\"value\":{\"font_type\":\"none\",\"font_size\":\"13px\",\"font_family\":\"Helvetica, Arial, sans-serif\",\"font_name\":\"ABeeZee\",\"font_weight\":\"regular\",\"font_style\":\"normal\",\"text_transform\":\"none\",\"font_subset\":[\"latin\"]}}',1),(2,'product_page_tabs_content_ul_font','productpage','{\"value\":{\"font_type\":\"none\",\"font_size\":\"13px\",\"font_family\":\"Helvetica, Arial, sans-serif\",\"font_name\":\"\",\"font_weight\":\"normal\",\"font_style\":\"normal\",\"text_transform\":\"none\"}}',1),(2,'product_page_tabs_content_border','productpage','{\"value\":{\"border_rounded\":\"px\",\"border_type\":\"solid\",\"border_radius_unit\":\"px\",\"border\":{\"value\":\"\"},\"border_top\":{\"value\":\"\"},\"border_right\":{\"value\":\"\"},\"border_bottom\":{\"value\":\"\"},\"border_left\":{\"value\":\"\"},\"border_radius\":{\"value\":\"\"},\"border_radius_top\":{\"value\":\"\"},\"border_radius_right\":{\"value\":{\"text\":\"3\"}},\"border_radius_left\":{\"value\":{\"text\":\"3\"}},\"border_radius_bottom\":{\"value\":{\"text\":\"3\"}}}}',1),(2,'product_page_options_push_select','productpage','1',0),(2,'product_page_options_push_shadow','productpage','inset 0 0 8px rgba(0, 0, 0, 0.7)',0),(2,'product_page_options_title','productpage','{\"value\":{\"font_type\":\"google\",\"font_size\":\"14px\",\"font_family\":\"Helvetica, Arial, sans-serif\",\"font_name\":\"Droid Serif\",\"font_weight\":\"regular\",\"font_style\":\"normal\",\"text_transform\":\"none\",\"color\":{\"value\":{\"color\":\"rgb(255, 255, 255)\"}},\"font_subset\":[\"latin\"]}}',1),(2,'product_page_tabs_content_padding','productpage','{\"value\":{\"text\":\"15\"}}',1),(2,'product_page_options_outstock_font','productpage','{\"value\":{\"font_type\":\"none\",\"font_size\":\"13px\",\"font_family\":\"Helvetica, Arial, sans-serif\",\"font_name\":\"\",\"font_weight\":\"bold\",\"font_style\":\"normal\",\"text_transform\":\"none\",\"color\":{\"value\":{\"color\":\"rgb(221, 0, 23)\"}}}}',1),(2,'product_page_options_price_font','productpage','{\"value\":{\"font_type\":\"google\",\"font_size\":\"40px\",\"font_family\":\"Verdana, Geneva, sans-serif\",\"font_name\":\"Baloo Chettan\",\"font_weight\":\"regular\",\"font_style\":\"italic\",\"text_transform\":\"uppercase\",\"font_subset\":[\"malayalam\"],\"color\":{\"value\":{\"color\":\"rgb(0, 0, 0)\"}},\"v\":\"2\",\"font_size_mobile\":\"---\"}}',1),(2,'product_page_options_old_price_border','productpage','{\"value\":{\"border_rounded\":\"px\",\"border_type\":\"solid\",\"border_radius_unit\":\"px\",\"border\":{\"value\":\"\"},\"border_top\":{\"value\":\"\"},\"border_right\":{\"value\":\"\"},\"border_bottom\":{\"value\":\"\"},\"border_left\":{\"value\":\"\"},\"border_radius\":{\"value\":{\"text\":\"3\"}},\"border_radius_top\":{\"value\":\"\"},\"border_radius_right\":{\"value\":\"\"},\"border_radius_left\":{\"value\":\"\"},\"border_radius_bottom\":{\"value\":\"\"}}}',1),(2,'product_page_options_old_price_font','productpage','{\"value\":{\"font_type\":\"google\",\"font_size\":\"22px\",\"font_family\":\"Helvetica, Arial, sans-serif\",\"font_name\":\"Baloo Chettan\",\"font_weight\":\"regular\",\"font_style\":\"normal\",\"text_transform\":\"none\",\"color\":{\"value\":{\"color\":\"rgb(255, 255, 255)\"}},\"font_subset\":[\"malayalam\"],\"v\":\"2\",\"font_size_mobile\":\"---\"}}',1),(2,'logo_bg_color','header','{\"value\":{\"color\":\"rgb(42, 43, 46)\"}}',1),(2,'top_bar_bg_color','header','{\"value\":{\"color\":\"rgb(255, 255, 255)\"}}',1),(2,'side_module_link_bg','sidecolumn','{\"value\":{\"color\":\"\"}}',1),(2,'side_module_link_font','sidecolumn','{\"value\":{\"font_type\":\"google\",\"font_size\":\"15px\",\"font_family\":\"Helvetica, Arial, sans-serif\",\"font_name\":\"Baloo Chettan\",\"font_weight\":\"regular\",\"font_style\":\"normal\",\"letter_spacing\":\"\",\"text_transform\":\"none\",\"color\":{\"value\":{\"color\":\"rgb(0, 0, 0)\"}},\"font_subset\":[\"malayalam\"],\"v\":\"2\",\"font_size_mobile\":\"---\"}}',1),(2,'side_product_image_width','sidecolumn','{\"value\":{\"text\":\"50\"}}',1),(2,'side_product_name_font','sidecolumn','{\"value\":{\"font_type\":\"none\",\"font_size\":\"13px\",\"font_family\":\"Helvetica, Arial, sans-serif\",\"font_name\":\"\",\"font_weight\":\"normal\",\"font_style\":\"normal\",\"letter_spacing\":\"\",\"text_transform\":\"none\",\"color\":{\"value\":{\"color\":\"\"}}}}',1),(2,'side_product_name_font_hover','sidecolumn','{\"value\":{\"color\":\"\"}}',1),(2,'side_product_name_overflow','sidecolumn','normal',0),(2,'side_product_price_font','sidecolumn','{\"value\":{\"font_type\":\"none\",\"font_size\":\"13px\",\"font_family\":\"Helvetica, Arial, sans-serif\",\"font_name\":\"\",\"font_weight\":\"normal\",\"font_style\":\"normal\",\"letter_spacing\":\"\",\"text_transform\":\"none\",\"color\":{\"value\":{\"color\":\"\"}}}}',1),(2,'side_product_old_price_font','sidecolumn','{\"value\":{\"font_type\":\"none\",\"font_size\":\"13px\",\"font_family\":\"Helvetica, Arial, sans-serif\",\"font_name\":\"\",\"font_weight\":\"normal\",\"font_style\":\"normal\",\"letter_spacing\":\"\",\"text_transform\":\"none\",\"color\":{\"value\":{\"color\":\"\"}}}}',1),(2,'side_title_border','sidecolumn','{\"value\":{\"border_rounded\":\"px\"}}',1),(2,'side_category_link_plus','sidecolumn','{\"value\":{\"text\":\"7\"}}',1),(2,'side_category_link_plus_right','sidecolumn','{\"value\":{\"text\":\"0\"}}',1),(2,'category_plus_font','sidecolumn','{\"value\":{\"font_type\":\"system\",\"font_size\":\"18px\",\"font_family\":\"Helvetica, Arial, sans-serif\",\"font_name\":\"\",\"font_weight\":\"normal\",\"font_style\":\"normal\",\"letter_spacing\":\"\",\"text_transform\":\"none\",\"color\":{\"value\":{\"color\":\"rgb(255, 255, 255)\"}}}}',1),(2,'side_category_link_plus_height','sidecolumn','{\"value\":{\"text\":\"20\"}}',1),(2,'side_category_link_plus_width','sidecolumn','{\"value\":{\"text\":\"20\"}}',1),(2,'side_category_link_padding_right','sidecolumn','{\"value\":{\"text\":\"20\"}}',1),(2,'side_category_product_padding_top','sidecolumn','{\"value\":{\"text\":\"8\"}}',1),(2,'side_category_product_padding_bottom','sidecolumn','{\"value\":{\"text\":\"0\"}}',1),(2,'side_category_sub_left_padding','sidecolumn','{\"value\":{\"text\":\"7\"}}',1),(2,'side_modules_margin','sidecolumn','on',0),(2,'side_category_link_padding_left','sidecolumn','{\"value\":{\"text\":\"0\"}}',1),(2,'side_category_link_padding_top','sidecolumn','{\"value\":{\"text\":\"10\"}}',1),(2,'side_category_link_padding_bottom','sidecolumn','{\"value\":{\"text\":\"2\"}}',1),(2,'side_category_product_padding_left','sidecolumn','{\"value\":{\"text\":\"0\"}}',1),(2,'side_category_product_padding_right','sidecolumn','{\"value\":{\"text\":\"0\"}}',1),(2,'side_title_font','sidecolumn','{\"value\":{\"font_type\":\"google\",\"font_size\":\"23px\",\"font_family\":\"Helvetica, Arial, sans-serif\",\"font_name\":\"Baloo Chettan\",\"font_weight\":\"regular\",\"font_style\":\"normal\",\"letter_spacing\":\"\",\"text_transform\":\"none\",\"font_subset\":[\"malayalam\"],\"v\":\"2\",\"font_size_mobile\":\"---\",\"color\":{\"value\":{\"color\":\"rgb(0, 0, 0)\"}}}}',1),(2,'category_plus_bg_hover','sidecolumn','{\"value\":{\"color\":\"rgb(221, 0, 23)\"}}',1),(2,'side_module_sub_link_icon','sidecolumn','{\"value\":{\"options\":{\"font_size\":\"13px\",\"color\":{\"value\":{\"color\":\"rgb(169, 184, 192)\"}},\"top\":\"1\"},\"icon_type\":\"none\",\"icon\":{\"icon\":\"&#xe6ae;\",\"class\":\"caret-right\"}}}',1),(2,'category_plus_hover','sidecolumn','{\"value\":{\"color\":\"rgb(255, 255, 255)\"}}',1),(2,'side_module_divider','sidecolumn','{\"value\":{\"color\":\"rgba(255, 255, 255, 0)\"}}',1),(2,'category_plus_bg','sidecolumn','{\"value\":{\"color\":\"rgb(68, 67, 73)\"}}',1),(2,'category_plus_color','sidecolumn','{\"value\":{\"color\":\"rgb(0, 0, 0)\"}}',1),(2,'side_module_font_color','sidecolumn','{\"value\":{\"color\":\"rgb(0, 0, 0)\"}}',1),(2,'side_module_link_hover','sidecolumn','{\"value\":{\"color\":\"rgb(221, 0, 23)\"}}',1),(2,'side_module_link_bg_hover','sidecolumn','{\"value\":{\"color\":\"rgb(255, 255, 255)\"}}',1),(2,'side_module_link_icon','sidecolumn','{\"value\":{\"options\":{\"font_size\":\"15px\",\"color\":{\"value\":{\"color\":\"rgb(80, 80, 80)\"}},\"top\":\"-1\"},\"icon_type\":\"icon\",\"icon\":{\"icon\":\"&#xe62c;\",\"class\":\"angle-right\"}}}',1),(2,'side_module_bg','sidecolumn','{\"value\":{\"color\":\"\"}}',1),(2,'category_plus_border','sidecolumn','{\"value\":{\"border_rounded\":\"px\",\"border_type\":\"solid\",\"border_radius_unit\":\"%\",\"border\":{\"value\":\"\"},\"border_top\":{\"value\":\"\"},\"border_right\":{\"value\":\"\"},\"border_bottom\":{\"value\":\"\"},\"border_left\":{\"value\":\"\"},\"border_radius\":{\"value\":{\"text\":\"50\"}},\"border_radius_top\":{\"value\":\"\"},\"border_radius_right\":{\"value\":\"\"},\"border_radius_left\":{\"value\":\"\"},\"border_radius_bottom\":{\"value\":\"\"}}}',1),(2,'side_module_border','sidecolumn','{\"value\":{\"text\":\"5\",\"border_rounded\":\"px\",\"border_type\":\"solid\",\"border_radius_unit\":\"px\",\"border\":{\"value\":\"\"},\"border_top\":{\"value\":\"\"},\"border_right\":{\"value\":\"\"},\"border_bottom\":{\"value\":\"\"},\"border_left\":{\"value\":\"\"},\"border_radius\":{\"value\":{\"text\":\"\"}},\"border_radius_top\":{\"value\":\"\"},\"border_radius_right\":{\"value\":\"\"},\"border_radius_left\":{\"value\":\"\"},\"border_radius_bottom\":{\"value\":\"\"}}}',1),(2,'side_module_image_border','sidecolumn','{\"value\":{\"border_rounded\":\"px\",\"border_type\":\"solid\",\"border_radius_unit\":\"%\",\"border\":{\"value\":{\"text\":\"\"}},\"border_top\":{\"value\":\"\"},\"border_right\":{\"value\":\"\"},\"border_bottom\":{\"value\":\"\"},\"border_left\":{\"value\":\"\"},\"border_radius\":{\"value\":{\"text\":\"3\"}},\"border_radius_top\":{\"value\":\"\"},\"border_radius_right\":{\"value\":\"\"},\"border_radius_left\":{\"value\":\"\"},\"border_radius_bottom\":{\"value\":\"\"},\"border_color\":{\"value\":{\"color\":\"\"}}}}',1),(2,'side_module_divider_type','sidecolumn','solid',0),(2,'menu_html_font','headermenus','{\"value\":{\"font_type\":\"none\",\"font_size\":\"13px\",\"font_family\":\"Helvetica, Arial, sans-serif\",\"font_name\":\"\",\"font_weight\":\"normal\",\"font_style\":\"normal\",\"text_transform\":\"none\",\"color\":{\"value\":{\"color\":\"rgb(68, 67, 73)\"}}}}',1),(2,'header_bg_color','header','{\"value\":{\"color\":\"rgb(255, 255, 255)\"}}',1),(2,'autosuggest_price_font','header','{\"value\":{\"font_type\":\"none\",\"font_size\":\"13px\",\"font_family\":\"Helvetica, Arial, sans-serif\",\"font_name\":\"\",\"font_weight\":\"normal\",\"font_style\":\"normal\",\"text_transform\":\"none\",\"color\":{\"value\":{\"color\":\"\"}}}}',1),(2,'side_posts_divider_type','blogmodules','dotted',0),(2,'posts_grid_button_padding_bottom','blogmodules','{\"value\":\"\"}',1),(2,'posts_grid_button_padding_left','blogmodules','{\"value\":\"\"}',1),(2,'posts_grid_button_border','blogmodules','{\"value\":{\"border_rounded\":\"px\"}}',1),(2,'posts_grid_button_padding_top','blogmodules','{\"value\":\"\"}',1),(2,'posts_grid_button_padding_right','blogmodules','{\"value\":\"\"}',1),(2,'posts_grid_title_overflow','blogmodules','nowrap',0),(2,'posts_grid_title_font','blogmodules','{\"value\":{\"font_type\":\"none\",\"font_size\":\"13px\",\"font_family\":\"Helvetica, Arial, sans-serif\",\"font_name\":\"\",\"font_weight\":\"normal\",\"font_style\":\"normal\",\"letter_spacing\":\"\",\"text_transform\":\"none\",\"color\":{\"value\":{\"color\":\"\"}}}}',1),(2,'posts_grid_image_border','blogmodules','{\"value\":{\"border_rounded\":\"px\",\"border\":{\"value\":\"\"},\"border_top\":{\"value\":\"\"},\"border_right\":{\"value\":\"\"},\"border_bottom\":{\"value\":\"\"},\"border_left\":{\"value\":\"\"},\"border_radius\":{\"value\":\"\"},\"border_radius_top\":{\"value\":\"\"},\"border_radius_right\":{\"value\":\"\"},\"border_radius_left\":{\"value\":\"\"},\"border_radius_bottom\":{\"value\":\"\"}}}',1),(2,'pagination_radius','category','{\"value\":{\"border_rounded\":\"px\",\"border_type\":\"solid\",\"border_radius_unit\":\"%\",\"border\":{\"value\":\"\"},\"border_top\":{\"value\":\"\"},\"border_right\":{\"value\":\"\"},\"border_bottom\":{\"value\":\"\"},\"border_left\":{\"value\":\"\"},\"border_radius\":{\"value\":{\"text\":\"50\"}},\"border_radius_top\":{\"value\":\"\"},\"border_radius_right\":{\"value\":\"\"},\"border_radius_left\":{\"value\":\"\"},\"border_radius_bottom\":{\"value\":\"\"}}}',1),(2,'product_compare_hover_color','category','{\"value\":{\"color\":\"rgb(221, 0, 23)\"}}',1),(2,'product_filter_bg','category','{\"value\":{\"color\":\"rgb(228, 228, 228)\"}}',1),(2,'pagination_bar_border','category','{\"value\":{\"border_rounded\":\"px\",\"border_type\":\"dotted\",\"border_radius_unit\":\"px\",\"border\":{\"value\":{\"text\":\"\"}},\"border_top\":{\"value\":\"\"},\"border_right\":{\"value\":\"\"},\"border_bottom\":{\"value\":\"\"},\"border_left\":{\"value\":\"\"},\"border_radius\":{\"value\":{\"text\":\"2\"}},\"border_radius_top\":{\"value\":\"\"},\"border_radius_right\":{\"value\":\"\"},\"border_radius_left\":{\"value\":\"\"},\"border_radius_bottom\":{\"value\":\"\"},\"border_color\":{\"value\":{\"color\":\"rgb(204, 204, 204)\"}}}}',1),(2,'main_menu_font','headermenus','{\"value\":{\"font_type\":\"google\",\"font_size\":\"15px\",\"font_family\":\"Verdana, Geneva, sans-serif\",\"font_name\":\"Baloo Chettan\",\"font_weight\":\"regular\",\"font_style\":\"normal\",\"text_transform\":\"uppercase\",\"font_subset\":[\"malayalam\"],\"color\":{\"value\":{\"color\":\"\"}},\"letter_spacing\":\"\",\"v\":\"2\",\"font_size_mobile\":\"---\"}}',1),(2,'menu_brands_title_font','headermenus','{\"value\":{\"font_type\":\"none\",\"font_size\":\"13px\",\"font_family\":\"Helvetica, Arial, sans-serif\",\"font_name\":\"Oswald\",\"font_weight\":\"regular\",\"font_style\":\"normal\",\"text_transform\":\"uppercase\",\"font_subset\":[\"latin\"],\"color\":{\"value\":{\"color\":\"rgb(255, 255, 255)\"}}}}',1),(2,'menu_html_title_font','headermenus','{\"value\":{\"font_type\":\"none\",\"font_size\":\"13px\",\"font_family\":\"Helvetica, Arial, sans-serif\",\"font_name\":\"Oswald\",\"font_weight\":\"300\",\"font_style\":\"normal\",\"text_transform\":\"uppercase\",\"font_subset\":[\"latin\"],\"color\":{\"value\":{\"color\":\"\"}}}}',1),(2,'secondary_menu_text_font','headermenus','{\"value\":{\"font_type\":\"system\",\"font_size\":\"12px\",\"font_family\":\"Helvetica, Arial, sans-serif\",\"font_name\":\"\",\"font_weight\":\"normal\",\"font_style\":\"normal\",\"text_transform\":\"none\",\"color\":{\"value\":{\"color\":\"rgb(68, 67, 73)\"}}}}',1),(2,'search_icon','header','{\"value\":{\"options\":{\"font_size\":\"22px\",\"color\":{\"value\":{\"color\":\"rgb(0, 0, 0)\"}},\"top\":\"-1\",\"left\":\"-1\"},\"icon_type\":\"icon\",\"icon\":{\"icon\":\"&#xe697;\",\"class\":\"search\"}}}',1),(2,'cart_heading_icon','header','{\"value\":{\"options\":{\"font_size\":\"24px\",\"color\":{\"value\":{\"color\":\"rgb(255, 255, 255)\"}},\"top\":\"\",\"left\":\"1\"},\"icon_type\":\"none\",\"icon\":{\"icon\":\"&#xe69a;\",\"class\":\"myFont3\"}}}',1),(2,'curr_radius','header','{\"value\":{\"border_rounded\":\"px\",\"border_type\":\"solid\",\"border_radius_unit\":\"%\",\"border\":{\"value\":\"\"},\"border_top\":{\"value\":\"\"},\"border_right\":{\"value\":\"\"},\"border_bottom\":{\"value\":\"\"},\"border_left\":{\"value\":\"\"},\"border_radius\":{\"value\":{\"text\":\"50\"}},\"border_radius_top\":{\"value\":\"\"},\"border_radius_right\":{\"value\":\"\"},\"border_radius_left\":{\"value\":\"\"},\"border_radius_bottom\":{\"value\":\"\"}}}',1),(2,'autosuggest_height','header','{\"value\":{\"text\":\"395\"}}',1),(2,'lang_divider_type','header','solid',0),(2,'drop_radius','header','{\"value\":{\"border_rounded\":\"px\",\"border_type\":\"solid\",\"border_radius_unit\":\"px\",\"border\":{\"value\":\"\"},\"border_top\":{\"value\":\"\"},\"border_right\":{\"value\":\"\"},\"border_bottom\":{\"value\":\"\"},\"border_left\":{\"value\":\"\"},\"border_radius\":{\"value\":{\"text\":\"\"}},\"border_radius_top\":{\"value\":\"\"},\"border_radius_right\":{\"value\":\"\"},\"border_radius_left\":{\"value\":\"\"},\"border_radius_bottom\":{\"value\":\"\"}}}',1),(2,'autosuggest_border','header','{\"value\":{\"border_rounded\":\"px\",\"border_type\":\"solid\",\"border_radius_unit\":\"px\",\"border\":{\"value\":\"\"},\"border_top\":{\"value\":\"\"},\"border_right\":{\"value\":\"\"},\"border_bottom\":{\"value\":\"\"},\"border_left\":{\"value\":\"\"},\"border_radius\":{\"value\":{\"text\":\"4\"}},\"border_radius_top\":{\"value\":\"\"},\"border_radius_right\":{\"value\":\"\"},\"border_radius_left\":{\"value\":\"\"},\"border_radius_bottom\":{\"value\":\"\"}}}',1),(2,'autosuggest_image_border','header','{\"value\":{\"border_rounded\":\"px\",\"border_type\":\"solid\",\"border_radius_unit\":\"px\",\"border\":{\"value\":\"\"},\"border_top\":{\"value\":\"\"},\"border_right\":{\"value\":\"\"},\"border_bottom\":{\"value\":\"\"},\"border_left\":{\"value\":\"\"},\"border_radius\":{\"value\":{\"text\":\"\"}},\"border_radius_top\":{\"value\":\"\"},\"border_radius_right\":{\"value\":\"\"},\"border_radius_left\":{\"value\":\"\"},\"border_radius_bottom\":{\"value\":\"\"}}}',1),(2,'search_autocomplete','header','1',0),(2,'autosuggest_name_font','header','{\"value\":{\"font_type\":\"none\",\"font_size\":\"13px\",\"font_family\":\"Helvetica, Arial, sans-serif\",\"font_name\":\"\",\"font_weight\":\"normal\",\"font_style\":\"normal\",\"text_transform\":\"none\",\"color\":{\"value\":{\"color\":\"\"}}}}',1),(2,'cart_content_shadow','header','0 2px 5px rgba(0, 0, 0, 0.10)',0),(2,'cart_heading_font','header','{\"value\":{\"font_type\":\"google\",\"font_size\":\"15px\",\"font_family\":\"Helvetica, Arial, sans-serif\",\"font_name\":\"Baloo Chettan\",\"font_weight\":\"regular\",\"font_style\":\"normal\",\"text_transform\":\"none\",\"color\":{\"value\":{\"color\":\"rgb(0, 0, 0)\"}},\"font_subset\":[\"malayalam\"],\"letter_spacing\":\"\",\"v\":\"2\",\"font_size_mobile\":\"---\"}}',1),(2,'cart_heading_border','header','{\"value\":{\"border_rounded\":\"px\",\"border_type\":\"solid\",\"border_radius_unit\":\"px\",\"border\":{\"value\":{\"text\":\"1\"}},\"border_top\":{\"value\":\"\"},\"border_right\":{\"value\":\"\"},\"border_bottom\":{\"value\":{\"text\":\"\"}},\"border_left\":{\"value\":\"\"},\"border_radius\":{\"value\":{\"text\":\"40\"}},\"border_radius_top\":{\"value\":\"\"},\"border_radius_right\":{\"value\":\"\"},\"border_radius_left\":{\"value\":\"\"},\"border_radius_bottom\":{\"value\":\"\"},\"border_color\":{\"value\":{\"color\":\"rgb(0, 0, 0)\"}}}}',1),(2,'cart_heading_content_border','header','{\"value\":{\"border_rounded\":\"px\",\"border_type\":\"solid\",\"border_radius_unit\":\"px\",\"border\":{\"value\":\"\"},\"border_top\":{\"value\":\"\"},\"border_right\":{\"value\":\"\"},\"border_bottom\":{\"value\":\"\"},\"border_left\":{\"value\":\"\"},\"border_radius\":{\"value\":{\"text\":\"40\"}},\"border_radius_top\":{\"value\":\"\"},\"border_radius_right\":{\"value\":\"\"},\"border_radius_left\":{\"value\":\"\"},\"border_radius_bottom\":{\"value\":\"\"}}}',1),(2,'search_button_radius','header','{\"value\":{\"border_rounded\":\"px\",\"border_type\":\"solid\",\"border_radius_unit\":\"%\",\"border\":{\"value\":\"\"},\"border_top\":{\"value\":\"\"},\"border_right\":{\"value\":\"\"},\"border_bottom\":{\"value\":\"\"},\"border_left\":{\"value\":\"\"},\"border_radius\":{\"value\":{\"text\":\"\"}},\"border_radius_top\":{\"value\":{\"text\":\"\"}},\"border_radius_right\":{\"value\":\"\"},\"border_radius_left\":{\"value\":{\"text\":\"\"}},\"border_radius_bottom\":{\"value\":\"\"}}}',1),(2,'cart_content_image_border','header','{\"value\":{\"border_rounded\":\"px\",\"border_type\":\"solid\",\"border_radius_unit\":\"px\",\"border\":{\"value\":{\"text\":\"\"}},\"border_top\":{\"value\":\"\"},\"border_right\":{\"value\":\"\"},\"border_bottom\":{\"value\":\"\"},\"border_left\":{\"value\":\"\"},\"border_radius\":{\"value\":{\"text\":\"3\"}},\"border_radius_top\":{\"value\":\"\"},\"border_radius_right\":{\"value\":\"\"},\"border_radius_left\":{\"value\":\"\"},\"border_radius_bottom\":{\"value\":\"\"},\"border_color\":{\"value\":{\"color\":\"\"}}}}',1),(2,'cart_content_height','header','{\"value\":{\"text\":\"355\"}}',1),(2,'cart_total_font','header','{\"value\":{\"font_type\":\"none\",\"font_size\":\"13px\",\"font_family\":\"Helvetica, Arial, sans-serif\",\"font_name\":\"\",\"font_weight\":\"bold\",\"font_style\":\"normal\",\"text_transform\":\"none\",\"color\":{\"value\":{\"color\":\"\"}}}}',1),(2,'search_divider_type','header','solid',0),(2,'search_font','header','{\"value\":{\"font_type\":\"system\",\"font_size\":\"15px\",\"font_family\":\"Helvetica, Arial, sans-serif\",\"font_name\":\"Droid Serif\",\"font_weight\":\"normal\",\"font_style\":\"normal\",\"text_transform\":\"none\",\"font_subset\":[\"latin\"],\"color\":{\"value\":{\"color\":\"\"}},\"letter_spacing\":\"\"}}',1),(2,'search_radius','header','{\"value\":{\"border_rounded\":\"px\",\"border_type\":\"solid\",\"border_radius_unit\":\"px\",\"border\":{\"value\":{\"text\":\"1\"}},\"border_top\":{\"value\":\"\"},\"border_right\":{\"value\":\"\"},\"border_bottom\":{\"value\":\"\"},\"border_left\":{\"value\":\"\"},\"border_radius\":{\"value\":{\"text\":\"40\"}},\"border_radius_top\":{\"value\":\"\"},\"border_radius_right\":{\"value\":\"\"},\"border_radius_left\":{\"value\":\"\"},\"border_radius_bottom\":{\"value\":\"\"},\"border_color\":{\"value\":{\"color\":\"rgb(0, 0, 0)\"}}}}',1),(2,'refine_image_font_hover','category','{\"value\":{\"color\":\"\"}}',1),(2,'product_filter_font','category','{\"value\":{\"font_type\":\"google\",\"font_size\":\"---\",\"font_family\":\"Helvetica, Arial, sans-serif\",\"font_name\":\"Baloo Chettan\",\"font_weight\":\"regular\",\"font_style\":\"\",\"text_transform\":\"uppercase\",\"color\":{\"value\":{\"color\":\"rgb(0, 0, 0)\"}},\"v\":\"2\",\"font_size_mobile\":\"---\",\"font_subset\":[\"malayalam\"]}}',1),(2,'refine_image_border_radius','category','{\"value\":{\"border_rounded\":\"px\",\"border_type\":\"dotted\",\"border_radius_unit\":\"px\",\"border\":{\"value\":{\"text\":\"1\"}},\"border_top\":{\"value\":\"\"},\"border_right\":{\"value\":\"\"},\"border_bottom\":{\"value\":\"\"},\"border_left\":{\"value\":\"\"},\"border_radius\":{\"value\":{\"text\":\"\"}},\"border_radius_top\":{\"value\":\"\"},\"border_radius_right\":{\"value\":\"\"},\"border_radius_left\":{\"value\":\"\"},\"border_radius_bottom\":{\"value\":\"\"},\"border_color\":{\"value\":{\"color\":\"rgb(255, 255, 255)\"}}}}',1),(2,'menu_categories_title_font','headermenus','{\"value\":{\"font_type\":\"google\",\"font_size\":\"16px\",\"font_family\":\"Helvetica, Arial, sans-serif\",\"font_name\":\"Baloo Chettan\",\"font_weight\":\"regular\",\"font_style\":\"normal\",\"text_transform\":\"none\",\"font_subset\":[\"malayalam\"],\"color\":{\"value\":{\"color\":\"rgb(0, 0, 0)\"}},\"letter_spacing\":\"\",\"v\":\"2\",\"font_size_mobile\":\"---\"}}',1),(2,'menu_categories_link_font','headermenus','{\"value\":{\"font_type\":\"google\",\"font_size\":\"15px\",\"font_family\":\"Helvetica, Arial, sans-serif\",\"font_name\":\"Baloo Chettan\",\"font_weight\":\"regular\",\"font_style\":\"normal\",\"text_transform\":\"none\",\"color\":{\"value\":{\"color\":\"rgb(0, 0, 0)\"}},\"font_subset\":[\"malayalam\"],\"letter_spacing\":\"\",\"v\":\"2\",\"font_size_mobile\":\"---\"}}',1),(2,'cart_content_font','header','{\"value\":{\"font_type\":\"system\",\"font_size\":\"13px\",\"font_family\":\"Helvetica, Arial, sans-serif\",\"font_name\":null,\"font_weight\":\"bold\",\"font_style\":\"normal\",\"text_transform\":\"none\",\"color\":{\"value\":{\"color\":\"rgb(0, 0, 0)\"}},\"font_subset\":[]}}',1),(2,'dropdown_font','headermenus','{\"value\":{\"font_type\":\"google\",\"font_size\":\"---\",\"font_family\":\"Helvetica, Arial, sans-serif\",\"font_name\":\"Baloo Chettan\",\"font_weight\":\"regular\",\"font_style\":\"\",\"text_transform\":\"\",\"color\":{\"value\":{\"color\":\"rgb(0, 0, 0)\"}},\"letter_spacing\":\"\",\"v\":\"2\",\"font_size_mobile\":\"---\",\"font_subset\":[\"malayalam\"]}}',1),(2,'product_compare_link_status','category','1',0),(2,'product_filter_radius','category','{\"value\":{\"border_rounded\":\"px\",\"border_type\":\"dotted\",\"border_radius_unit\":\"px\",\"border\":{\"value\":{\"text\":\"\"}},\"border_top\":{\"value\":\"\"},\"border_right\":{\"value\":\"\"},\"border_bottom\":{\"value\":\"\"},\"border_left\":{\"value\":\"\"},\"border_radius\":{\"value\":{\"text\":\"2\"}},\"border_radius_top\":{\"value\":{\"text\":\"\"}},\"border_radius_right\":{\"value\":{\"text\":\"\"}},\"border_radius_left\":{\"value\":\"\"},\"border_radius_bottom\":{\"value\":\"\"},\"border_color\":{\"value\":{\"color\":\"\"}}}}',1),(2,'refine_image_border','category','{\"value\":{\"border_rounded\":\"px\",\"border_type\":\"dotted\",\"border_radius_unit\":\"px\",\"border\":{\"value\":{\"text\":\"\"}},\"border_top\":{\"value\":\"\"},\"border_right\":{\"value\":\"\"},\"border_bottom\":{\"value\":\"\"},\"border_left\":{\"value\":\"\"},\"border_radius\":{\"value\":{\"text\":\"\"}},\"border_radius_top\":{\"value\":\"\"},\"border_radius_right\":{\"value\":\"\"},\"border_radius_left\":{\"value\":\"\"},\"border_radius_bottom\":{\"value\":\"\"},\"border_color\":{\"value\":{\"color\":\"\"}}}}',1),(2,'product_view','category','grid',0),(2,'hide_category_image','category','0',0),(2,'category_description_font','category','{\"value\":{\"font_type\":\"none\",\"font_size\":\"15px\",\"font_family\":\"Helvetica, Arial, sans-serif\",\"font_name\":\"Baloo Chettan\",\"font_weight\":\"\",\"font_style\":\"\",\"text_transform\":\"\",\"letter_spacing\":\"\",\"v\":\"2\",\"font_size_mobile\":\"---\",\"font_subset\":[],\"color\":{\"value\":{\"color\":\"rgb(0, 0, 0)\"}}}}',1),(2,'footer_titles','footer','{\"value\":{\"font_type\":\"google\",\"font_size\":\"15px\",\"font_family\":\"Helvetica, Arial, sans-serif\",\"font_name\":\"Droid Serif\",\"font_weight\":\"regular\",\"font_style\":\"normal\",\"text_transform\":\"none\",\"font_subset\":[\"latin\"],\"color\":{\"value\":{\"color\":\"rgb(255, 255, 255)\"}},\"letter_spacing\":\"\"}}',1),(2,'footer_titles_align','footer','center',0),(2,'footer_links','footer','{\"value\":{\"font_type\":\"none\",\"font_size\":\"13px\",\"font_family\":\"Helvetica, Arial, sans-serif\",\"font_name\":\"\",\"font_weight\":\"normal\",\"font_style\":\"normal\",\"text_transform\":\"none\",\"color\":{\"value\":{\"color\":\"rgb(255, 255, 255)\"}}}}',1),(2,'footer_titles_divider_type','footer','solid',0),(2,'footer_border','footer','{\"value\":{\"border_rounded\":\"px\",\"border_type\":\"solid\",\"border_radius_unit\":\"px\",\"border\":{\"value\":{\"text\":\"10\"}},\"border_top\":{\"value\":{\"text\":\"\"}},\"border_right\":{\"value\":{\"text\":\"\"}},\"border_bottom\":{\"value\":{\"text\":\"\"}},\"border_left\":{\"value\":\"\"},\"border_radius\":{\"value\":{\"text\":\"30\"}},\"border_radius_top\":{\"value\":\"\"},\"border_radius_right\":{\"value\":\"\"},\"border_radius_left\":{\"value\":\"\"},\"border_radius_bottom\":{\"value\":\"\"}}}',1),(2,'footer_bottom_margin','footer','0',0),(2,'footer_top_margin','footer','20',0),(2,'fullwidth_footer','footer','boxed-footer',0),(2,'product_page_options_views_text','productpage','{\"value\":{\"1\":\"Views\",\"2\":\"Views\",\"text\":\"Views\"}}',1),(2,'product_page_options_instock_font','productpage','{\"value\":{\"font_type\":\"google\",\"font_size\":\"23px\",\"font_family\":\"Helvetica, Arial, sans-serif\",\"font_name\":\"Baloo Chettan\",\"font_weight\":\"regular\",\"font_style\":\"\",\"text_transform\":\"\",\"color\":{\"value\":{\"color\":\"rgb(221, 0, 23)\"}},\"letter_spacing\":\"\",\"v\":\"2\",\"font_size_mobile\":\"---\",\"font_subset\":[\"malayalam\"]}}',1),(2,'product_page_outofstock_label_status','productpage','block',0),(2,'product_page_options_font','productpage','{\"value\":{\"font_type\":\"google\",\"font_size\":\"25px\",\"font_family\":\"Verdana, Geneva, sans-serif\",\"font_name\":\"Baloo Chettan\",\"font_weight\":\"regular\",\"font_style\":\"normal\",\"text_transform\":\"uppercase\",\"color\":{\"value\":{\"color\":\"rgb(0, 0, 0)\"}},\"font_subset\":[\"malayalam\"],\"letter_spacing\":\"\",\"v\":\"2\",\"font_size_mobile\":\"---\"}}',1),(2,'product_page_options_links','productpage','{\"value\":{\"font_type\":\"none\",\"font_size\":\"13px\",\"font_family\":\"Helvetica, Arial, sans-serif\",\"font_name\":\"\",\"font_weight\":\"normal\",\"font_style\":\"normal\",\"text_transform\":\"none\",\"color\":{\"value\":{\"color\":\"\"}}}}',1),(2,'product_page_options_item_border','productpage','{\"value\":{\"border_rounded\":\"px\",\"border_type\":\"solid\",\"border_radius_unit\":\"px\",\"border\":{\"value\":\"\"},\"border_top\":{\"value\":\"\"},\"border_right\":{\"value\":\"\"},\"border_bottom\":{\"value\":\"\"},\"border_left\":{\"value\":\"\"},\"border_radius\":{\"value\":{\"text\":\"3\"}},\"border_radius_top\":{\"value\":\"\"},\"border_radius_right\":{\"value\":\"\"},\"border_radius_left\":{\"value\":\"\"},\"border_radius_bottom\":{\"value\":\"\"}}}',1),(2,'product_list_button_bg_image_hover','productlist','{\"value\":{\"bgimage_attach\":\"scroll\",\"use_gradient\":0,\"bgimage_size\":\"auto\",\"bgimage_position\":\"center top\"}}',1),(2,'product_list_button_bg_image','productlist','{\"value\":{\"bgimage_attach\":\"scroll\",\"use_gradient\":0,\"bgimage_size\":\"auto\",\"bgimage_position\":\"center top\"}}',1),(2,'product_list_show_ratings','productlist','block',0),(2,'product_list_button_tooltip_bg_color','productlist','{\"value\":{\"color\":\"rgb(66, 139, 202)\"}}',1),(2,'product_list_button_height_px','productlist','{\"value\":{\"text\":\"40\"}}',1),(2,'product_list_button_tooltip_font','productlist','{\"value\":{\"color\":\"rgb(255, 255, 255)\"}}',1),(2,'product_list_button_width_px','productlist','{\"value\":{\"text\":\"40\"}}',1),(2,'product_list_quickview_button_tooltip_bg_color','productlist','{\"value\":{\"color\":\"rgb(68, 67, 73)\"}}',1),(2,'product_list_quickview_button_tooltip_font','productlist','{\"value\":{\"color\":\"rgb(255, 255, 255)\"}}',1),(2,'product_list_quickview_button_height_px','productlist','{\"value\":{\"text\":\"40\"}}',1),(2,'product_list_quickview_button_width_px','productlist','{\"value\":{\"text\":\"40\"}}',1),(2,'product_list_wishlist_font_hover','productlist','{\"value\":{\"color\":\"rgb(221, 0, 23)\"}}',1),(2,'product_list_item_bg','productlist','{\"value\":{\"color\":\"rgb(244, 244, 244)\"}}',1),(2,'product_list_compare_icon','productlist','{\"value\":{\"options\":{\"font_size\":\"11px\",\"color\":{\"value\":{\"color\":\"\"}},\"top\":\"\"},\"icon_type\":\"icon\",\"icon\":{\"icon\":\"&#xe025;\",\"class\":\"refresh\"}}}',1),(2,'product_list_button_icon','productlist','{\"value\":{\"options\":{\"font_size\":\"20px\",\"color\":{\"value\":{\"color\":\"rgb(255, 255, 255)\"}}},\"icon_type\":\"icon\",\"icon\":{\"icon\":\"&#xe001;\",\"class\":\"uniE001\"}}}',1),(2,'product_list_quickview_button_icon','productlist','{\"value\":{\"options\":{\"font_size\":\"20px\",\"color\":{\"value\":{\"color\":\"rgb(255, 255, 255)\"}}},\"icon_type\":\"icon\",\"icon\":{\"icon\":\"&#xe056;\",\"class\":\"plus\"}}}',1),(2,'product_list_wishlist_icon','productlist','{\"value\":{\"options\":{\"font_size\":\"11px\",\"color\":{\"value\":{\"color\":\"\"}},\"top\":\"\"},\"icon_type\":\"icon\",\"icon\":{\"icon\":\"&#xe662;\",\"class\":\"heart2\"}}}',1),(2,'product_list_quickview_button_width','productlist','{\"value\":\"\"}',1),(2,'product_list_quickview_button_height','productlist','{\"value\":\"\"}',1),(2,'product_list_quickview_button_tooltip_border','productlist','{\"value\":{\"border_rounded\":\"px\",\"border_type\":\"solid\",\"border_radius_unit\":\"px\",\"border\":{\"value\":\"\"},\"border_top\":{\"value\":\"\"},\"border_right\":{\"value\":\"\"},\"border_bottom\":{\"value\":\"\"},\"border_left\":{\"value\":\"\"},\"border_radius\":{\"value\":{\"text\":\"3\"}},\"border_radius_top\":{\"value\":\"\"},\"border_radius_right\":{\"value\":\"\"},\"border_radius_left\":{\"value\":\"\"},\"border_radius_bottom\":{\"value\":\"\"}}}',1),(2,'product_list_wishlist_font','productlist','{\"value\":{\"font_type\":\"none\",\"font_size\":\"13px\",\"font_family\":\"Helvetica, Arial, sans-serif\",\"font_name\":\"\",\"font_weight\":\"normal\",\"font_style\":\"normal\",\"text_transform\":\"none\",\"color\":{\"value\":{\"color\":\"rgb(51, 55, 69)\"}}}}',1),(2,'product_list_quickview_offset_x','productlist','{\"value\":{\"text\":\"-20\"}}',1),(2,'product_list_quickview_offset_y','productlist','{\"value\":{\"text\":\"-20\"}}',1),(2,'product_list_quickview_button_font','productlist','{\"value\":{\"font_type\":\"none\",\"font_size\":\"13px\",\"font_family\":\"Helvetica, Arial, sans-serif\",\"font_name\":\"\",\"font_weight\":\"normal\",\"font_style\":\"normal\",\"text_transform\":\"none\"}}',1),(2,'product_list_quickview_button_border','productlist','{\"value\":{\"border_rounded\":\"px\",\"border_type\":\"solid\",\"border_radius_unit\":\"px\",\"border\":{\"value\":\"\"},\"border_top\":{\"value\":\"\"},\"border_right\":{\"value\":\"\"},\"border_bottom\":{\"value\":\"\"},\"border_left\":{\"value\":\"\"},\"border_radius\":{\"value\":{\"text\":\"50\"}},\"border_radius_top\":{\"value\":\"\"},\"border_radius_right\":{\"value\":\"\"},\"border_radius_left\":{\"value\":\"\"},\"border_radius_bottom\":{\"value\":\"\"}}}',1),(2,'product_list_quickview_button_icon_display','productlist','icon',0),(2,'product_list_quickview_status','productlist','never',0),(2,'product_list_button_height','productlist','{\"value\":\"\"}',1),(2,'product_list_button_tooltip_border','productlist','{\"value\":{\"border_rounded\":\"px\",\"border_type\":\"solid\",\"border_radius_unit\":\"px\",\"border\":{\"value\":\"\"},\"border_top\":{\"value\":\"\"},\"border_right\":{\"value\":\"\"},\"border_bottom\":{\"value\":\"\"},\"border_left\":{\"value\":\"\"},\"border_radius\":{\"value\":{\"text\":\"3\"}},\"border_radius_top\":{\"value\":\"\"},\"border_radius_right\":{\"value\":\"\"},\"border_radius_left\":{\"value\":\"\"},\"border_radius_bottom\":{\"value\":\"\"}}}',1),(2,'product_list_quickview_button_icon_position','productlist','left',0),(2,'product_list_button_width','productlist','{\"value\":\"\"}',1),(2,'product_list_button_border','productlist','{\"value\":{\"border_rounded\":\"px\"}}',1),(2,'product_list_button_icon_display','productlist','text',0),(2,'product_list_button_icon_position','productlist','left',0),(2,'product_list_description_font','productlist','{\"value\":{\"font_type\":\"none\",\"font_size\":\"13px\",\"font_family\":\"Helvetica, Arial, sans-serif\",\"font_name\":\"\",\"font_weight\":\"normal\",\"font_style\":\"normal\",\"text_transform\":\"none\"}}',1),(2,'product_list_button_font','productlist','{\"value\":{\"font_type\":\"none\",\"font_size\":\"---\",\"font_family\":\"Helvetica, Arial, sans-serif\",\"font_name\":\"\",\"font_weight\":\"\",\"font_style\":\"\",\"text_transform\":\"\",\"letter_spacing\":\"\",\"v\":\"2\",\"font_size_mobile\":\"---\"}}',1),(2,'product_list_price_font','productlist','{\"value\":{\"font_type\":\"google\",\"font_size\":\"20px\",\"font_family\":\"Helvetica, Arial, sans-serif\",\"font_name\":\"Baloo Chettan\",\"font_weight\":\"regular\",\"font_style\":\"\",\"text_transform\":\"\",\"letter_spacing\":\"\",\"v\":\"2\",\"font_size_mobile\":\"---\",\"font_subset\":[\"malayalam\"]}}',1),(2,'product_list_name_font','productlist','{\"value\":{\"font_type\":\"google\",\"font_size\":\"25px\",\"font_family\":\"Helvetica, Arial, sans-serif\",\"font_name\":\"Baloo Chettan\",\"font_weight\":\"regular\",\"font_style\":\"\",\"text_transform\":\"\",\"letter_spacing\":\"\",\"v\":\"2\",\"font_size_mobile\":\"---\",\"font_subset\":[\"malayalam\"],\"color\":{\"value\":{\"color\":\"rgb(0, 0, 0)\"}}}}',1),(2,'product_list_old_price_font','productlist','{\"value\":{\"font_type\":\"none\",\"font_size\":\"13px\",\"font_family\":\"Helvetica, Arial, sans-serif\",\"font_name\":\"\",\"font_weight\":\"normal\",\"font_style\":\"normal\",\"text_transform\":\"none\"}}',1),(2,'product_list_image_overlay_opacity','productlist','{\"value\":\"\"}',1),(2,'product_list_latest_label_status','productlist','block',0),(2,'product_list_special_label_status','productlist','block',0),(2,'product_list_outofstock_label_status','productlist','block',0),(2,'product_list_image_border','productlist','{\"value\":{\"border_rounded\":\"px\",\"border_type\":\"solid\",\"border_radius_unit\":\"px\",\"border\":{\"value\":\"\"},\"border_top\":{\"value\":\"\"},\"border_right\":{\"value\":\"\"},\"border_bottom\":{\"value\":\"\"},\"border_left\":{\"value\":\"\"},\"border_radius\":{\"value\":\"\"},\"border_radius_top\":{\"value\":\"\"},\"border_radius_right\":{\"value\":\"\"},\"border_radius_left\":{\"value\":\"\"},\"border_radius_bottom\":{\"value\":\"\"}}}',1),(2,'product_list_shadow','productlist','never',0),(2,'product_list_item_border','productlist','{\"value\":{\"border_rounded\":\"px\",\"border_type\":\"solid\",\"border_radius_unit\":\"px\",\"border\":{\"value\":{\"text\":\"\"}},\"border_top\":{\"value\":\"\"},\"border_right\":{\"value\":\"\"},\"border_bottom\":{\"value\":\"\"},\"border_left\":{\"value\":\"\"},\"border_radius\":{\"value\":{\"text\":\"3\"}},\"border_radius_top\":{\"value\":\"\"},\"border_radius_right\":{\"value\":\"\"},\"border_radius_left\":{\"value\":\"\"},\"border_radius_bottom\":{\"value\":\"\"}}}',1),(2,'pg_button_shadow','productgrid','{\"value\":{\"inner_shadow\":\"0\"}}',1),(2,'product_grid_quickview_button_bg_image','productgrid','{\"value\":{\"bgimage_attach\":\"scroll\",\"use_gradient\":0,\"bgimage_size\":\"auto\",\"bgimage_position\":\"center top\"}}',1),(2,'product_grid_wishlist_icon_bg_image','productgrid','{\"value\":{\"bgimage_attach\":\"scroll\",\"use_gradient\":0,\"bgimage_size\":\"auto\",\"bgimage_position\":\"center top\"}}',1),(2,'product_grid_box_shadow','productgrid','custom',0),(2,'pg_button_shadow_active','productgrid','{\"value\":{\"inner_shadow\":\"0\"}}',1),(2,'pg_quick_button_shadow','productgrid','{\"value\":{\"inner_shadow\":\"0\"}}',1),(2,'product_grid_button_bg_image_hover','productgrid','{\"value\":{\"bgimage_attach\":\"scroll\",\"use_gradient\":0,\"bgimage_size\":\"auto\",\"bgimage_position\":\"center top\"}}',1),(2,'wc_button_shadow','productgrid','{\"value\":{\"inner_shadow\":\"0\"}}',1),(2,'wc_button_shadow_hover','productgrid','{\"value\":{\"inner_shadow\":\"0\"}}',1),(2,'product_grid_quickview_button_bg_image_hover','productgrid','{\"value\":{\"bgimage_attach\":\"scroll\",\"use_gradient\":0,\"bgimage_size\":\"auto\",\"bgimage_position\":\"center top\"}}',1),(2,'pg_quick_button_shadow_hover','productgrid','{\"value\":{\"inner_shadow\":\"0\"}}',1),(2,'pg_quick_button_shadow_active','productgrid','{\"value\":{\"inner_shadow\":\"0\"}}',1),(2,'product_grid_wishlist_icon_bg_image_hover','productgrid','{\"value\":{\"bgimage_attach\":\"scroll\",\"use_gradient\":0,\"bgimage_size\":\"auto\",\"bgimage_position\":\"center top\"}}',1),(2,'product_grid_button_icon_hover','productgrid','{\"value\":{\"color\":\"rgb(255, 255, 255)\"}}',1),(2,'wc_button_shadow_active','productgrid','{\"value\":{\"inner_shadow\":\"0\"}}',1),(2,'product_grid_shadow_custom','productgrid','{\"value\":{\"inner_shadow\":\"0\",\"x_offset\":{\"value\":\"\"},\"y_offset\":{\"value\":{\"text\":\"1\"}},\"blur\":{\"value\":{\"text\":\"30\"}},\"spread\":{\"value\":\"\"},\"color\":{\"value\":{\"color\":\"rgba(0, 0, 0, 0.25)\"}}}}',1),(2,'pg_button_shadow_hover','productgrid','{\"value\":{\"inner_shadow\":\"0\"}}',1),(2,'product_grid_button_bg','productgrid','{\"value\":{\"color\":\"\"}}',1),(2,'wish_button_icon_hover','productgrid','{\"value\":{\"color\":\"rgb(255, 255, 255)\"}}',1),(2,'quickview_button_icon_hover','productgrid','{\"value\":{\"color\":\"\"}}',1),(2,'product_grid_quickview_button_font_hover','productgrid','{\"value\":{\"color\":\"\"}}',1),(2,'product_grid_quickview_button_bg_hover','productgrid','{\"value\":{\"color\":\"rgb(68, 67, 73)\"}}',1),(2,'product_grid_button_bottom_margin','productgrid','{\"value\":{\"text\":\"\"}}',1),(2,'product_grid_details_padding','productgrid','{\"value\":{\"text\":\"\"}}',1),(2,'product_grid_details_bg_hover','productgrid','{\"value\":{\"color\":\"\"}}',1),(2,'product_grid_quickview_button_border_hover','productgrid','{\"value\":{\"color\":\"rgb(68, 67, 73)\"}}',1),(2,'product_grid_quickview_button_bg','productgrid','{\"value\":{\"color\":\"rgb(221, 0, 23)\"}}',1),(2,'rating_offset_y','productgrid','{\"value\":{\"text\":\"-60\"}}',1),(2,'product_grid_hover_border','productgrid','{\"value\":{\"color\":\"rgb(250, 250, 250)\"}}',1),(2,'product_grid_soft_shadow','productgrid','none',0),(2,'rating_offset_x','productgrid','{\"value\":{\"text\":\"-47\"}}',1),(2,'product_grid_button_tooltip_bg_color','productgrid','{\"value\":{\"color\":\"rgb(68, 67, 73)\"}}',1),(2,'product_grid_quickview_button_height_px','productgrid','{\"value\":{\"text\":\"40\"}}',1),(2,'product_grid_button_tooltip_font','productgrid','{\"value\":{\"color\":\"rgb(255, 255, 255)\"}}',1),(2,'product_grid_quickview_button_width_px','productgrid','{\"value\":{\"text\":\"40\"}}',1),(2,'product_grid_button_height_px','productgrid','{\"value\":{\"text\":\"35\"}}',1),(2,'product_grid_button_width_px','productgrid','{\"value\":{\"text\":\"35\"}}',1),(2,'product_grid_item_bg','productgrid','{\"value\":{\"color\":\"rgb(250, 250, 250)\"}}',1),(2,'product_grid_quickview_button_tooltip_bg_color','productgrid','{\"value\":{\"color\":\"rgb(68, 67, 73)\"}}',1),(2,'product_grid_quickview_button_tooltip_font','productgrid','{\"value\":{\"color\":\"rgb(255, 255, 255)\"}}',1),(2,'product_grid_wishlist_icon_tip_bg','productgrid','{\"value\":{\"color\":\"rgb(68, 67, 73)\"}}',1),(2,'product_grid_wishlist_icon_tip_font','productgrid','{\"value\":{\"color\":\"rgb(255, 255, 255)\"}}',1),(2,'product_grid_wishlist_icon_bg_hover','productgrid','{\"value\":{\"color\":\"rgb(221, 0, 23)\"}}',1),(2,'product_grid_wishlist_font_hover','productgrid','{\"value\":{\"color\":\"\"}}',1),(2,'product_grid_image_overlay','productgrid','{\"value\":{\"color\":\"\"}}',1),(2,'product_grid_details_bg','productgrid','{\"value\":{\"color\":\"\"}}',1),(2,'product_grid_name_font_hover','productgrid','{\"value\":{\"color\":\"rgb(221, 0, 23)\"}}',1),(2,'product_grid_price_background','productgrid','{\"value\":{\"color\":\"\"}}',1),(2,'product_grid_details_tip_color','productgrid','{\"value\":{\"color\":\"\"}}',1),(2,'product_grid_wishlist_icon_bg','productgrid','{\"value\":{\"color\":\"rgb(68, 67, 73)\"}}',1),(2,'product_grid_wishlist_font','productgrid','{\"value\":{\"font_type\":\"none\",\"font_size\":\"11px\",\"font_family\":\"Helvetica, Arial, sans-serif\",\"font_name\":\"\",\"font_weight\":\"\",\"font_style\":\"\",\"text_transform\":\"\",\"color\":{\"value\":{\"color\":\"rgb(42, 43, 46)\"}},\"v\":\"2\",\"font_size_mobile\":\"---\"}}',1),(2,'product_grid_quickview_button_font','productgrid','{\"value\":{\"font_type\":\"none\",\"font_size\":\"---\",\"font_family\":\"Helvetica, Arial, sans-serif\",\"font_name\":\"\",\"font_weight\":\"\",\"font_style\":\"\",\"text_transform\":\"\",\"color\":{\"value\":{\"color\":\"\"}},\"letter_spacing\":\"\",\"v\":\"2\",\"font_size_mobile\":\"---\"}}',1),(2,'product_grid_button_font','productgrid','{\"value\":{\"font_type\":\"none\",\"font_size\":\"---\",\"font_family\":\"Helvetica, Arial, sans-serif\",\"font_name\":\"\",\"font_weight\":\"\",\"font_style\":\"\",\"text_transform\":\"\",\"letter_spacing\":\"\",\"v\":\"2\",\"font_size_mobile\":\"---\"}}',1),(2,'product_grid_compare_icon','productgrid','{\"value\":{\"options\":{\"font_size\":\"18px\",\"color\":{\"value\":{\"color\":\"rgb(255, 255, 255)\"}},\"top\":\"\"},\"icon_type\":\"icon\",\"icon\":{\"icon\":\"&#xe025;\",\"class\":\"refresh\"}}}',1),(2,'product_grid_name_font','productgrid','{\"value\":{\"font_type\":\"google\",\"font_size\":\"25px\",\"font_family\":\"Helvetica, Arial, sans-serif\",\"font_name\":\"Baloo Chettan\",\"font_weight\":\"regular\",\"font_style\":\"\",\"text_transform\":\"uppercase\",\"color\":{\"value\":{\"color\":\"rgb(0, 0, 0)\"}},\"font_subset\":[\"malayalam\"],\"letter_spacing\":\"\",\"v\":\"2\",\"font_size_mobile\":\"---\"}}',1),(2,'product_grid_price_font','productgrid','{\"value\":{\"font_type\":\"google\",\"font_size\":\"25px\",\"font_family\":\"Helvetica, Arial, sans-serif\",\"font_name\":\"Baloo Chettan\",\"font_weight\":\"regular\",\"font_style\":\"italic\",\"text_transform\":\"\",\"color\":{\"value\":{\"color\":\"rgb(0, 0, 0)\"}},\"font_subset\":[\"malayalam\"],\"v\":\"2\",\"font_size_mobile\":\"---\"}}',1),(2,'product_grid_old_price_font','productgrid','{\"value\":{\"font_type\":\"google\",\"font_size\":\"13px\",\"font_family\":\"Helvetica, Arial, sans-serif\",\"font_name\":\"Baloo Chettan\",\"font_weight\":\"regular\",\"font_style\":\"\",\"text_transform\":\"\",\"color\":{\"value\":{\"color\":\"rgb(221, 0, 23)\"}},\"font_subset\":[\"malayalam\"],\"v\":\"2\",\"font_size_mobile\":\"---\"}}',1),(2,'product_grid_wishlist_icon_bg_width','productgrid','{\"value\":{\"text\":\"35\"}}',1),(2,'product_grid_wishlist_icon_bg_height','productgrid','{\"value\":{\"text\":\"35\"}}',1),(2,'product_grid_wishlist_icon_tip_border','productgrid','{\"value\":{\"border_rounded\":\"px\",\"border_type\":\"solid\",\"border_radius_unit\":\"px\",\"border\":{\"value\":\"\"},\"border_top\":{\"value\":\"\"},\"border_right\":{\"value\":\"\"},\"border_bottom\":{\"value\":\"\"},\"border_left\":{\"value\":\"\"},\"border_radius\":{\"value\":{\"text\":\"2\"}},\"border_radius_top\":{\"value\":\"\"},\"border_radius_right\":{\"value\":\"\"},\"border_radius_left\":{\"value\":\"\"},\"border_radius_bottom\":{\"value\":\"\"}}}',1),(2,'product_grid_button_icon','productgrid','{\"value\":{\"options\":{\"font_size\":\"20px\",\"color\":{\"value\":{\"color\":\"rgb(255, 255, 255)\"}},\"top\":\"\",\"left\":\"\"},\"icon_type\":\"icon\",\"icon\":{\"icon\":\"&#xe69a;\",\"class\":\"myFont3\"}}}',1),(2,'product_grid_quickview_button_icon','productgrid','{\"value\":{\"options\":{\"font_size\":\"20px\",\"color\":{\"value\":{\"color\":\"rgb(255, 255, 255)\"}},\"top\":\"-1\"},\"icon_type\":\"icon\",\"icon\":{\"icon\":\"&#xe660;\",\"class\":\"eye\"}}}',1),(2,'product_grid_wishlist_icon','productgrid','{\"value\":{\"options\":{\"font_size\":\"17px\",\"color\":{\"value\":{\"color\":\"rgb(255, 255, 255)\"}},\"top\":\"\",\"left\":\"\"},\"icon_type\":\"icon\",\"icon\":{\"icon\":\"&#xe663;\",\"class\":\"heart3\"}}}',1),(2,'product_grid_wishlist_icon_border','productgrid','{\"value\":{\"border_rounded\":\"px\",\"border_type\":\"solid\",\"border_radius_unit\":\"%\",\"border\":{\"value\":{\"text\":\"\"}},\"border_top\":{\"value\":\"\"},\"border_right\":{\"value\":\"\"},\"border_bottom\":{\"value\":\"\"},\"border_left\":{\"value\":\"\"},\"border_radius\":{\"value\":{\"text\":\"50\"}},\"border_radius_top\":{\"value\":\"\"},\"border_radius_right\":{\"value\":\"\"},\"border_radius_left\":{\"value\":\"\"},\"border_radius_bottom\":{\"value\":\"\"},\"border_color\":{\"value\":{\"color\":\"\"}}}}',1),(2,'product_grid_quickview_button_tooltip_border','productgrid','{\"value\":{\"border_rounded\":\"px\",\"border_type\":\"solid\",\"border_radius_unit\":\"px\",\"border\":{\"value\":\"\"},\"border_top\":{\"value\":\"\"},\"border_right\":{\"value\":\"\"},\"border_bottom\":{\"value\":\"\"},\"border_left\":{\"value\":\"\"},\"border_radius\":{\"value\":{\"text\":\"2\"}},\"border_radius_top\":{\"value\":\"\"},\"border_radius_right\":{\"value\":\"\"},\"border_radius_left\":{\"value\":\"\"},\"border_radius_bottom\":{\"value\":\"\"}}}',1),(2,'product_grid_wishlist_icon_display','productgrid','icon',0),(2,'product_grid_wishlist_icon_position','productgrid','button',0),(2,'product_grid_wishlist_icon_on_hover','productgrid','on',0),(2,'product_grid_quickview_button_height','productgrid','{\"value\":{\"text\":\"\"}}',1),(2,'product_grid_quickview_button_width','productgrid','{\"value\":{\"text\":\"\"}}',1),(2,'product_grid_quickview_button_icon_position','productgrid','left',0),(2,'product_grid_quickview_offset_x','productgrid','{\"value\":{\"text\":\"-20\"}}',1),(2,'product_grid_quickview_offset_y','productgrid','{\"value\":{\"text\":\"-25\"}}',1),(2,'product_grid_quickview_button_border','productgrid','{\"value\":{\"border_rounded\":\"px\",\"border_type\":\"solid\",\"border_radius_unit\":\"%\",\"border\":{\"value\":{\"text\":\"1\"}},\"border_top\":{\"value\":\"\"},\"border_right\":{\"value\":\"\"},\"border_bottom\":{\"value\":\"\"},\"border_left\":{\"value\":\"\"},\"border_radius\":{\"value\":{\"text\":\"50\"}},\"border_radius_top\":{\"value\":\"\"},\"border_radius_right\":{\"value\":\"\"},\"border_radius_left\":{\"value\":\"\"},\"border_radius_bottom\":{\"value\":\"\"},\"border_color\":{\"value\":{\"color\":\"rgb(221, 0, 23)\"}}}}',1),(2,'product_grid_button_icon_position','productgrid','left',0),(2,'product_grid_button_border','productgrid','{\"value\":{\"border_rounded\":\"px\",\"border_type\":\"solid\",\"border_radius_unit\":\"%\",\"border\":{\"value\":{\"text\":\"\"}},\"border_top\":{\"value\":\"\"},\"border_right\":{\"value\":\"\"},\"border_bottom\":{\"value\":\"\"},\"border_left\":{\"value\":\"\"},\"border_radius\":{\"value\":{\"text\":\"50\"}},\"border_radius_top\":{\"value\":\"\"},\"border_radius_right\":{\"value\":\"\"},\"border_radius_left\":{\"value\":\"\"},\"border_radius_bottom\":{\"value\":\"\"},\"border_color\":{\"value\":{\"color\":\"\"}}}}',1),(2,'product_grid_button_width','productgrid','{\"value\":\"\"}',1),(2,'product_grid_details_tip_offset_x','productgrid','{\"value\":{\"text\":\"-10\"}}',1),(2,'product_grid_details_tip_offset_y','productgrid','{\"value\":{\"text\":\"-20\"}}',1),(2,'product_grid_button_block_button','productgrid','inline-button',0),(2,'product_grid_button_icon_display','productgrid','icon',0),(2,'product_grid_quickview_button_icon_display','productgrid','icon',0),(2,'product_grid_quickview_status','productgrid','never',0),(2,'product_grid_button_height','productgrid','{\"value\":\"\"}',1),(2,'product_grid_button_tooltip_border','productgrid','{\"value\":{\"border_rounded\":\"px\",\"border_type\":\"solid\",\"border_radius_unit\":\"px\",\"border\":{\"value\":\"\"},\"border_top\":{\"value\":\"\"},\"border_right\":{\"value\":\"\"},\"border_bottom\":{\"value\":\"\"},\"border_left\":{\"value\":\"\"},\"border_radius\":{\"value\":{\"text\":\"2\"}},\"border_radius_top\":{\"value\":\"\"},\"border_radius_right\":{\"value\":\"\"},\"border_radius_left\":{\"value\":\"\"},\"border_radius_bottom\":{\"value\":\"\"}}}',1),(2,'product_grid_price_pt','productgrid','{\"value\":{\"text\":\"\"}}',1),(2,'product_grid_price_pr','productgrid','{\"value\":{\"text\":\"\"}}',1),(2,'product_grid_price_pb','productgrid','{\"value\":{\"text\":\"\"}}',1),(2,'product_grid_price_pl','productgrid','{\"value\":{\"text\":\"\"}}',1),(2,'product_grid_details_tip_size','productgrid','{\"value\":{\"text\":\"23\"}}',1),(2,'product_grid_details_margin','productgrid','{\"value\":{\"text\":\"\"}}',1),(2,'product_grid_price_border','productgrid','{\"value\":{\"border_rounded\":\"px\",\"border_type\":\"solid\",\"border_radius_unit\":\"px\",\"border\":{\"value\":\"\"},\"border_top\":{\"value\":{\"text\":\"\"}},\"border_right\":{\"value\":\"\"},\"border_bottom\":{\"value\":{\"text\":\"\"}},\"border_left\":{\"value\":\"\"},\"border_radius\":{\"value\":{\"text\":\"\"}},\"border_radius_top\":{\"value\":\"\"},\"border_radius_right\":{\"value\":\"\"},\"border_radius_left\":{\"value\":\"\"},\"border_radius_bottom\":{\"value\":\"\"},\"border_color\":{\"value\":{\"color\":\"\"}}}}',1),(2,'product_grid_name_overflow','productgrid','nowrap',0),(2,'product_grid_price_full','productgrid','inline-block',0),(2,'product_grid_details_tip','productgrid','never',0),(2,'product_grid_details_border','productgrid','{\"value\":{\"border_rounded\":\"px\",\"border_type\":\"solid\",\"border_radius_unit\":\"px\",\"border\":{\"value\":\"\"},\"border_top\":{\"value\":\"\"},\"border_right\":{\"value\":\"\"},\"border_bottom\":{\"value\":\"\"},\"border_left\":{\"value\":\"\"},\"border_radius\":{\"value\":{\"text\":\"\"}},\"border_radius_top\":{\"value\":\"\"},\"border_radius_right\":{\"value\":\"\"},\"border_radius_left\":{\"value\":{\"text\":\"3\"}},\"border_radius_bottom\":{\"value\":{\"text\":\"3\"}}}}',1),(2,'product_grid_latest_label_status','productgrid','block',0),(2,'product_grid_special_label_status','productgrid','block',0),(2,'product_grid_outofstock_label_status','productgrid','block',0),(2,'product_grid_item_padding','productgrid','{\"value\":{\"text\":\"8\"}}',1),(2,'product_grid_second_image','productgrid','1',0),(2,'product_grid_image_border','productgrid','{\"value\":{\"border_rounded\":\"px\",\"border_type\":\"solid\",\"border_radius_unit\":\"px\",\"border\":{\"value\":\"\"},\"border_top\":{\"value\":\"\"},\"border_right\":{\"value\":\"\"},\"border_bottom\":{\"value\":\"\"},\"border_left\":{\"value\":\"\"},\"border_radius\":{\"value\":{\"text\":\"\"}},\"border_radius_top\":{\"value\":{\"text\":\"3\"}},\"border_radius_right\":{\"value\":{\"text\":\"3\"}},\"border_radius_left\":{\"value\":\"\"},\"border_radius_bottom\":{\"value\":\"\"}}}',1),(2,'product_grid_image_overlay_opacity','productgrid','{\"value\":{\"text\":\"\"}}',1),(2,'product_grid_item_border','productgrid','{\"value\":{\"border_rounded\":\"px\",\"border_type\":\"solid\",\"border_radius_unit\":\"px\",\"border\":{\"value\":{\"text\":\"\"}},\"border_top\":{\"value\":\"\"},\"border_right\":{\"value\":\"\"},\"border_bottom\":{\"value\":\"\"},\"border_left\":{\"value\":\"\"},\"border_radius\":{\"value\":{\"text\":\"\"}},\"border_radius_top\":{\"value\":\"\"},\"border_radius_right\":{\"value\":\"\"},\"border_radius_left\":{\"value\":\"\"},\"border_radius_bottom\":{\"value\":\"\"},\"border_color\":{\"value\":{\"color\":\"\"}}}}',1),(2,'body_font','general','{\"value\":{\"font_type\":\"system\",\"font_size\":\"13px\",\"font_family\":\"Helvetica, Arial, sans-serif\",\"font_name\":\"Ubuntu\",\"font_weight\":\"normal\",\"font_style\":\"normal\",\"text_transform\":\"none\",\"color\":{\"value\":{\"color\":\"rgb(51, 55, 69)\"}},\"font_subset\":[\"latin\"]}}',1),(2,'secondary_title_padding_lr','general','{\"value\":{\"text\":\"\"}}',1),(2,'secondary_title_padding_tb','general','{\"value\":{\"text\":\"7\"}}',1),(2,'secondary_title_border','general','{\"value\":{\"border_rounded\":\"px\",\"border_type\":\"dotted\",\"border_radius_unit\":\"px\",\"border\":{\"value\":\"\"},\"border_top\":{\"value\":\"\"},\"border_right\":{\"value\":\"\"},\"border_bottom\":{\"value\":{\"text\":\"1\"}},\"border_left\":{\"value\":\"\"},\"border_radius\":{\"value\":{\"text\":\"\"}},\"border_radius_top\":{\"value\":\"\"},\"border_radius_right\":{\"value\":\"\"},\"border_radius_left\":{\"value\":\"\"},\"border_radius_bottom\":{\"value\":\"\"},\"border_color\":{\"value\":{\"color\":\"rgb(204, 204, 204)\"}}}}',1),(2,'main_title_line_height','general','{\"value\":{\"text\":\"40\"}}',1),(2,'secondary_title_font','general','{\"value\":{\"font_type\":\"google\",\"font_size\":\"16px\",\"font_family\":\"Helvetica, Arial, sans-serif\",\"font_name\":\"Droid Serif\",\"font_weight\":\"regular\",\"font_style\":\"normal\",\"text_transform\":\"none\",\"font_subset\":[\"latin\"],\"color\":{\"value\":{\"color\":\"rgb(68, 67, 73)\"}},\"letter_spacing\":\"\"}}',1),(2,'responsive_design','general','1',0),(2,'posts_grid_border','blogmodules','{\"value\":{\"border_rounded\":\"px\",\"border\":{\"value\":{\"text\":\"3\"}},\"border_top\":{\"value\":{\"text\":\"3\"}},\"border_right\":{\"value\":{\"text\":\"3\"}},\"border_bottom\":{\"value\":\"\"},\"border_left\":{\"value\":\"\"},\"border_radius\":{\"value\":{\"text\":\"15\"}},\"border_radius_top\":{\"value\":\"\"},\"border_radius_right\":{\"value\":\"\"},\"border_radius_left\":{\"value\":\"\"},\"border_radius_bottom\":{\"value\":\"\"},\"border_color\":{\"value\":{\"color\":\"rgb(0, 0, 0)\"}}}}',1),(2,'posts_grid_padding','blogmodules','{\"value\":\"\"}',1),(2,'product_list_second_image','productlist','1',0),(2,'product_page_options_border','productpage','{\"value\":{\"border_rounded\":\"px\",\"border_type\":\"solid\",\"border_radius_unit\":\"px\",\"border\":{\"value\":{\"text\":\"\"}},\"border_top\":{\"value\":\"\"},\"border_right\":{\"value\":\"\"},\"border_bottom\":{\"value\":{\"text\":\"\"}},\"border_left\":{\"value\":\"\"},\"border_radius\":{\"value\":{\"text\":\"\"}},\"border_radius_top\":{\"value\":\"\"},\"border_radius_right\":{\"value\":\"\"},\"border_radius_left\":{\"value\":\"\"},\"border_radius_bottom\":{\"value\":\"\"},\"border_color\":{\"value\":{\"color\":\"\"}}}}',1),(2,'product_page_latest_label_status','productpage','block',0),(2,'product_page_special_label_status','productpage','block',0),(2,'refine_link_divider','category','{\"value\":\"\"}',1),(2,'refine_bar_radius','category','{\"value\":{\"border_rounded\":\"px\"}}',1),(2,'refine_image_font','category','{\"value\":{\"font_type\":\"google\",\"font_size\":\"20px\",\"font_family\":\"Georgia, serif\",\"font_name\":\"Baloo Chettan\",\"font_weight\":\"regular\",\"font_style\":\"\",\"text_transform\":\"uppercase\",\"color\":{\"value\":{\"color\":\"rgb(0, 0, 0)\"}},\"font_subset\":[\"malayalam\"],\"letter_spacing\":\"\",\"v\":\"2\",\"font_size_mobile\":\"---\"}}',1),(2,'refine_category','category','grid',0),(2,'product_page_options_margin','productpage','{\"value\":{\"text\":\"15\"}}',1),(2,'product_page_options_views','productpage','1',0),(2,'product_page_gallery_text_font','productpage','{\"value\":{\"font_type\":\"none\",\"font_size\":\"13px\",\"font_family\":\"Helvetica, Arial, sans-serif\",\"font_name\":\"\",\"font_weight\":\"normal\",\"font_style\":\"normal\",\"text_transform\":\"none\",\"color\":{\"value\":{\"color\":\"\"}}}}',1),(2,'product_page_additional_width','productpage','{\"value\":\"8\",\"range\":\"1,8\",\"step\":\"1\"}',1),(2,'product_page_additional_spacing','productpage','{\"value\":{\"text\":\"15\"}}',1),(2,'product_page_gallery_text','productpage','{\"value\":{\"1\":\"Click Image for Gallery\",\"2\":\"\"}}',1),(2,'cart_heading_icon_border','header','{\"value\":{\"border_rounded\":\"px\",\"border_type\":\"solid\",\"border_radius_unit\":\"%\",\"border\":{\"value\":\"\"},\"border_top\":{\"value\":\"\"},\"border_right\":{\"value\":\"\"},\"border_bottom\":{\"value\":\"\"},\"border_left\":{\"value\":\"\"},\"border_radius\":{\"value\":{\"text\":\"50\"}},\"border_radius_top\":{\"value\":\"\"},\"border_radius_right\":{\"value\":{\"text\":\"\"}},\"border_radius_left\":{\"value\":\"\"},\"border_radius_bottom\":{\"value\":{\"text\":\"\"}}}}',1),(2,'cart_content_divider_type','header','solid',0),(2,'extended_layout_bg_color_home','general','{\"value\":{\"color\":\"\"}}',1),(2,'checkout_confirm_border','pages','{\"value\":{\"border_rounded\":\"px\"}}',1),(2,'maintenance_bg','pages','{\"value\":{\"bgimage_attach\":\"scroll\",\"use_gradient\":0,\"bgimage_size\":\"auto\",\"bgimage_position\":\"center top\"}}',1),(2,'info_page_title_font','pages','{\"value\":{\"font_type\":\"google\",\"font_size\":\"26px\",\"font_size_mobile\":\"---\",\"font_family\":\"Helvetica, Arial, sans-serif\",\"font_name\":\"Baloo Chettan\",\"font_weight\":\"regular\",\"font_style\":\"\",\"font_subset\":[\"malayalam\"],\"letter_spacing\":\"\",\"text_transform\":\"\",\"v\":\"2\",\"color\":{\"value\":{\"color\":\"rgb(0, 0, 0)\"}}}}',1),(2,'maintenance_title','pages','{\"value\":{\"font_type\":\"none\",\"font_size\":\"---\",\"font_size_mobile\":\"---\",\"font_family\":\"Helvetica, Arial, sans-serif\",\"font_name\":\"ABeeZee\",\"font_weight\":\"\",\"font_style\":\"\",\"font_subset\":[\"latin\"],\"letter_spacing\":\"\",\"text_transform\":\"\",\"v\":\"2\",\"color\":{\"value\":{\"color\":\"rgb(255, 255, 255)\"}}}}',1),(2,'info_page_p_font','pages','{\"value\":{\"font_type\":\"google\",\"font_size\":\"25px\",\"font_size_mobile\":\"---\",\"font_family\":\"Helvetica, Arial, sans-serif\",\"font_name\":\"Baloo Chettan\",\"font_weight\":\"regular\",\"font_style\":\"\",\"font_subset\":[\"malayalam\"],\"letter_spacing\":\"\",\"text_transform\":\"\",\"v\":\"2\"}}',1),(2,'shopping_total_font','pages','{\"value\":{\"font_type\":\"google\",\"font_size\":\"---\",\"font_size_mobile\":\"---\",\"font_family\":\"Helvetica, Arial, sans-serif\",\"font_name\":\"Baloo Chettan\",\"font_weight\":\"regular\",\"font_style\":\"\",\"font_subset\":[\"malayalam\"],\"letter_spacing\":\"\",\"text_transform\":\"\",\"v\":\"2\"}}',1),(2,'button_checkout_border','pages','{\"value\":{\"border_rounded\":\"px\",\"border\":{\"value\":\"\"},\"border_top\":{\"value\":\"\"},\"border_right\":{\"value\":\"\"},\"border_bottom\":{\"value\":\"\"},\"border_left\":{\"value\":\"\"},\"border_radius\":{\"value\":{\"text\":\"30\"}},\"border_radius_top\":{\"value\":\"\"},\"border_radius_right\":{\"value\":\"\"},\"border_radius_left\":{\"value\":\"\"},\"border_radius_bottom\":{\"value\":\"\"}}}',1),(2,'button_continue_border','pages','{\"value\":{\"border_rounded\":\"px\",\"border\":{\"value\":\"\"},\"border_top\":{\"value\":\"\"},\"border_right\":{\"value\":\"\"},\"border_bottom\":{\"value\":\"\"},\"border_left\":{\"value\":\"\"},\"border_radius\":{\"value\":{\"text\":\"30\"}},\"border_radius_top\":{\"value\":\"\"},\"border_radius_right\":{\"value\":\"\"},\"border_radius_left\":{\"value\":\"\"},\"border_radius_bottom\":{\"value\":\"\"}}}',1),(2,'shopping_option_font','pages','{\"value\":{\"font_type\":\"google\",\"font_size\":\"25px\",\"font_family\":\"Helvetica, Arial, sans-serif\",\"font_name\":\"Baloo Chettan\",\"font_weight\":\"regular\",\"font_style\":\"\",\"letter_spacing\":\"\",\"text_transform\":\"\",\"color\":{\"value\":{\"color\":\"rgb(68, 67, 73)\"}},\"v\":\"2\",\"font_size_mobile\":\"---\",\"font_subset\":[\"malayalam\"]}}',1),(2,'info_page_title_align','pages','left',0),(2,'info_page_title_border','pages','{\"value\":{\"border_rounded\":\"px\",\"border\":{\"value\":\"\"},\"border_top\":{\"value\":\"\"},\"border_right\":{\"value\":\"\"},\"border_bottom\":{\"value\":\"\"},\"border_left\":{\"value\":\"\"},\"border_radius\":{\"value\":{\"text\":\"30\"}},\"border_radius_top\":{\"value\":\"\"},\"border_radius_right\":{\"value\":\"\"},\"border_radius_left\":{\"value\":\"\"},\"border_radius_bottom\":{\"value\":\"\"}}}',1),(2,'site_map_border','pages','{\"value\":{\"border_rounded\":\"px\",\"border_type\":\"solid\",\"border_radius_unit\":\"px\",\"border\":{\"value\":\"\"},\"border_top\":{\"value\":\"\"},\"border_right\":{\"value\":\"\"},\"border_bottom\":{\"value\":\"\"},\"border_left\":{\"value\":\"\"},\"border_radius\":{\"value\":{\"text\":\"\"}},\"border_radius_top\":{\"value\":\"\"},\"border_radius_right\":{\"value\":\"\"},\"border_radius_left\":{\"value\":\"\"},\"border_radius_bottom\":{\"value\":\"\"}}}',1),(2,'login_screen_padding','pages','{\"value\":{\"text\":\"0\"}}',1),(2,'checkout_heading_divider_type','pages','solid',0),(2,'site_map_sub','pages','{\"value\":{\"font_type\":\"none\",\"font_size\":\"---\",\"font_family\":\"Helvetica, Arial, sans-serif\",\"font_name\":\"ABeeZee\",\"font_weight\":\"\",\"font_style\":\"\",\"letter_spacing\":\"\",\"text_transform\":\"\",\"color\":{\"value\":{\"color\":\"\"}},\"font_subset\":[\"latin\"],\"v\":\"2\",\"font_size_mobile\":\"---\"}}',1),(2,'site_map_top','pages','{\"value\":{\"font_type\":\"none\",\"font_size\":\"---\",\"font_family\":\"Helvetica, Arial, sans-serif\",\"font_name\":\"\",\"font_weight\":\"\",\"font_style\":\"\",\"letter_spacing\":\"\",\"text_transform\":\"\",\"color\":{\"value\":{\"color\":\"\"}},\"v\":\"2\",\"font_size_mobile\":\"---\"}}',1),(2,'checkout_heading_font','pages','{\"value\":{\"font_type\":\"google\",\"font_size\":\"25px\",\"font_family\":\"Helvetica, Arial, sans-serif\",\"font_name\":\"Baloo Chettan\",\"font_weight\":\"regular\",\"font_style\":\"\",\"letter_spacing\":\"\",\"text_transform\":\"\",\"color\":{\"value\":{\"color\":\"rgb(0, 0, 0)\"}},\"v\":\"2\",\"font_size_mobile\":\"20px\",\"font_subset\":[\"malayalam\"]}}',1),(2,'login_screen_text_font_color','pages','{\"value\":{\"font_type\":\"google\",\"font_size\":\"---\",\"font_family\":\"Helvetica, Arial, sans-serif\",\"font_name\":\"Baloo Chettan\",\"font_weight\":\"regular\",\"font_style\":\"\",\"letter_spacing\":\"\",\"text_transform\":\"\",\"color\":{\"value\":{\"color\":\"\"}},\"v\":\"2\",\"font_size_mobile\":\"---\",\"font_subset\":[\"malayalam\"]}}',1),(2,'site_map_padding','pages','{\"value\":{\"text\":\"\"}}',1),(2,'checkout_padding','pages','{\"value\":{\"text\":\"10\"}}',1),(2,'site_map_bg','pages','{\"value\":{\"color\":\"\"}}',1),(2,'checkout_bg','pages','{\"value\":{\"color\":\"rgb(244, 244, 244)\"}}',1),(2,'checkout_confirm_divider_color','pages','{\"value\":{\"color\":\"rgb(244, 244, 244)\"}}',1),(2,'checkout_confirm_bg_color','pages','{\"value\":{\"color\":\"rgb(255, 255, 255)\"}}',1),(2,'checkout_confirm_color','pages','{\"value\":{\"color\":\"rgb(51, 55, 69)\"}}',1),(2,'checkout_heading_divider_color','pages','{\"value\":{\"color\":\"rgb(91, 142, 174)\"}}',1),(2,'checkout_heading_bg_color','pages','{\"value\":{\"color\":\"rgb(69, 115, 143)\"}}',1),(2,'shopping_option_divider','pages','{\"value\":{\"color\":\"rgb(228, 228, 228)\"}}',1),(2,'shopping_option_bg_hover','pages','{\"value\":{\"color\":\"rgb(221, 0, 23)\"}}',1),(2,'shopping_option_bg','pages','{\"value\":{\"color\":\"rgb(250, 250, 250)\"}}',1),(2,'shopping_option_hover_color','pages','{\"value\":{\"color\":\"rgb(255, 255, 255)\"}}',1),(2,'shopping_action_bg','pages','{\"value\":{\"color\":\"rgb(244, 244, 244)\"}}',1),(2,'shopping_action_color','pages','{\"value\":{\"color\":\"rgb(56, 56, 56)\"}}',1),(2,'shopping_action_header_bg','pages','{\"value\":{\"color\":\"rgb(0, 0, 0)\"}}',1),(2,'login_screen_divider','pages','{\"value\":{\"color\":\"rgb(204, 204, 204)\"}}',1),(2,'login_screen_bg','pages','{\"value\":{\"color\":\"\"}}',1),(2,'shopping_divider','pages','{\"value\":{\"color\":\"rgb(204, 204, 204)\"}}',1),(2,'shopping_table_header_bg','pages','{\"value\":{\"color\":\"rgb(120, 107, 93)\"}}',1),(2,'shopping_table_link_hover_color','pages','{\"value\":{\"color\":\"\"}}',1),(2,'shopping_action_header','pages','{\"value\":{\"font_type\":\"google\",\"font_size\":\"25px\",\"font_family\":\"Helvetica, Arial, sans-serif\",\"font_name\":\"Baloo Chettan\",\"font_weight\":\"regular\",\"font_style\":\"\",\"text_transform\":\"\",\"color\":{\"value\":{\"color\":\"rgb(255, 255, 255)\"}},\"font_subset\":[\"malayalam\"],\"v\":\"2\",\"font_size_mobile\":\"---\"}}',1),(2,'shopping_action_border','pages','{\"value\":{\"border_rounded\":\"px\",\"border_type\":\"solid\",\"border_radius_unit\":\"px\",\"border\":{\"value\":\"\"},\"border_top\":{\"value\":\"\"},\"border_right\":{\"value\":\"\"},\"border_bottom\":{\"value\":\"\"},\"border_left\":{\"value\":\"\"},\"border_radius\":{\"value\":{\"text\":\"\"}},\"border_radius_top\":{\"value\":\"\"},\"border_radius_right\":{\"value\":\"\"},\"border_radius_left\":{\"value\":{\"text\":\"\"}},\"border_radius_bottom\":{\"value\":{\"text\":\"\"}}}}',1),(2,'shopping_action_margin','pages','{\"value\":{\"text\":\"\"}}',1),(2,'checkout_border','pages','{\"value\":{\"border_rounded\":\"px\",\"border_type\":\"solid\",\"border_radius_unit\":\"px\",\"border\":{\"value\":\"\"},\"border_top\":{\"value\":\"\"},\"border_right\":{\"value\":\"\"},\"border_bottom\":{\"value\":\"\"},\"border_left\":{\"value\":\"\"},\"border_radius\":{\"value\":{\"text\":\"3\"}},\"border_radius_top\":{\"value\":\"\"},\"border_radius_right\":{\"value\":\"\"},\"border_radius_left\":{\"value\":\"\"},\"border_radius_bottom\":{\"value\":\"\"}}}',1),(2,'actions_border','pages','{\"value\":{\"border_rounded\":\"px\",\"border_type\":\"dotted\",\"border_radius_unit\":\"px\",\"border\":{\"value\":{\"text\":\"1\"}},\"border_top\":{\"value\":\"\"},\"border_right\":{\"value\":\"\"},\"border_bottom\":{\"value\":\"\"},\"border_left\":{\"value\":\"\"},\"border_radius\":{\"value\":{\"text\":\"2\"}},\"border_radius_top\":{\"value\":\"\"},\"border_radius_right\":{\"value\":\"\"},\"border_radius_left\":{\"value\":\"\"},\"border_radius_bottom\":{\"value\":\"\"},\"border_color\":{\"value\":{\"color\":\"rgb(204, 204, 204)\"}}}}',1),(2,'shopping_table_header_color','pages','{\"value\":{\"color\":\"rgb(255, 255, 255)\"}}',1),(2,'actions_padding_tb','pages','{\"value\":{\"text\":\"15\"}}',1),(2,'actions_padding_lr','pages','{\"value\":{\"text\":\"15\"}}',1),(2,'actions_bg_color','pages','{\"value\":{\"color\":\"\"}}',1),(2,'shopping_table_bg_color','pages','{\"value\":{\"color\":\"rgb(244, 244, 244)\"}}',1),(2,'shopping_table_color','pages','{\"value\":{\"color\":\"rgb(51, 55, 69)\"}}',1),(2,'shopping_table_link_color','pages','{\"value\":{\"color\":\"\"}}',1),(2,'login_screen_border','pages','{\"value\":{\"border_rounded\":\"px\",\"border_type\":\"solid\",\"border_radius_unit\":\"px\",\"border\":{\"value\":\"\"},\"border_top\":{\"value\":\"\"},\"border_right\":{\"value\":\"\"},\"border_bottom\":{\"value\":\"\"},\"border_left\":{\"value\":\"\"},\"border_radius\":{\"value\":{\"text\":\"3\"}},\"border_radius_top\":{\"value\":\"\"},\"border_radius_right\":{\"value\":\"\"},\"border_radius_left\":{\"value\":\"\"},\"border_radius_bottom\":{\"value\":\"\"}}}',1),(2,'shopping_image_border','pages','{\"value\":{\"border_rounded\":\"px\",\"border_type\":\"solid\",\"border_radius_unit\":\"px\",\"border\":{\"value\":{\"text\":\"\"}},\"border_top\":{\"value\":\"\"},\"border_right\":{\"value\":\"\"},\"border_bottom\":{\"value\":\"\"},\"border_left\":{\"value\":\"\"},\"border_radius\":{\"value\":{\"text\":\"3\"}},\"border_radius_top\":{\"value\":\"\"},\"border_radius_right\":{\"value\":\"\"},\"border_radius_left\":{\"value\":\"\"},\"border_radius_bottom\":{\"value\":\"\"},\"border_color\":{\"value\":{\"color\":\"\"}}}}',1),(2,'shopping_table_border','pages','{\"value\":{\"border_rounded\":\"px\",\"border_type\":\"solid\",\"border_radius_unit\":\"px\",\"border\":{\"value\":\"\"},\"border_top\":{\"value\":\"\"},\"border_right\":{\"value\":\"\"},\"border_bottom\":{\"value\":\"\"},\"border_left\":{\"value\":\"\"},\"border_radius\":{\"value\":{\"text\":\"3\"}},\"border_radius_top\":{\"value\":{\"text\":\"\"}},\"border_radius_right\":{\"value\":{\"text\":\"\"}},\"border_radius_left\":{\"value\":\"\"},\"border_radius_bottom\":{\"value\":\"\"}}}',1),(2,'shopping_divider_style','pages','dotted',0),(2,'input_field_text_color','pages','{\"value\":{\"color\":\"\"}}',1),(2,'cart_page_checkout_button_color','pages','{\"value\":{\"color\":\"\"}}',1),(2,'cart_icon_divider_type','header','solid',0),(2,'sticky_header','header','1',0),(2,'header_type','header','mega',0),(2,'boxed_header','header','0',0),(2,'top_menu_text_font','headermenus','{\"value\":{\"font_type\":\"system\",\"font_size\":\"25px\",\"font_family\":\"Georgia, serif\",\"font_name\":\"\",\"font_weight\":\"bold\",\"font_style\":\"normal\",\"text_transform\":\"none\",\"color\":{\"value\":{\"color\":\"rgb(0, 0, 0)\"}}}}',1),(2,'product_page_gallery_carousel_arrows','productpage','always',0),(2,'product_page_image_border','productpage','{\"value\":{\"border_rounded\":\"px\",\"border_type\":\"dotted\",\"border_radius_unit\":\"px\",\"border\":{\"value\":{\"text\":\"1\"}},\"border_top\":{\"value\":\"\"},\"border_right\":{\"value\":\"\"},\"border_bottom\":{\"value\":\"\"},\"border_left\":{\"value\":\"\"},\"border_radius\":{\"value\":{\"text\":\"3\"}},\"border_radius_top\":{\"value\":\"\"},\"border_radius_right\":{\"value\":\"\"},\"border_radius_left\":{\"value\":\"\"},\"border_radius_bottom\":{\"value\":\"\"},\"border_color\":{\"value\":{\"color\":\"rgb(204, 204, 204)\"}}}}',1),(2,'product_page_additional_border','productpage','{\"value\":{\"border_rounded\":\"px\",\"border_type\":\"dotted\",\"border_radius_unit\":\"px\",\"border\":{\"value\":{\"text\":\"1\"}},\"border_top\":{\"value\":\"\"},\"border_right\":{\"value\":\"\"},\"border_bottom\":{\"value\":\"\"},\"border_left\":{\"value\":\"\"},\"border_radius\":{\"value\":{\"text\":\"3\"}},\"border_radius_top\":{\"value\":\"\"},\"border_radius_right\":{\"value\":\"\"},\"border_radius_left\":{\"value\":\"\"},\"border_radius_bottom\":{\"value\":\"\"},\"border_color\":{\"value\":{\"color\":\"rgb(204, 204, 204)\"}}}}',1),(2,'product_page_gallery_carousel','productpage','0',0),(2,'product_page_gallery','productpage','1',0),(2,'product_page_cloud_zoom','productpage','0',0);

--
-- Table structure for table `oc_journal2_skins`
--

CREATE TABLE `oc_journal2_skins` (
  `skin_id` int(11) NOT NULL AUTO_INCREMENT,
  `skin_name` varchar(64) NOT NULL,
  `parent_id` int(11) NOT NULL,
  PRIMARY KEY (`skin_id`)
) ENGINE=MyISAM AUTO_INCREMENT=100 DEFAULT CHARSET=utf8;

--
-- Dumping data for table `oc_journal2_skins`
--


--
-- Table structure for table `oc_language`
--

CREATE TABLE `oc_language` (
  `language_id` int(11) NOT NULL AUTO_INCREMENT,
  `name` varchar(32) NOT NULL,
  `code` varchar(5) NOT NULL,
  `locale` varchar(255) NOT NULL,
  `image` varchar(64) NOT NULL,
  `directory` varchar(32) NOT NULL,
  `sort_order` int(3) NOT NULL DEFAULT '0',
  `status` tinyint(1) NOT NULL,
  PRIMARY KEY (`language_id`),
  KEY `name` (`name`)
) ENGINE=MyISAM AUTO_INCREMENT=2 DEFAULT CHARSET=utf8;

--
-- Dumping data for table `oc_language`
--

INSERT INTO `oc_language` VALUES (1,'English','en','en_US.UTF-8,en_US,en-gb,english','gb.png','english',1,1);

--
-- Table structure for table `oc_layout`
--

CREATE TABLE `oc_layout` (
  `layout_id` int(11) NOT NULL AUTO_INCREMENT,
  `name` varchar(64) NOT NULL,
  PRIMARY KEY (`layout_id`)
) ENGINE=MyISAM AUTO_INCREMENT=16 DEFAULT CHARSET=utf8;

--
-- Dumping data for table `oc_layout`
--

INSERT INTO `oc_layout` VALUES (1,'Home'),(2,'Product'),(3,'Category'),(4,'Default'),(5,'Manufacturer'),(6,'Account'),(7,'Checkout'),(8,'Contact'),(10,'Affiliate'),(11,'Information'),(12,'Compare'),(13,'Search'),(14,'Journal Blog'),(15,'Journal Blog Post');

--
-- Table structure for table `oc_layout_module`
--

CREATE TABLE `oc_layout_module` (
  `layout_module_id` int(11) NOT NULL AUTO_INCREMENT,
  `layout_id` int(11) NOT NULL,
  `code` varchar(64) NOT NULL,
  `position` varchar(14) NOT NULL,
  `sort_order` int(3) NOT NULL,
  PRIMARY KEY (`layout_module_id`)
) ENGINE=MyISAM AUTO_INCREMENT=424 DEFAULT CHARSET=utf8;

--
-- Dumping data for table `oc_layout_module`
--

INSERT INTO `oc_layout_module` VALUES (2,4,'0','content_top',0),(3,4,'0','content_top',1),(20,5,'0','column_left',2),(69,10,'affiliate','column_right',1),(68,6,'account','column_right',1),(72,3,'category','column_left',1),(80,1,'journal2_static_banners.3','content_top',0),(423,1,'journal2_blog_posts.43','content_bottom',2),(125,1,'journal2_fullscreen_slider.31','footer',0),(123,1,'journal2_fullscreen_slider.1','footer',0),(124,1,'journal2_fullscreen_slider.13','footer',1),(143,1,'journal2_slider.2','top',0),(386,2,'journal2_side_category.5','column_left',1),(387,3,'journal2_side_category.5','column_left',2),(419,1,'journal2_cms_blocks.56','column_right',0),(146,1,'journal2_blog_categories.37','column_left',0),(157,1,'journal2_photo_gallery.40','bottom',0),(169,1,'journal2_newsletter.42','content_bottom',0),(418,1,'journal2_cms_blocks.44','bottom',1),(417,1,'journal2_cms_blocks.27','content_bottom',2);

--
-- Table structure for table `oc_layout_route`
--

CREATE TABLE `oc_layout_route` (
  `layout_route_id` int(11) NOT NULL AUTO_INCREMENT,
  `layout_id` int(11) NOT NULL,
  `store_id` int(11) NOT NULL,
  `route` varchar(255) NOT NULL,
  PRIMARY KEY (`layout_route_id`)
) ENGINE=MyISAM AUTO_INCREMENT=56 DEFAULT CHARSET=utf8;

--
-- Dumping data for table `oc_layout_route`
--

INSERT INTO `oc_layout_route` VALUES (38,6,0,'account/%'),(17,10,0,'affiliate/%'),(44,3,0,'product/category'),(42,1,0,'common/home'),(20,2,0,'product/product'),(24,11,0,'information/information'),(23,7,0,'checkout/%'),(31,8,0,'information/contact'),(34,4,0,''),(45,5,0,'product/manufacturer'),(52,12,0,'product/compare'),(53,13,0,'product/search'),(54,14,0,'journal2/blog'),(55,15,0,'journal2/blog/post');

--
-- Table structure for table `oc_length_class`
--

CREATE TABLE `oc_length_class` (
  `length_class_id` int(11) NOT NULL AUTO_INCREMENT,
  `value` decimal(15,8) NOT NULL,
  PRIMARY KEY (`length_class_id`)
) ENGINE=MyISAM AUTO_INCREMENT=4 DEFAULT CHARSET=utf8;

--
-- Dumping data for table `oc_length_class`
--

INSERT INTO `oc_length_class` VALUES (1,1.00000000),(2,10.00000000),(3,0.39370000);

--
-- Table structure for table `oc_length_class_description`
--

CREATE TABLE `oc_length_class_description` (
  `length_class_id` int(11) NOT NULL AUTO_INCREMENT,
  `language_id` int(11) NOT NULL,
  `title` varchar(32) NOT NULL,
  `unit` varchar(4) NOT NULL,
  PRIMARY KEY (`length_class_id`,`language_id`)
) ENGINE=MyISAM AUTO_INCREMENT=4 DEFAULT CHARSET=utf8;

--
-- Dumping data for table `oc_length_class_description`
--

INSERT INTO `oc_length_class_description` VALUES (1,1,'Centimeter','cm'),(2,1,'Millimeter','mm'),(3,1,'Inch','in');

--
-- Table structure for table `oc_location`
--

CREATE TABLE `oc_location` (
  `location_id` int(11) NOT NULL AUTO_INCREMENT,
  `name` varchar(32) NOT NULL,
  `address` text NOT NULL,
  `telephone` varchar(32) NOT NULL,
  `fax` varchar(32) NOT NULL,
  `geocode` varchar(32) NOT NULL,
  `image` varchar(255) DEFAULT NULL,
  `open` text NOT NULL,
  `comment` text NOT NULL,
  PRIMARY KEY (`location_id`),
  KEY `name` (`name`)
) ENGINE=MyISAM AUTO_INCREMENT=2 DEFAULT CHARSET=utf8;

--
-- Dumping data for table `oc_location`
--

INSERT INTO `oc_location` VALUES (1,'Tofun Marine Supply Inc.','91 Plains Road East UNIT C3, Burlington ON','905-3336636','','L7T2C2','','','');

--
-- Table structure for table `oc_manufacturer`
--

CREATE TABLE `oc_manufacturer` (
  `manufacturer_id` int(11) NOT NULL AUTO_INCREMENT,
  `name` varchar(64) NOT NULL,
  `image` varchar(255) DEFAULT NULL,
  `sort_order` int(3) NOT NULL,
  PRIMARY KEY (`manufacturer_id`)
) ENGINE=MyISAM AUTO_INCREMENT=12 DEFAULT CHARSET=utf8;

--
-- Dumping data for table `oc_manufacturer`
--

INSERT INTO `oc_manufacturer` VALUES (11,'Innovoceans ','images/logo.jpg',0);

--
-- Table structure for table `oc_manufacturer_to_store`
--

CREATE TABLE `oc_manufacturer_to_store` (
  `manufacturer_id` int(11) NOT NULL,
  `store_id` int(11) NOT NULL,
  PRIMARY KEY (`manufacturer_id`,`store_id`)
) ENGINE=MyISAM DEFAULT CHARSET=utf8;

--
-- Dumping data for table `oc_manufacturer_to_store`
--

INSERT INTO `oc_manufacturer_to_store` VALUES (11,0);

--
-- Table structure for table `oc_marketing`
--

CREATE TABLE `oc_marketing` (
  `marketing_id` int(11) NOT NULL AUTO_INCREMENT,
  `name` varchar(32) NOT NULL,
  `description` text NOT NULL,
  `code` varchar(64) NOT NULL,
  `clicks` int(5) NOT NULL DEFAULT '0',
  `date_added` datetime NOT NULL,
  PRIMARY KEY (`marketing_id`)
) ENGINE=MyISAM DEFAULT CHARSET=utf8;

--
-- Dumping data for table `oc_marketing`
--


--
-- Table structure for table `oc_modification`
--

CREATE TABLE `oc_modification` (
  `modification_id` int(11) NOT NULL AUTO_INCREMENT,
  `name` varchar(64) NOT NULL,
  `code` varchar(64) NOT NULL,
  `author` varchar(64) NOT NULL,
  `version` varchar(32) NOT NULL,
  `link` varchar(255) NOT NULL,
  `xml` text NOT NULL,
  `status` tinyint(1) NOT NULL,
  `date_added` datetime NOT NULL,
  PRIMARY KEY (`modification_id`)
) ENGINE=MyISAM DEFAULT CHARSET=utf8;

--
-- Dumping data for table `oc_modification`
--


--
-- Table structure for table `oc_module`
--

CREATE TABLE `oc_module` (
  `module_id` int(11) NOT NULL AUTO_INCREMENT,
  `name` varchar(64) NOT NULL,
  `code` varchar(32) NOT NULL,
  `setting` text NOT NULL,
  PRIMARY KEY (`module_id`)
) ENGINE=MyISAM AUTO_INCREMENT=34 DEFAULT CHARSET=utf8;

--
-- Dumping data for table `oc_module`
--

INSERT INTO `oc_module` VALUES (33,'Featured Boats','featured','{\"name\":\"Featured Boats\",\"product\":[\"55\",\"53\",\"50\",\"54\",\"52\",\"51\",\"65\",\"62\"],\"limit\":\"8\",\"width\":\"200\",\"height\":\"200\",\"status\":\"1\"}');

--
-- Table structure for table `oc_option`
--

CREATE TABLE `oc_option` (
  `option_id` int(11) NOT NULL AUTO_INCREMENT,
  `type` varchar(32) NOT NULL,
  `sort_order` int(3) NOT NULL,
  PRIMARY KEY (`option_id`)
) ENGINE=MyISAM AUTO_INCREMENT=17 DEFAULT CHARSET=utf8;

--
-- Dumping data for table `oc_option`
--

INSERT INTO `oc_option` VALUES (1,'radio',1),(2,'checkbox',2),(4,'text',3),(5,'image',4),(6,'textarea',5),(7,'file',6),(8,'date',7),(9,'time',8),(10,'datetime',9),(11,'select',10),(12,'date',11),(13,'image',1),(14,'select',0),(15,'image',0),(16,'image',2);

--
-- Table structure for table `oc_option_description`
--

CREATE TABLE `oc_option_description` (
  `option_id` int(11) NOT NULL,
  `language_id` int(11) NOT NULL,
  `name` varchar(128) NOT NULL,
  PRIMARY KEY (`option_id`,`language_id`)
) ENGINE=MyISAM DEFAULT CHARSET=utf8;

--
-- Dumping data for table `oc_option_description`
--

INSERT INTO `oc_option_description` VALUES (1,1,'Radio'),(2,1,'Checkbox'),(4,1,'Text'),(6,1,'Textarea'),(8,1,'Date'),(7,1,'File'),(5,1,'Color'),(9,1,'Time'),(10,1,'Date &amp; Time'),(12,1,'Delivery Date'),(11,1,'Size'),(13,1,'座位'),(14,1,'重量'),(15,1,'SK Color'),(16,1,'VIB Color');

--
-- Table structure for table `oc_option_value`
--

CREATE TABLE `oc_option_value` (
  `option_value_id` int(11) NOT NULL AUTO_INCREMENT,
  `option_id` int(11) NOT NULL,
  `image` varchar(255) NOT NULL,
  `sort_order` int(3) NOT NULL,
  PRIMARY KEY (`option_value_id`)
) ENGINE=MyISAM AUTO_INCREMENT=63 DEFAULT CHARSET=utf8;

--
-- Dumping data for table `oc_option_value`
--

INSERT INTO `oc_option_value` VALUES (43,1,'',3),(32,1,'',1),(45,2,'',4),(44,2,'',3),(56,14,'',6),(31,1,'',2),(23,2,'',1),(24,2,'',2),(46,11,'',1),(47,11,'',2),(48,11,'',3),(50,13,'02.png',2),(49,13,'1.png',1),(55,14,'',5),(54,14,'',4),(53,14,'',3),(52,14,'',2),(51,14,'',1),(57,14,'',7),(58,5,'color/30968168_001_s.jpg',4),(41,5,'',3),(40,5,'',2),(39,5,'color/FF0000.png.png',1),(59,15,'SKseries/270/SK270.jpg',1),(60,15,'SKseries/270/SK360BGFront.jpg',2),(61,16,'VIBS/8-2000x2000 (1).jpg',1),(62,16,'ALS/P1010263_副本.png',2);

--
-- Table structure for table `oc_option_value_description`
--

CREATE TABLE `oc_option_value_description` (
  `option_value_id` int(11) NOT NULL,
  `language_id` int(11) NOT NULL,
  `option_id` int(11) NOT NULL,
  `name` varchar(128) NOT NULL,
  PRIMARY KEY (`option_value_id`,`language_id`)
) ENGINE=MyISAM DEFAULT CHARSET=utf8;

--
-- Dumping data for table `oc_option_value_description`
--

INSERT INTO `oc_option_value_description` VALUES (43,1,1,'Large'),(32,1,1,'Small'),(45,1,2,'Checkbox 4'),(44,1,2,'Checkbox 3'),(31,1,1,'Medium'),(58,1,5,'Black'),(41,1,5,'Grey'),(40,1,5,'Blue'),(23,1,2,'Checkbox 1'),(24,1,2,'Checkbox 2'),(48,1,11,'Large'),(47,1,11,'Medium'),(46,1,11,'Small'),(50,1,13,'双人皮划艇'),(49,1,13,'单人皮划艇'),(56,1,14,'44lb'),(55,1,14,'35lb'),(54,1,14,'33lb'),(53,1,14,'22lb'),(52,1,14,'16.5lb'),(51,1,14,'11lb'),(57,1,14,'55lb'),(39,1,5,'Red'),(62,1,16,'White'),(60,1,15,'Black + Light Grey'),(59,1,15,'White + Light Grey'),(61,1,16,'Black');

--
-- Table structure for table `oc_order`
--

CREATE TABLE `oc_order` (
  `order_id` int(11) NOT NULL AUTO_INCREMENT,
  `invoice_no` int(11) NOT NULL DEFAULT '0',
  `invoice_prefix` varchar(26) NOT NULL,
  `store_id` int(11) NOT NULL DEFAULT '0',
  `store_name` varchar(64) NOT NULL,
  `store_url` varchar(255) NOT NULL,
  `customer_id` int(11) NOT NULL DEFAULT '0',
  `customer_group_id` int(11) NOT NULL DEFAULT '0',
  `firstname` varchar(32) NOT NULL,
  `lastname` varchar(32) NOT NULL,
  `email` varchar(96) NOT NULL,
  `telephone` varchar(32) NOT NULL,
  `fax` varchar(32) NOT NULL,
  `custom_field` text NOT NULL,
  `payment_firstname` varchar(32) NOT NULL,
  `payment_lastname` varchar(32) NOT NULL,
  `payment_company` varchar(40) NOT NULL,
  `payment_address_1` varchar(128) NOT NULL,
  `payment_address_2` varchar(128) NOT NULL,
  `payment_city` varchar(128) NOT NULL,
  `payment_postcode` varchar(10) NOT NULL,
  `payment_country` varchar(128) NOT NULL,
  `payment_country_id` int(11) NOT NULL,
  `payment_zone` varchar(128) NOT NULL,
  `payment_zone_id` int(11) NOT NULL,
  `payment_address_format` text NOT NULL,
  `payment_custom_field` text NOT NULL,
  `payment_method` varchar(128) NOT NULL,
  `payment_code` varchar(128) NOT NULL,
  `shipping_firstname` varchar(32) NOT NULL,
  `shipping_lastname` varchar(32) NOT NULL,
  `shipping_company` varchar(40) NOT NULL,
  `shipping_address_1` varchar(128) NOT NULL,
  `shipping_address_2` varchar(128) NOT NULL,
  `shipping_city` varchar(128) NOT NULL,
  `shipping_postcode` varchar(10) NOT NULL,
  `shipping_country` varchar(128) NOT NULL,
  `shipping_country_id` int(11) NOT NULL,
  `shipping_zone` varchar(128) NOT NULL,
  `shipping_zone_id` int(11) NOT NULL,
  `shipping_address_format` text NOT NULL,
  `shipping_custom_field` text NOT NULL,
  `shipping_method` varchar(128) NOT NULL,
  `shipping_code` varchar(128) NOT NULL,
  `comment` text NOT NULL,
  `total` decimal(15,4) NOT NULL DEFAULT '0.0000',
  `order_status_id` int(11) NOT NULL DEFAULT '0',
  `affiliate_id` int(11) NOT NULL,
  `commission` decimal(15,4) NOT NULL,
  `marketing_id` int(11) NOT NULL,
  `tracking` varchar(64) NOT NULL,
  `language_id` int(11) NOT NULL,
  `currency_id` int(11) NOT NULL,
  `currency_code` varchar(3) NOT NULL,
  `currency_value` decimal(15,8) NOT NULL DEFAULT '1.00000000',
  `ip` varchar(40) NOT NULL,
  `forwarded_ip` varchar(40) NOT NULL,
  `user_agent` varchar(255) NOT NULL,
  `accept_language` varchar(255) NOT NULL,
  `date_added` datetime NOT NULL,
  `date_modified` datetime NOT NULL,
  PRIMARY KEY (`order_id`)
) ENGINE=MyISAM AUTO_INCREMENT=8 DEFAULT CHARSET=utf8;

--
-- Dumping data for table `oc_order`
--

INSERT INTO `oc_order` VALUES (1,0,'INV-2015-00',0,'Innovoceans Inflatable Boats','http://innovocean.ca/',0,1,'jason','zhang','jasonzhang6@gmail.com','9055228828','','[]','jason','zhang','','85 ofield rd','','hamilton','','Canada',38,'Ontario',610,'','[]','PayPal','pp_standard','jason','zhang','','85 ofield rd','','hamilton','','Canada',38,'Ontario',610,'','[]','Flat Shipping Rate','flat.flat','',2525.0000,0,0,0.0000,0,'',1,4,'CAD',1.00000000,'216.165.193.237','','Mozilla/5.0 (Windows NT 10.0; WOW64) AppleWebKit/537.36 (KHTML, like Gecko) Chrome/48.0.2564.97 Safari/537.36','en-US,en;q=0.8','2016-01-31 07:33:28','2016-01-31 07:33:28'),(2,0,'INV-2015-00',0,'Innovoceans Inflatable Boats','http://innovocean.ca/',0,1,'dave','burnett','bcm@kent.net','519-627-4844','','[]','dave','burnett','','217 Lafontaine St','','Wallaceburg','N8A 4H8','Canada',38,'Ontario',610,'','[]','Cash On Delivery','cod','dave','burnett','','217 Lafontaine St','','Wallaceburg','N8A 4H8','Canada',38,'Ontario',610,'','[]','Flat Shipping Rate','flat.flat','',1404.0000,0,0,0.0000,0,'',1,4,'CAD',1.00000000,'104.254.11.142','','Mozilla/5.0 (Windows NT 6.3; WOW64; Trident/7.0; rv:11.0) like Gecko','en-CA','2016-08-19 09:46:36','2016-08-19 09:46:36'),(4,0,'INV-2015-00',0,'Innovoceans Inflatable Boats','http://innovocean.ca/',0,1,'','','','','','\"\"','','','','','','','','',38,'',610,'','[]','Cash On Delivery','cod','','','','','','','','',38,'',610,'','[]','Flat Shipping Rate','flat.flat','',1588.0000,0,0,0.0000,0,'',1,4,'CAD',1.00000000,'24.114.59.30','','Mozilla/5.0 (iPhone; CPU iPhone OS 10_2_1 like Mac OS X) AppleWebKit/602.4.6 (KHTML, like Gecko) Mobile/14D27 MicroMessenger/6.5.9 NetType/3G Language/zh_CN','zh-cn','2017-07-08 13:23:42','2017-07-08 13:23:44'),(5,0,'INV-2015-00',0,'Innovoceans Inflatable Boats','http://innovocean.ca/',0,1,'','','','','','\"\"','','','','','','','','',38,'',610,'','[]','Cash On Delivery','cod','','','','','','','l9k1k3','',38,'',610,'','[]','Flat Shipping Rate','flat.flat','',1388.0000,0,0,0.0000,0,'',1,4,'CAD',1.00000000,'70.24.164.183','','Mozilla/5.0 (Windows NT 10.0; WOW64) AppleWebKit/537.36 (KHTML, like Gecko) Chrome/53.0.2785.104 Safari/537.36 Core/1.53.3357.400 QQBrowser/9.6.11858.400','zh-CN,zh;q=0.8','2017-08-24 15:44:52','2017-08-24 15:56:00'),(6,0,'INV-2015-00',0,'Innovocean Inflatable Boats','http://innovocean.ca/',0,1,'','','','','','\"\"','','','','','','','','',38,'',610,'','[]','Cash On Delivery','cod','','','','','','','','',38,'',610,'','[]','Flat Shipping Rate','flat.flat','',3588.0000,0,0,0.0000,0,'',1,4,'CAD',1.00000000,'223.74.107.89','','Mozilla/5.0 (Windows NT 6.1; Win64; x64) AppleWebKit/537.36 (KHTML, like Gecko) Chrome/60.0.3112.101 Safari/537.36','zh-CN,zh;q=0.8','2017-08-26 10:25:08','2017-08-26 10:25:11'),(7,0,'INV-2015-00',0,'Innovocean Inflatable Boats','http://innovocean.ca/',0,1,'','','','','','\"\"','','','','','','','','',38,'',610,'','[]','Cash On Delivery','cod','','','','','','','','',38,'',610,'','[]','Flat Shipping Rate','flat.flat','',1078.0000,0,0,0.0000,0,'',1,4,'CAD',1.00000000,'99.226.156.71','','Mozilla/5.0 (Windows NT 6.1; WOW64; Trident/7.0; rv:11.0) like Gecko','en-CA','2017-09-10 17:36:27','2017-09-10 17:36:29');

--
-- Table structure for table `oc_order_custom_field`
--

CREATE TABLE `oc_order_custom_field` (
  `order_custom_field_id` int(11) NOT NULL AUTO_INCREMENT,
  `order_id` int(11) NOT NULL,
  `custom_field_id` int(11) NOT NULL,
  `custom_field_value_id` int(11) NOT NULL,
  `name` varchar(255) NOT NULL,
  `value` text NOT NULL,
  `type` varchar(32) NOT NULL,
  `location` varchar(16) NOT NULL,
  PRIMARY KEY (`order_custom_field_id`)
) ENGINE=MyISAM DEFAULT CHARSET=utf8;

--
-- Dumping data for table `oc_order_custom_field`
--


--
-- Table structure for table `oc_order_history`
--

CREATE TABLE `oc_order_history` (
  `order_history_id` int(11) NOT NULL AUTO_INCREMENT,
  `order_id` int(11) NOT NULL,
  `order_status_id` int(11) NOT NULL,
  `notify` tinyint(1) NOT NULL DEFAULT '0',
  `comment` text NOT NULL,
  `date_added` datetime NOT NULL,
  PRIMARY KEY (`order_history_id`)
) ENGINE=MyISAM AUTO_INCREMENT=3 DEFAULT CHARSET=utf8;

--
-- Dumping data for table `oc_order_history`
--


--
-- Table structure for table `oc_order_option`
--

CREATE TABLE `oc_order_option` (
  `order_option_id` int(11) NOT NULL AUTO_INCREMENT,
  `order_id` int(11) NOT NULL,
  `order_product_id` int(11) NOT NULL,
  `product_option_id` int(11) NOT NULL,
  `product_option_value_id` int(11) NOT NULL DEFAULT '0',
  `name` varchar(255) NOT NULL,
  `value` text NOT NULL,
  `type` varchar(32) NOT NULL,
  PRIMARY KEY (`order_option_id`)
) ENGINE=MyISAM AUTO_INCREMENT=3 DEFAULT CHARSET=utf8;

--
-- Dumping data for table `oc_order_option`
--

INSERT INTO `oc_order_option` VALUES (2,7,20,238,56,'SK Color','Black + Light Grey','image');

--
-- Table structure for table `oc_order_product`
--

CREATE TABLE `oc_order_product` (
  `order_product_id` int(11) NOT NULL AUTO_INCREMENT,
  `order_id` int(11) NOT NULL,
  `product_id` int(11) NOT NULL,
  `name` varchar(255) NOT NULL,
  `model` varchar(64) NOT NULL,
  `quantity` int(4) NOT NULL,
  `price` decimal(15,4) NOT NULL DEFAULT '0.0000',
  `total` decimal(15,4) NOT NULL DEFAULT '0.0000',
  `tax` decimal(15,4) NOT NULL DEFAULT '0.0000',
  `reward` int(8) NOT NULL,
  PRIMARY KEY (`order_product_id`)
) ENGINE=MyISAM AUTO_INCREMENT=21 DEFAULT CHARSET=utf8;

--
-- Dumping data for table `oc_order_product`
--

INSERT INTO `oc_order_product` VALUES (1,1,55,'RIB 330: 11 feet Rigid Fiberglass Bottom Boat ','RIB 330',1,2520.0000,2520.0000,0.0000,0),(2,2,53,'IB330A: 11\' Inflatable Sport Boat with Aluminum Floor','IB330A ',1,1399.0000,1399.0000,0.0000,0),(6,4,78,'橡皮艇系列 型号：VIB270(8\'10&quot;)','VIB270',1,1500.0000,1500.0000,0.0000,0),(15,5,73,'Sport SK 300(9\'10&quot;)','SK300',1,1300.0000,1300.0000,0.0000,0),(18,6,86,'RIB-Aluminum Boat RIB360AL(11\'10&quot;)','RIB360AL',1,3500.0000,3500.0000,0.0000,0),(20,7,73,'Sport SK 300(9\'10&quot;)','SK300',1,990.0000,990.0000,0.0000,0);

--
-- Table structure for table `oc_order_recurring`
--

CREATE TABLE `oc_order_recurring` (
  `order_recurring_id` int(11) NOT NULL AUTO_INCREMENT,
  `order_id` int(11) NOT NULL,
  `reference` varchar(255) NOT NULL,
  `product_id` int(11) NOT NULL,
  `product_name` varchar(255) NOT NULL,
  `product_quantity` int(11) NOT NULL,
  `recurring_id` int(11) NOT NULL,
  `recurring_name` varchar(255) NOT NULL,
  `recurring_description` varchar(255) NOT NULL,
  `recurring_frequency` varchar(25) NOT NULL,
  `recurring_cycle` smallint(6) NOT NULL,
  `recurring_duration` smallint(6) NOT NULL,
  `recurring_price` decimal(10,4) NOT NULL,
  `trial` tinyint(1) NOT NULL,
  `trial_frequency` varchar(25) NOT NULL,
  `trial_cycle` smallint(6) NOT NULL,
  `trial_duration` smallint(6) NOT NULL,
  `trial_price` decimal(10,4) NOT NULL,
  `status` tinyint(4) NOT NULL,
  `date_added` datetime NOT NULL,
  PRIMARY KEY (`order_recurring_id`)
) ENGINE=MyISAM DEFAULT CHARSET=utf8;

--
-- Dumping data for table `oc_order_recurring`
--


--
-- Table structure for table `oc_order_recurring_transaction`
--

CREATE TABLE `oc_order_recurring_transaction` (
  `order_recurring_transaction_id` int(11) NOT NULL AUTO_INCREMENT,
  `order_recurring_id` int(11) NOT NULL,
  `reference` varchar(255) NOT NULL,
  `type` varchar(255) NOT NULL,
  `amount` decimal(10,4) NOT NULL,
  `date_added` datetime NOT NULL,
  PRIMARY KEY (`order_recurring_transaction_id`)
) ENGINE=MyISAM DEFAULT CHARSET=utf8;

--
-- Dumping data for table `oc_order_recurring_transaction`
--


--
-- Table structure for table `oc_order_status`
--

CREATE TABLE `oc_order_status` (
  `order_status_id` int(11) NOT NULL AUTO_INCREMENT,
  `language_id` int(11) NOT NULL,
  `name` varchar(32) NOT NULL,
  PRIMARY KEY (`order_status_id`,`language_id`)
) ENGINE=MyISAM AUTO_INCREMENT=17 DEFAULT CHARSET=utf8;

--
-- Dumping data for table `oc_order_status`
--

INSERT INTO `oc_order_status` VALUES (2,1,'Processing'),(3,1,'Shipped'),(7,1,'Canceled'),(5,1,'Complete'),(8,1,'Denied'),(9,1,'Canceled Reversal'),(10,1,'Failed'),(11,1,'Refunded'),(12,1,'Reversed'),(13,1,'Chargeback'),(1,1,'Pending'),(16,1,'Voided'),(15,1,'Processed'),(14,1,'Expired');

--
-- Table structure for table `oc_order_total`
--

CREATE TABLE `oc_order_total` (
  `order_total_id` int(10) NOT NULL AUTO_INCREMENT,
  `order_id` int(11) NOT NULL,
  `code` varchar(32) NOT NULL,
  `title` varchar(255) NOT NULL,
  `value` decimal(15,4) NOT NULL DEFAULT '0.0000',
  `sort_order` int(3) NOT NULL,
  PRIMARY KEY (`order_total_id`),
  KEY `order_id` (`order_id`)
) ENGINE=MyISAM AUTO_INCREMENT=58 DEFAULT CHARSET=utf8;

--
-- Dumping data for table `oc_order_total`
--

INSERT INTO `oc_order_total` VALUES (1,1,'sub_total','Sub-Total',2520.0000,1),(2,1,'shipping','Flat Shipping Rate',5.0000,3),(3,1,'total','Total',2525.0000,9),(4,2,'sub_total','Sub-Total',1399.0000,1),(5,2,'shipping','Flat Shipping Rate',5.0000,3),(6,2,'total','Total',1404.0000,9),(17,4,'total','Total',1588.0000,9),(16,4,'shipping','Flat Shipping Rate',88.0000,3),(15,4,'sub_total','Sub-Total',1500.0000,1),(44,5,'total','Total',1388.0000,9),(43,5,'shipping','Flat Shipping Rate',88.0000,3),(42,5,'sub_total','Sub-Total',1300.0000,1),(51,6,'shipping','Flat Shipping Rate',88.0000,3),(50,6,'sub_total','Sub-Total',3500.0000,1),(52,6,'total','Total',3588.0000,9),(55,7,'sub_total','Sub-Total',990.0000,1),(56,7,'shipping','Flat Shipping Rate',88.0000,3),(57,7,'total','Total',1078.0000,9);

--
-- Table structure for table `oc_order_voucher`
--

CREATE TABLE `oc_order_voucher` (
  `order_voucher_id` int(11) NOT NULL AUTO_INCREMENT,
  `order_id` int(11) NOT NULL,
  `voucher_id` int(11) NOT NULL,
  `description` varchar(255) NOT NULL,
  `code` varchar(10) NOT NULL,
  `from_name` varchar(64) NOT NULL,
  `from_email` varchar(96) NOT NULL,
  `to_name` varchar(64) NOT NULL,
  `to_email` varchar(96) NOT NULL,
  `voucher_theme_id` int(11) NOT NULL,
  `message` text NOT NULL,
  `amount` decimal(15,4) NOT NULL,
  PRIMARY KEY (`order_voucher_id`)
) ENGINE=MyISAM DEFAULT CHARSET=utf8;

--
-- Dumping data for table `oc_order_voucher`
--


--
-- Table structure for table `oc_paypal_order`
--

CREATE TABLE `oc_paypal_order` (
  `paypal_order_id` int(11) NOT NULL AUTO_INCREMENT,
  `order_id` int(11) NOT NULL,
  `date_added` datetime NOT NULL,
  `date_modified` datetime NOT NULL,
  `capture_status` enum('Complete','NotComplete') DEFAULT NULL,
  `currency_code` char(3) NOT NULL,
  `authorization_id` varchar(30) NOT NULL,
  `total` decimal(10,2) NOT NULL,
  PRIMARY KEY (`paypal_order_id`)
) ENGINE=MyISAM DEFAULT CHARSET=utf8;

--
-- Dumping data for table `oc_paypal_order`
--


--
-- Table structure for table `oc_paypal_order_transaction`
--

CREATE TABLE `oc_paypal_order_transaction` (
  `paypal_order_transaction_id` int(11) NOT NULL AUTO_INCREMENT,
  `paypal_order_id` int(11) NOT NULL,
  `transaction_id` char(20) NOT NULL,
  `parent_transaction_id` char(20) NOT NULL,
  `date_added` datetime NOT NULL,
  `note` varchar(255) NOT NULL,
  `msgsubid` char(38) NOT NULL,
  `receipt_id` char(20) NOT NULL,
  `payment_type` enum('none','echeck','instant','refund','void') DEFAULT NULL,
  `payment_status` char(20) NOT NULL,
  `pending_reason` char(50) NOT NULL,
  `transaction_entity` char(50) NOT NULL,
  `amount` decimal(10,2) NOT NULL,
  `debug_data` text NOT NULL,
  `call_data` text NOT NULL,
  PRIMARY KEY (`paypal_order_transaction_id`)
) ENGINE=MyISAM DEFAULT CHARSET=utf8;

--
-- Dumping data for table `oc_paypal_order_transaction`
--


--
-- Table structure for table `oc_product`
--

CREATE TABLE `oc_product` (
  `product_id` int(11) NOT NULL AUTO_INCREMENT,
  `model` varchar(64) NOT NULL,
  `sku` varchar(64) NOT NULL,
  `upc` varchar(12) NOT NULL,
  `ean` varchar(14) NOT NULL,
  `jan` varchar(13) NOT NULL,
  `isbn` varchar(17) NOT NULL,
  `mpn` varchar(64) NOT NULL,
  `location` varchar(128) NOT NULL,
  `quantity` int(4) NOT NULL DEFAULT '0',
  `stock_status_id` int(11) NOT NULL,
  `image` varchar(255) DEFAULT NULL,
  `manufacturer_id` int(11) NOT NULL,
  `shipping` tinyint(1) NOT NULL DEFAULT '1',
  `price` decimal(15,4) NOT NULL DEFAULT '0.0000',
  `points` int(8) NOT NULL DEFAULT '0',
  `tax_class_id` int(11) NOT NULL,
  `date_available` date NOT NULL DEFAULT '0000-00-00',
  `weight` decimal(15,8) NOT NULL DEFAULT '0.00000000',
  `weight_class_id` int(11) NOT NULL DEFAULT '0',
  `length` decimal(15,8) NOT NULL DEFAULT '0.00000000',
  `width` decimal(15,8) NOT NULL DEFAULT '0.00000000',
  `height` decimal(15,8) NOT NULL DEFAULT '0.00000000',
  `length_class_id` int(11) NOT NULL DEFAULT '0',
  `subtract` tinyint(1) NOT NULL DEFAULT '1',
  `minimum` int(11) NOT NULL DEFAULT '1',
  `sort_order` int(11) NOT NULL DEFAULT '0',
  `status` tinyint(1) NOT NULL DEFAULT '0',
  `viewed` int(5) NOT NULL DEFAULT '0',
  `date_added` datetime NOT NULL,
  `date_modified` datetime NOT NULL,
  PRIMARY KEY (`product_id`)
) ENGINE=MyISAM AUTO_INCREMENT=311 DEFAULT CHARSET=utf8;

--
-- Dumping data for table `oc_product`
--

INSERT INTO `oc_product` VALUES (122,'2.5HP 7-1/4X6-BS','','','','','','','',5,7,'Propeller/s-l1600.jpg',0,1,20.0000,0,9,'2017-07-20',0.00000000,5,0.00000000,0.00000000,0.00000000,3,1,1,2,1,92,'2017-07-20 12:31:27','2017-07-20 12:34:48'),(123,'7-1/2X7-BA','','','','','','','',5,7,'Propeller/4-6/s-l500.jpg',0,1,30.0000,0,9,'2017-07-20',0.00000000,5,0.00000000,0.00000000,0.00000000,3,1,1,1,1,84,'2017-07-20 12:39:51','2017-07-20 12:42:01'),(124,'7-1/2X8-BA','','','','','','','',5,7,'Propeller/4-6/81sAf-H730L._SL1500_.jpg',0,1,30.0000,0,9,'2017-07-20',0.00000000,5,0.00000000,0.00000000,0.00000000,3,1,1,1,1,80,'2017-07-20 12:42:11','2017-07-20 12:43:26'),(125,'9-1/4x8-J','','','','','','','',5,7,'Propeller/9.9-15/1.jpg',0,1,60.0000,0,9,'2017-07-20',0.00000000,5,0.00000000,0.00000000,0.00000000,3,1,1,1,1,66,'2017-07-20 12:50:49','2017-07-20 12:53:25'),(126,'9-1/4x9-J','','','','','','','',5,7,'Propeller/9.9-15/9148J.jpg',0,1,60.0000,0,9,'2017-07-20',0.00000000,5,0.00000000,0.00000000,0.00000000,3,1,1,2,1,72,'2017-07-20 12:53:40','2017-07-20 13:00:27'),(127,'9-1/4x11-J','','','','','','','',5,7,'Propeller/9.9-15/9148J.jpg',0,1,60.0000,0,9,'2017-07-20',0.00000000,5,0.00000000,0.00000000,0.00000000,3,1,1,3,1,69,'2017-07-20 12:57:41','2017-07-20 13:00:37'),(145,'TFGA06025','','','','','','','',25,7,'Accessories/anchor1.jpg',11,1,22.0000,0,9,'2016-10-25',0.00000000,5,0.00000000,0.00000000,0.00000000,3,1,1,1,1,52,'2017-08-22 11:53:22','2017-08-24 14:53:01'),(72,'SK270','','','','','','','',0,5,'SKseries/270/SK360BGFront.jpg',0,1,1400.0000,0,9,'2016-10-19',0.00000000,5,0.00000000,0.00000000,0.00000000,3,1,1,1,1,498,'2016-10-19 13:40:42','2017-08-26 15:48:12'),(83,'RIB270AL','','','','','','','',0,5,'INFLATABLE/AL330_top_副本.png',11,1,2000.0000,0,0,'2016-10-24',0.00000000,5,0.00000000,0.00000000,0.00000000,3,1,1,1,1,461,'2016-10-24 09:10:48','2017-08-22 17:04:54'),(75,'SK420','','','','','','','',1,7,'SKseries/270/SK360BGFront.jpg',0,1,2400.0000,0,9,'2016-10-19',0.00000000,5,0.00000000,0.00000000,0.00000000,3,1,1,1,1,333,'2016-10-20 15:48:48','2017-08-26 16:06:59'),(76,'SK360','','','','','','','',0,5,'SKseries/270/SK360BGFront.jpg',0,1,2000.0000,0,9,'2016-10-19',0.00000000,5,0.00000000,0.00000000,0.00000000,3,1,1,1,1,281,'2016-10-20 15:49:26','2017-08-26 16:06:28'),(77,'SK470','','','','','','','',1,7,'SKseries/270/SK360BGFront.jpg',0,1,2600.0000,0,9,'2016-10-19',0.00000000,5,0.00000000,0.00000000,0.00000000,3,1,1,1,1,387,'2016-10-20 15:57:14','2017-08-26 16:07:24'),(78,'VIB270','','','','','','','',1,7,'ALS/P1010263_副本_副本.jpg',0,1,1500.0000,0,9,'2016-10-19',0.00000000,5,0.00000000,0.00000000,0.00000000,3,1,1,1,1,420,'2016-10-20 16:21:04','2017-08-26 16:11:19'),(79,'VIB300','','','','','','','',1,7,'ALS/P1010263_副本_副本.jpg',0,1,1700.0000,0,9,'2016-10-19',0.00000000,5,0.00000000,0.00000000,0.00000000,3,1,1,2,1,275,'2016-10-20 16:28:31','2017-08-26 16:12:02'),(80,'VIB330','','','','','','','',1,7,'ALS/P1010263_副本_副本.jpg',0,1,1900.0000,0,9,'2016-10-19',0.00000000,5,0.00000000,0.00000000,0.00000000,3,1,1,3,1,328,'2016-10-20 16:30:58','2017-08-26 16:12:20'),(81,'VIB360','','','','','','','',1,7,'ALS/P1010263_副本_副本.jpg',0,1,2100.0000,0,9,'2016-10-19',0.00000000,5,0.00000000,0.00000000,0.00000000,3,1,1,4,1,351,'2016-10-20 16:40:05','2017-08-26 16:12:32'),(82,'RIB270TF','','','','','','','',0,5,'INFLATABLE/12-400x492.png',0,1,1800.0000,0,9,'2016-10-19',0.00000000,5,0.00000000,0.00000000,0.00000000,3,1,1,1,1,324,'2016-10-20 16:44:28','2017-08-17 18:16:08'),(84,'RIB300AL','','','','','','','',0,5,'INFLATABLE/AL330_top_副本.png',11,1,2500.0000,0,9,'2016-10-24',0.00000000,5,0.00000000,0.00000000,0.00000000,3,1,1,1,1,404,'2016-10-24 09:11:37','2017-08-22 17:05:12'),(85,'RIB330AL','','','','','','','',1,7,'INFLATABLE/AL330_top_副本.png',11,1,3000.0000,0,9,'2016-10-24',0.00000000,5,0.00000000,0.00000000,0.00000000,3,1,1,3,1,401,'2016-10-24 09:18:23','2017-08-22 17:19:03'),(86,'RIB360AL','','','','','','','',1,7,'INFLATABLE/AL330_top_副本.png',11,1,3500.0000,0,9,'2016-10-24',0.00000000,5,0.00000000,0.00000000,0.00000000,3,1,1,4,1,367,'2016-10-24 09:23:02','2017-08-22 17:22:16'),(87,'RIB420AL','','','','','','','',1,7,'INFLATABLE/AL330_top_副本.png',11,1,4000.0000,0,9,'2016-10-24',0.00000000,5,0.00000000,0.00000000,0.00000000,3,1,1,5,1,409,'2016-10-24 09:27:42','2017-08-22 17:27:42'),(88,'RIB470AL','','','','','','','',1,7,'INFLATABLE/AL330_top_副本.png',11,1,5000.0000,0,9,'2016-10-24',0.00000000,5,0.00000000,0.00000000,0.00000000,3,1,1,5,1,398,'2016-10-24 09:35:00','2017-08-22 17:31:35'),(73,'SK300','','','','','','','',1,7,'SKseries/270/SK360BGFront.jpg',0,1,1600.0000,0,9,'2016-10-19',0.00000000,5,0.00000000,0.00000000,0.00000000,3,1,1,1,1,394,'2016-10-20 15:19:13','2017-08-26 16:01:27'),(74,'SK330','','','','','','','',1,7,'SKseries/270/SK360BGFront.jpg',0,1,1800.0000,0,9,'2016-10-19',0.00000000,5,0.00000000,0.00000000,0.00000000,3,1,1,1,1,349,'2016-10-20 15:23:59','2017-08-26 16:05:52'),(129,'9-7/8x12xF','','','','','','','',5,7,'Propeller/20-30/9781012F.jpg',0,1,80.0000,0,9,'2017-07-20',0.00000000,5,0.00000000,0.00000000,0.00000000,3,1,1,1,1,142,'2017-07-20 13:52:50','2017-07-20 13:54:59'),(97,'Electric pump','','','','','','','',0,5,'Accessories/03-1000x1200.jpg',11,1,200.0000,0,9,'2016-10-25',0.00000000,5,0.00000000,0.00000000,0.00000000,3,1,1,1,1,630,'2016-10-25 13:58:26','2017-08-22 11:17:18'),(98,'TFDW03','','','','','','','',10,6,'Accessories/s-l1600.jpg',11,1,250.0000,0,9,'2016-10-25',0.00000000,5,0.00000000,0.00000000,0.00000000,3,1,1,1,1,462,'2016-10-25 14:12:58','2017-08-24 14:58:19'),(100,'PVC glue','','','','','','','',500,6,'Accessories/12.jpg',11,1,5.0000,0,9,'2016-10-25',0.00000000,5,0.00000000,0.00000000,0.00000000,3,1,1,1,1,382,'2016-10-25 14:33:06','2017-08-22 16:42:45'),(101,'TBA4301','','','','','','','',50,7,'Accessories/20161025_143727.png',11,1,30.0000,0,9,'2016-10-25',0.00000000,5,0.00000000,0.00000000,0.00000000,3,1,1,1,1,368,'2016-10-25 14:50:15','2017-08-24 14:58:43'),(102,'Boat oars','','','','','','','',3,7,'Accessories/111.jpg',11,1,38.0000,0,9,'2016-10-25',0.00000000,5,0.00000000,0.00000000,0.00000000,3,1,1,1,1,369,'2016-10-25 14:54:44','2017-08-22 16:40:56'),(103,'Rod Holder1','','','','','','','',50,7,'Accessories/P1010001_副本.jpg',11,1,15.0000,0,9,'2016-10-25',0.00000000,5,0.00000000,0.00000000,0.00000000,3,1,1,1,1,517,'2016-10-25 15:36:55','2017-08-21 17:25:39'),(104,'boaatHandle','','','','','','','',20,7,'Accessories/P1010016_副本.jpg',11,1,20.0000,0,9,'2016-10-25',0.00000000,5,0.00000000,0.00000000,0.00000000,3,1,1,1,1,353,'2016-10-25 16:02:34','2017-08-22 15:23:27'),(105,'D PVC patch','','','','','','','',100,7,'Accessories/P1010022_副本.jpg',11,1,10.0000,0,9,'2016-10-25',0.00000000,5,0.00000000,0.00000000,0.00000000,3,1,1,1,1,419,'2016-10-25 16:07:29','2017-08-22 16:43:28'),(106,'360 Rod holder','','','','','','','',20,7,'Accessories/P1010011_副本.jpg',11,1,60.0000,0,9,'2016-10-25',0.00000000,5,0.00000000,0.00000000,0.00000000,3,1,1,1,1,498,'2016-10-25 16:13:02','2017-08-21 17:19:17'),(107,'TBA3203(GREY)','','','','','','','',20,7,'Accessories/P1010030_副本.jpg',11,1,15.0000,0,9,'2016-10-25',0.00000000,5,0.00000000,0.00000000,0.00000000,3,1,1,1,1,377,'2016-10-25 16:19:16','2017-08-24 14:56:21'),(108,'BowLauchingwheel','','','','','','','',20,7,'Accessories/P1010061_副本.jpg',11,1,200.0000,0,9,'2016-10-25',0.00000000,5,0.00000000,0.00000000,0.00000000,3,1,1,1,1,436,'2016-10-25 16:28:50','2017-08-21 17:51:34'),(109,'TBA1901','','','','','','','',40,7,'Accessories/P1010031_副本.jpg',11,1,25.0000,0,9,'2016-10-25',0.00000000,5,0.00000000,0.00000000,0.00000000,3,1,1,1,1,473,'2016-10-25 16:31:30','2017-08-24 14:56:37'),(110,'boatcover','','','','','','','',0,5,'Accessories/45.jpg',11,1,88.0000,0,9,'2016-10-25',0.00000000,5,0.00000000,0.00000000,0.00000000,3,1,1,1,1,522,'2016-10-25 16:38:44','2017-08-22 16:42:14'),(111,'Boat Trailer','','','','','','','',0,5,'Accessories/78.jpg',11,1,1600.0000,0,9,'2016-10-25',0.00000000,5,0.00000000,0.00000000,0.00000000,3,1,1,1,1,463,'2016-10-25 17:04:35','2017-08-22 11:36:06'),(146,'TFGA06032','','','','','','','',25,7,'Accessories/anchor1.jpg',11,1,28.0000,0,9,'2016-10-25',0.00000000,5,0.00000000,0.00000000,0.00000000,3,1,1,1,1,60,'2017-08-22 11:54:40','2017-08-24 14:53:14'),(112,'waterproof bag','','','','','','','',50,7,'Accessories/pump/bag-1000x1200.jpg',11,1,80.0000,0,9,'2016-10-25',0.00000000,5,0.00000000,0.00000000,0.00000000,3,1,1,1,1,263,'2016-10-25 18:05:38','2017-08-23 12:08:31'),(113,'TFGA06015','','','','','','','',25,7,'Accessories/anchor1.jpg',11,1,18.0000,0,9,'2016-10-25',0.00000000,5,0.00000000,0.00000000,0.00000000,3,1,1,1,1,384,'2016-10-25 18:17:56','2017-08-24 14:53:32'),(114,'TFA03050','','','','','','','',2,7,'Anchor/delta-wing-anchor-wl.jpg',11,1,190.0000,0,9,'2016-10-25',0.00000000,5,0.00000000,0.00000000,0.00000000,3,1,1,1,1,347,'2016-10-25 18:45:54','2017-08-24 14:50:50'),(115,'TFA01050','','','','','','','',0,5,'Anchor/23381-7958027.jpg',11,0,180.0000,0,9,'2016-10-25',0.00000000,5,0.00000000,0.00000000,0.00000000,3,1,1,1,1,453,'2016-10-25 18:48:40','2017-08-24 14:30:53'),(116,'TFGA05040','','','','','','','',20,7,'Anchor/danforth.jpg',11,1,15.0000,0,9,'2016-10-25',0.00000000,5,0.00000000,0.00000000,0.00000000,3,1,1,2,1,413,'2016-10-25 19:01:10','2017-08-24 14:50:03'),(117,'TFGA08040','','','','','','','',30,7,'Anchor/13946983.jpg',11,1,20.0000,0,9,'2016-10-25',0.00000000,5,0.00000000,0.00000000,0.00000000,3,1,1,4,1,329,'2016-10-25 19:09:32','2017-08-24 14:59:33'),(118,'TFGA12100','','','','','','','',25,7,'Anchor/s-l300 (1).jpg',11,1,45.0000,0,9,'2016-10-25',0.00000000,5,0.00000000,0.00000000,0.00000000,3,1,1,1,1,372,'2016-10-25 19:15:36','2017-08-24 14:54:16'),(119,'TFGA14120','','','','','','','',50,7,'Anchor/s-l500.jpg',11,1,55.0000,0,9,'2016-10-25',0.00000000,5,0.00000000,0.00000000,0.00000000,3,1,1,2,1,304,'2016-10-25 19:18:34','2017-08-24 14:54:31'),(128,'9-7/8x10-1/2xF','','','','','','','',5,7,'Propeller/20-30/9781012F.jpg',0,1,80.0000,0,9,'2017-07-20',0.00000000,5,0.00000000,0.00000000,0.00000000,3,1,1,1,1,105,'2017-07-20 13:09:34','0000-00-00 00:00:00'),(121,'7-1/4X5-A','','','','','','','',5,7,'Propeller/s-l1600 (2).jpg',0,1,20.0000,0,9,'2017-07-20',0.00000000,5,0.00000000,0.00000000,0.00000000,3,1,1,1,1,130,'2017-07-20 12:30:27','2017-07-20 12:34:59'),(210,'TFH35150','','','','','','','',19,7,'Accessories/shackle/$T2eC16VHJGQFFhggHsFtBRkss-0E0!--60_57.JPG',11,1,13.9900,0,9,'2017-08-24',0.00000000,5,0.00000000,0.00000000,0.00000000,3,1,1,1,1,35,'2017-08-24 16:23:29','0000-00-00 00:00:00'),(130,'9-7/8x12xF','','','','','','','',5,7,'Propeller/20-30/81pTl9HXaOL._SL1500_.jpg',0,1,80.0000,0,9,'2017-07-20',0.00000000,5,0.00000000,0.00000000,0.00000000,3,1,1,1,1,144,'2017-07-20 13:59:13','2017-07-20 14:02:08'),(131,'11-5/8 x 11-G','','','','','','','',5,7,'Propeller/40-50/81pTl9HXaOL._SL1500_.jpg',0,1,80.0000,0,9,'2017-07-20',0.00000000,5,0.00000000,0.00000000,0.00000000,3,1,1,1,1,151,'2017-07-20 14:14:34','2017-07-20 14:16:21'),(132,'11-3/8 x 12-G','','','','','','','',5,7,'Propeller/40-50/81pTl9HXaOL._SL1500_.jpg',0,1,80.0000,0,9,'2017-07-20',0.00000000,5,0.00000000,0.00000000,0.00000000,3,1,1,2,1,126,'2017-07-20 15:07:07','2017-07-20 15:12:38'),(133,'11-1/8 x 13-G','','','','','','','',5,7,'Propeller/40-50/81pTl9HXaOL._SL1500_.jpg',0,1,80.0000,0,9,'2017-07-20',0.00000000,5,0.00000000,0.00000000,0.00000000,3,1,1,3,1,135,'2017-07-20 15:10:04','2017-07-20 15:12:12'),(134,'13-1/2X15-K','','','','','','','',5,7,'Propeller/60-85/51DyGH5Nb7L._SL1183_.jpg',0,1,100.0000,0,9,'2017-07-20',0.00000000,5,0.00000000,0.00000000,0.00000000,3,1,1,1,1,131,'2017-07-20 15:49:44','2017-07-20 16:01:19'),(135,'13-1/4X17-K','','','','','','','',5,7,'Propeller/60-85/51DyGH5Nb7L._SL1183_.jpg',0,1,100.0000,0,9,'2017-07-20',0.00000000,5,0.00000000,0.00000000,0.00000000,3,1,1,2,1,137,'2017-07-20 15:53:29','2017-07-20 16:01:41'),(136,'13X19-K','','','','','','','',5,7,'Propeller/85-115/s-l1600.jpg',0,1,100.0000,0,9,'2017-07-20',0.00000000,5,0.00000000,0.00000000,0.00000000,3,1,1,1,1,130,'2017-07-20 15:58:43','2017-07-20 16:00:44'),(137,'14X11-K','','','','','','','',5,7,'Propeller/85-115/s-l1600 (1).jpg',0,1,120.0000,0,9,'2017-07-20',0.00000000,5,0.00000000,0.00000000,0.00000000,3,1,1,2,1,122,'2017-07-20 16:02:16','2017-07-20 16:06:35'),(138,'13-3/4X15-R','','','','','','','',2,7,'Propeller/SSS/TB2SiD8Xs2DjeFjSspnXXb20XXa_!!54271833.jpg',0,1,250.0000,0,9,'2017-07-20',0.00000000,5,0.00000000,0.00000000,0.00000000,3,1,1,3,1,76,'2017-07-20 16:15:27','2017-07-20 16:17:03'),(139,'13-3/4X19-M','','','','','','','',2,7,'Propeller/SSS/Stainless-Prop-Propeller-Power-Tech-3-Blade-suits.jpg',0,1,250.0000,0,9,'2017-07-20',0.00000000,5,0.00000000,0.00000000,0.00000000,3,1,1,1,1,117,'2017-07-20 16:20:22','2017-07-20 16:22:19'),(140,'150-300HP 14-1/2X19-T','','','','','','','',2,7,'Propeller/SSS/Stainless-Prop-Propeller-Power-Tech-3-Blade-suits.jpg',0,1,260.0000,0,9,'2017-07-20',0.00000000,5,0.00000000,0.00000000,0.00000000,3,1,1,2,1,124,'2017-07-20 16:22:29','2017-07-20 16:23:26'),(141,'TFTY02','','','','','','','',6,7,'Kayak/$_27.JPG',11,1,800.0000,0,9,'2017-08-21',0.00000000,5,260.00000000,70.00000000,30.00000000,1,1,1,1,1,45,'2017-08-21 12:32:26','2017-08-24 18:09:37'),(142,'TFTY03','','','','','','','',6,7,'Kayak/$_27 (1).JPG',11,1,900.0000,0,9,'2017-08-21',0.00000000,5,260.00000000,70.00000000,30.00000000,1,1,1,2,1,48,'2017-08-21 12:33:58','2017-08-24 18:09:28'),(143,'TFTY03','','','','','','','',2,7,'Kayak/HTB1CGYhSXXXXXXJXXXXq6xXFXXXK.jpg',11,1,1300.0000,0,9,'2017-08-21',0.00000000,5,260.00000000,70.00000000,30.00000000,1,1,1,3,1,59,'2017-08-21 12:39:15','2017-08-21 14:02:03'),(144,'TFGK-23','','','','','','','',40,7,'Kayak/s-l1600 (2).jpg',0,1,80.0000,0,9,'2017-08-21',0.00000000,5,0.00000000,0.00000000,0.00000000,3,1,1,5,1,51,'2017-08-21 16:03:39','2017-08-24 14:57:15'),(147,'TFGA05080','','','','','','','',20,7,'Anchor/danforth.jpg',11,1,20.0000,0,9,'2016-10-25',0.00000000,5,0.00000000,0.00000000,0.00000000,3,1,1,2,1,49,'2017-08-22 11:59:36','2017-08-24 14:50:18'),(148,'TFGA05130','','','','','','','',10,7,'Anchor/danforth.jpg',11,1,40.0000,0,9,'2016-10-25',0.00000000,5,0.00000000,0.00000000,0.00000000,3,1,1,3,1,52,'2017-08-22 12:00:26','2017-08-24 14:49:28'),(149,'TFGA08060','','','','','','','',30,7,'Anchor/13946983.jpg',11,1,23.9800,0,9,'2016-10-25',0.00000000,5,0.00000000,0.00000000,0.00000000,3,1,1,5,1,55,'2017-08-22 12:05:59','2017-08-24 14:59:19'),(150,'TFGA08050K','','','','','','','',30,7,'Anchor/fluke/s-l500.png',11,1,80.0000,0,9,'2016-10-25',0.00000000,5,0.00000000,0.00000000,0.00000000,3,1,1,6,1,58,'2017-08-22 12:07:30','2017-08-24 14:59:50'),(151,'TFA01075','','','','','','','',2,7,'Anchor/23381-7958027.jpg',11,0,240.0000,0,9,'2016-10-25',0.00000000,5,0.00000000,0.00000000,0.00000000,3,1,1,2,1,54,'2017-08-22 13:35:40','2017-08-24 14:32:18'),(152,'TFA01100','','','','','','','',2,7,'Anchor/23381-7958027.jpg',11,0,280.0000,0,9,'2016-10-25',0.00000000,5,0.00000000,0.00000000,0.00000000,3,1,1,3,1,50,'2017-08-22 14:06:47','2017-08-24 14:32:10'),(153,'TFA01150','','','','','','','',2,7,'Anchor/23381-7958027.jpg',11,0,330.0000,0,9,'2016-10-25',0.00000000,5,0.00000000,0.00000000,0.00000000,3,1,1,3,1,54,'2017-08-22 14:08:31','2017-08-24 14:32:53'),(154,'TFGA01100','','','','','','','',1,7,'Anchor/ssssszzzzz.jpg',11,0,70.0000,0,9,'2016-10-25',0.00000000,5,0.00000000,0.00000000,0.00000000,3,1,1,5,1,56,'2017-08-22 14:10:06','2017-08-24 14:34:27'),(155,'TFGA01150','','','','','','','',3,7,'Anchor/ssssszzzzz.jpg',11,0,110.0000,0,9,'2016-10-25',0.00000000,5,0.00000000,0.00000000,0.00000000,3,1,1,6,1,49,'2017-08-22 14:23:10','2017-08-24 14:35:07'),(156,'TFA03075','','','','','','','',2,7,'Anchor/delta-wing-anchor-wl.jpg',11,1,260.0000,0,9,'2016-10-25',0.00000000,5,0.00000000,0.00000000,0.00000000,3,1,1,2,1,50,'2017-08-22 14:58:12','2017-08-24 14:51:05'),(157,'TFA03100','','','','','','','',0,5,'Anchor/delta-wing-anchor-wl.jpg',11,1,360.0000,0,9,'2016-10-25',0.00000000,5,0.00000000,0.00000000,0.00000000,3,1,1,3,1,48,'2017-08-22 15:01:01','2017-08-24 14:51:19'),(158,'TFA03150','','','','','','','',1,7,'Anchor/delta-wing-anchor-wl.jpg',11,1,530.0000,0,9,'2016-10-25',0.00000000,5,0.00000000,0.00000000,0.00000000,3,1,1,4,1,50,'2017-08-22 15:02:32','2017-08-24 14:51:32'),(159,'TFA03160','','','','','','','',1,7,'Anchor/delta-wing-anchor-wl.jpg',11,1,580.0000,0,9,'2016-10-25',0.00000000,5,0.00000000,0.00000000,0.00000000,3,1,1,5,1,50,'2017-08-22 15:04:23','2017-08-24 14:51:49'),(160,'TFA03200','','','','','','','',1,7,'Anchor/delta-wing-anchor-wl.jpg',11,1,660.0000,0,9,'2016-10-25',0.00000000,5,0.00000000,0.00000000,0.00000000,3,1,1,6,1,56,'2017-08-22 15:05:46','2017-08-24 14:52:02'),(161,'TFA03250','','','','','','','',1,7,'Anchor/delta-wing-anchor-wl.jpg',11,1,800.0000,0,9,'2016-10-25',0.00000000,5,0.00000000,0.00000000,0.00000000,3,1,1,7,1,51,'2017-08-22 15:09:01','2017-08-24 14:52:16'),(162,'TFR-0908-0008','','','','','','','',30,7,'Accessories/shackle/Stainless-Steel-Screw-Pin-Anchor-Shackle-600x600.jpg',11,1,6.9900,0,9,'2017-08-23',0.00000000,5,0.00000000,0.00000000,0.00000000,3,1,1,1,1,56,'2017-08-23 15:06:26','2017-08-23 15:20:08'),(163,'TFR-0908-0010','','','','','','','',30,7,'Accessories/shackle/Stainless-Steel-Screw-Pin-Anchor-Shackle-600x600.jpg',11,1,8.9900,0,9,'2017-08-23',0.00000000,5,0.00000000,0.00000000,0.00000000,3,1,1,2,1,53,'2017-08-23 15:12:09','2017-08-23 15:19:57'),(165,'TFR-0908-0012','','','','','','','',30,7,'Accessories/shackle/Stainless-Steel-Screw-Pin-Anchor-Shackle-600x600.jpg',11,1,11.9900,0,9,'2017-08-23',0.00000000,5,0.00000000,0.00000000,0.00000000,3,1,1,3,1,48,'2017-08-23 15:17:43','2017-08-23 15:19:49'),(166,'TFR-0902-0008','','','','','','','',30,7,'Accessories/shackle/s-l500 (1).jpg',11,1,5.9900,0,9,'2017-08-23',0.00000000,5,0.00000000,0.00000000,0.00000000,3,1,1,4,1,51,'2017-08-23 15:25:12','2017-08-23 15:27:13'),(167,'TFR-0902-0010','','','','','','','',30,7,'Accessories/shackle/s-l500 (1).jpg',11,1,7.9900,0,9,'2017-08-23',0.00000000,5,0.00000000,0.00000000,0.00000000,3,1,1,5,1,48,'2017-08-23 15:27:34','2017-08-23 15:28:42'),(168,'TFR-0902-0012','','','','','','','',30,7,'Accessories/shackle/s-l500 (1).jpg',11,1,10.9900,0,9,'2017-08-23',0.00000000,5,0.00000000,0.00000000,0.00000000,3,1,1,6,1,48,'2017-08-23 15:29:19','2017-08-23 15:30:45'),(169,'TFR-0906-0008','','','','','','','',30,7,'Accessories/shackle/S0115-FS.jpg',0,1,6.9900,0,9,'2017-08-23',0.00000000,5,0.00000000,0.00000000,0.00000000,3,1,1,1,1,42,'2017-08-23 15:42:05','0000-00-00 00:00:00'),(170,'TFR-0906-0010','','','','','','','',30,7,'Accessories/shackle/S0115-FS.jpg',0,1,8.9900,0,9,'2017-08-23',0.00000000,5,0.00000000,0.00000000,0.00000000,3,1,1,2,1,32,'2017-08-23 15:43:59','2017-08-23 15:45:22'),(171,'TFR-0906-0012','','','','','','','',30,7,'Accessories/shackle/S0115-FS.jpg',0,1,11.9900,0,9,'2017-08-23',0.00000000,5,0.00000000,0.00000000,0.00000000,3,1,1,3,1,35,'2017-08-23 15:45:30','2017-08-23 15:46:34'),(172,'TFR-0901-0008','','','','','','','',30,7,'Accessories/shackle/stainless-steel-d-shackle-250x250.jpg',0,1,5.9900,0,9,'2017-08-23',0.00000000,5,0.00000000,0.00000000,0.00000000,3,1,1,4,1,34,'2017-08-23 15:47:01','2017-08-23 15:48:39'),(173,'TFR-0901-0010','','','','','','','',30,7,'Accessories/shackle/stainless-steel-d-shackle-250x250.jpg',0,1,7.9900,0,9,'2017-08-23',0.00000000,5,0.00000000,0.00000000,0.00000000,3,1,1,5,1,34,'2017-08-23 15:48:53','2017-08-23 15:50:05'),(174,'TFR-0901-0012','','','','','','','',30,7,'Accessories/shackle/stainless-steel-d-shackle-250x250.jpg',0,1,10.9900,0,9,'2017-08-23',0.00000000,5,0.00000000,0.00000000,0.00000000,3,1,1,6,1,32,'2017-08-23 15:50:19','2017-08-23 15:51:28'),(175,'TFR-0904-0004','','','','','','','',30,7,'Accessories/shackle/rf632.jpg',11,1,2.9900,0,9,'2017-08-23',0.00000000,5,0.00000000,0.00000000,0.00000000,3,1,1,1,1,61,'2017-08-23 16:03:03','2017-08-23 16:22:52'),(176,'TFR-0904-0005','','','','','','','',30,7,'Accessories/shackle/rf632.jpg',11,1,3.9900,0,9,'2017-08-23',0.00000000,5,0.00000000,0.00000000,0.00000000,3,1,1,2,1,51,'2017-08-23 16:03:30','2017-08-23 16:11:43'),(177,'TFR-0904-0006','','','','','','','',30,7,'Accessories/shackle/rf632.jpg',11,1,5.9900,0,9,'2017-08-23',0.00000000,5,0.00000000,0.00000000,0.00000000,3,1,1,3,1,48,'2017-08-23 16:07:14','2017-08-23 16:12:55'),(178,'TFR-0904-0008','','','','','','','',30,7,'Accessories/shackle/rf632.jpg',11,1,6.9900,0,9,'2017-08-23',0.00000000,5,0.00000000,0.00000000,0.00000000,3,1,1,4,1,50,'2017-08-23 16:10:20','2017-08-23 16:12:34'),(179,'TFR-0904-0010','','','','','','','',30,7,'Accessories/shackle/rf632.jpg',11,1,8.9900,0,9,'2017-08-23',0.00000000,5,0.00000000,0.00000000,0.00000000,3,1,1,5,1,49,'2017-08-23 16:14:58','2017-08-23 16:20:54'),(180,'TFR-0904-0012','','','','','','','',30,7,'Accessories/shackle/rf632.jpg',11,1,12.9900,0,9,'2017-08-23',0.00000000,5,0.00000000,0.00000000,0.00000000,3,1,1,6,1,49,'2017-08-23 16:23:35','2017-08-23 16:24:36'),(181,'TFR-0903-0008','','','','','','','',20,7,'Accessories/shackle/s-l1600 (3).jpg',11,1,6.9900,0,9,'2017-08-23',0.00000000,5,0.00000000,0.00000000,0.00000000,3,1,1,1,1,53,'2017-08-23 16:27:37','2017-08-23 16:29:34'),(182,'TFR-0903-0010','','','','','','','',20,7,'Accessories/shackle/s-l1600 (3).jpg',11,1,9.9900,0,9,'2017-08-23',0.00000000,5,0.00000000,0.00000000,0.00000000,3,1,1,2,1,52,'2017-08-23 16:27:59','2017-08-23 16:29:17'),(183,'TFR-0903-0012','','','','','','','',20,7,'Accessories/shackle/s-l1600 (3).jpg',11,1,13.9900,0,9,'2017-08-23',0.00000000,5,0.00000000,0.00000000,0.00000000,3,1,1,3,1,48,'2017-08-23 16:29:50','2017-08-23 16:30:55'),(184,'TFR-0911-0008','','','','','','','',3,7,'Accessories/shackle/s-l500 (5).jpg',11,1,8.9900,0,9,'2017-08-23',0.00000000,5,0.00000000,0.00000000,0.00000000,3,1,1,1,1,58,'2017-08-23 16:33:54','0000-00-00 00:00:00'),(185,'TFR-0911-0010','','','','','','','',10,7,'Accessories/shackle/s-l500 (5).jpg',11,1,15.9900,0,9,'2017-08-23',0.00000000,5,0.00000000,0.00000000,0.00000000,3,1,1,2,1,48,'2017-08-23 16:34:12','2017-08-23 16:35:21'),(186,'TFR-0911-0012','','','','','','','',20,7,'Accessories/shackle/s-l500 (5).jpg',11,1,25.9900,0,9,'2017-08-23',0.00000000,5,0.00000000,0.00000000,0.00000000,3,1,1,3,1,50,'2017-08-23 16:35:32','2017-08-23 16:37:35'),(187,'TFR-1101-0006','','','','','','','',50,7,'Accessories/shackle/156.JPG',11,1,3.9900,0,9,'2017-08-23',0.00000000,5,0.00000000,0.00000000,0.00000000,3,1,1,1,1,62,'2017-08-23 17:43:57','2017-08-24 10:10:36'),(188,'TFR-1101-0008','','','','','','','',50,7,'Accessories/shackle/156.JPG',11,1,6.9900,0,9,'2017-08-23',0.00000000,5,0.00000000,0.00000000,0.00000000,3,1,1,1,1,48,'2017-08-24 10:08:11','2017-08-24 10:09:48'),(189,'TFR-1102-0006','','','','','','','',50,7,'Accessories/shackle/snap eye.jpg',11,1,4.9900,0,9,'2017-08-23',0.00000000,5,0.00000000,0.00000000,0.00000000,3,1,1,3,1,41,'2017-08-24 10:11:00','2017-08-24 10:20:53'),(190,'TFR-1102-0010','','','','','','','',50,7,'Accessories/shackle/snap eye.jpg',11,1,7.9900,0,9,'2017-08-23',0.00000000,5,0.00000000,0.00000000,0.00000000,3,1,1,4,1,38,'2017-08-24 10:16:21','2017-08-24 10:25:00'),(191,'TFR-1102-0012','','','','','','','',50,7,'Accessories/shackle/snap eye.jpg',11,1,10.9900,0,9,'2017-08-23',0.00000000,5,0.00000000,0.00000000,0.00000000,3,1,1,5,1,38,'2017-08-24 10:21:33','2017-08-24 10:23:43'),(192,'TFR-1103-0006','','','','','','','',50,7,'Accessories/shackle/61ETFSrC4lL._SL1100_.jpg',11,1,4.9900,0,9,'2017-08-23',0.00000000,5,0.00000000,0.00000000,0.00000000,3,1,1,6,1,38,'2017-08-24 10:25:22','2017-08-24 10:27:30'),(193,'TFR-1103-0010','','','','','','','',50,7,'Accessories/shackle/61ETFSrC4lL._SL1100_.jpg',11,1,7.9900,0,9,'2017-08-23',0.00000000,5,0.00000000,0.00000000,0.00000000,3,1,1,7,1,40,'2017-08-24 10:27:59','2017-08-24 10:29:27'),(194,'TFR-1103-0012','','','','','','','',50,7,'Accessories/shackle/61ETFSrC4lL._SL1100_.jpg',11,1,10.9900,0,9,'2017-08-23',0.00000000,5,0.00000000,0.00000000,0.00000000,3,1,1,8,1,43,'2017-08-24 10:29:59','2017-08-24 10:30:38'),(195,'TFR-1114-0070','','','','','','','',10,7,'Accessories/shackle/Cast Snap h.png',11,1,8.9900,0,9,'2017-08-24',0.00000000,5,0.00000000,0.00000000,0.00000000,3,1,1,1,1,46,'2017-08-24 10:33:43','0000-00-00 00:00:00'),(196,'TFR-1114-0100','','','','','','','',10,7,'Accessories/shackle/Cast Snap h.png',11,1,12.9900,0,9,'2017-08-24',0.00000000,5,0.00000000,0.00000000,0.00000000,3,1,1,2,1,41,'2017-08-24 10:34:18','2017-08-24 10:35:50'),(197,'TFH0902A','','','','','','','',6,7,'Accessories/shackle/Anchor connector0102.jpg',11,1,15.9900,0,9,'2017-08-24',0.00000000,5,0.00000000,0.00000000,0.00000000,3,1,1,1,1,46,'2017-08-24 10:42:51','0000-00-00 00:00:00'),(198,'TFH0903A','','','','','','','',5,7,'Accessories/shackle/Double Anchor coneector.jpg',11,1,24.9900,0,9,'2017-08-24',0.00000000,5,0.00000000,0.00000000,0.00000000,3,1,1,3,1,43,'2017-08-24 10:44:20','2017-08-24 10:46:54'),(199,'TFH0902B','','','','','','','',4,7,'Accessories/shackle/Anchor connector0102.jpg',11,1,31.9900,0,9,'2017-08-24',0.00000000,5,0.00000000,0.00000000,0.00000000,3,1,1,2,1,41,'2017-08-24 10:47:10','2017-08-24 10:48:48'),(200,'TFH0903b','','','','','','','',38,7,'Accessories/shackle/Double Anchor coneector.jpg',11,1,43.9900,0,9,'2017-08-24',0.00000000,5,0.00000000,0.00000000,0.00000000,3,1,1,4,1,37,'2017-08-24 10:49:15','2017-08-24 10:50:40'),(201,'TFH0002B','','','','','','','',57,7,'Accessories/shackle/thumb.jpg',11,1,7.9900,0,9,'2017-08-24',0.00000000,5,0.00000000,0.00000000,0.00000000,3,1,1,1,1,48,'2017-08-24 11:23:04','2017-08-24 11:24:36'),(202,'TFH0003C','','','','','','','',95,7,'Accessories/shackle/61Wutp9J6BL._SL1500_.jpg',11,1,12.9900,0,9,'2017-08-24',0.00000000,5,0.00000000,0.00000000,0.00000000,3,1,1,4,1,43,'2017-08-24 11:29:32','2017-08-29 14:47:38'),(203,'TFH0005C','','','','','','','',61,7,'Accessories/shackle/thumb.jpg',11,1,15.9900,0,9,'2017-08-24',0.00000000,5,0.00000000,0.00000000,0.00000000,3,1,1,3,1,41,'2017-08-24 11:30:42','2017-08-24 11:31:43'),(204,'TFH0002D','','','','','','','',1,7,'Accessories/shackle/Heavy duty-600x600.png',11,1,9.9900,0,9,'2017-08-24',0.00000000,5,0.00000000,0.00000000,0.00000000,3,1,1,5,1,43,'2017-08-24 11:31:56','2017-08-29 14:48:01'),(205,'TFH0003A','','','','','','','',61,7,'Accessories/shackle/thumb.jpg',11,1,10.9900,0,9,'2017-08-24',0.00000000,5,0.00000000,0.00000000,0.00000000,3,1,1,2,1,40,'2017-08-24 11:34:48','2017-08-24 12:20:01'),(206,'TFH0005D','','','','','','','',59,7,'Accessories/shackle/Heavy duty-600x600.png',11,1,19.9900,0,9,'2017-08-24',0.00000000,5,0.00000000,0.00000000,0.00000000,3,1,1,7,1,40,'2017-08-24 11:37:09','2017-08-29 14:48:58'),(207,'TFH0003B','','','','','','','',17,7,'Accessories/shackle/Heavy duty-600x600.png',11,1,12.9900,0,9,'2017-08-24',0.00000000,5,0.00000000,0.00000000,0.00000000,3,1,1,6,1,42,'2017-08-24 12:18:40','2017-08-29 14:48:39'),(208,'TFH33265','','','','','','','',10,7,'Accessories/shackle/CLEATM (1).jpg',11,1,42.9900,0,9,'2017-08-24',0.00000000,5,0.00000000,0.00000000,0.00000000,3,1,1,2,1,44,'2017-08-24 14:23:21','2017-08-24 14:25:33'),(209,'TFH33205','','','','','','','',10,7,'Accessories/shackle/CLEATM (1).jpg',11,1,26.9900,0,9,'2017-08-24',0.00000000,5,0.00000000,0.00000000,0.00000000,3,1,1,1,1,41,'2017-08-24 14:25:54','2017-08-24 14:26:43'),(211,'TFH35200','','','','','','','',19,7,'Accessories/shackle/$T2eC16VHJGQFFhggHsFtBRkss-0E0!--60_57.JPG',11,1,18.9900,0,9,'2017-08-24',0.00000000,5,0.00000000,0.00000000,0.00000000,3,1,1,2,1,32,'2017-08-24 16:23:55','2017-08-24 16:25:20'),(212,'TFH1210','','','','','','','',17,7,'Accessories/shackle/s-l1600 (14).jpg',0,1,40.0000,0,9,'2017-08-24',0.00000000,5,0.00000000,0.00000000,0.00000000,3,1,1,1,1,37,'2017-08-24 16:29:12','0000-00-00 00:00:00'),(213,'TFH1211','','','','','','','',20,7,'Accessories/shackle/s-l1600 (14).jpg',0,1,48.0000,0,9,'2017-08-24',0.00000000,5,0.00000000,0.00000000,0.00000000,3,1,1,2,1,31,'2017-08-24 16:29:25','2017-08-24 16:30:03'),(214,'TFH1212','','','','','','','',4,7,'Accessories/shackle/s-l1600 (14).jpg',0,1,62.0000,0,9,'2017-08-24',0.00000000,5,0.00000000,0.00000000,0.00000000,3,1,1,3,1,35,'2017-08-24 16:30:07','2017-08-24 16:30:55'),(215,'TFYH30150','','','','','','','',10,7,'Accessories/shackle/rig01.jpg',11,1,25.0000,0,9,'2017-08-24',0.00000000,5,0.00000000,0.00000000,0.00000000,3,1,1,1,1,49,'2017-08-24 16:59:03','2017-08-24 17:00:04'),(216,'TFYH30152','','','','','','','',10,7,'Accessories/shackle/rig01.jpg',11,1,27.0000,0,9,'2017-08-24',0.00000000,5,0.00000000,0.00000000,0.00000000,3,1,1,2,1,40,'2017-08-24 17:00:33','2017-08-24 17:01:22'),(217,'TFYH30154','','','','','','','',10,7,'Accessories/shackle/rig01.jpg',11,1,29.0000,0,9,'2017-08-24',0.00000000,5,0.00000000,0.00000000,0.00000000,3,1,1,3,1,41,'2017-08-24 17:01:37','2017-08-24 17:02:07'),(218,'TFYH30162','','','','','','','',10,7,'Accessories/shackle/hand-.jpg',11,1,25.0000,0,9,'2017-08-24',0.00000000,5,0.00000000,0.00000000,0.00000000,3,1,1,1,1,46,'2017-08-24 17:06:32','2017-08-24 17:10:18'),(219,'TFYH30165','','','','','','','',10,7,'Accessories/shackle/hand-.jpg',11,1,28.0000,0,9,'2017-08-24',0.00000000,5,0.00000000,0.00000000,0.00000000,3,1,1,2,1,41,'2017-08-24 17:10:55','2017-08-24 17:12:04'),(220,'TFYH30166','','','','','','','',10,7,'Accessories/shackle/hand-.jpg',11,1,30.0000,0,9,'2017-08-24',0.00000000,5,0.00000000,0.00000000,0.00000000,3,1,1,3,1,37,'2017-08-24 17:12:10','2017-08-24 17:13:04'),(221,'TFH0401A','','','','','','','',97,7,'Image/51jX+9Y7FCL._SL1000_.jpg',11,1,8.9900,0,9,'2017-08-25',0.00000000,5,0.00000000,0.00000000,0.00000000,3,1,1,1,1,44,'2017-08-25 12:10:44','2017-08-25 12:20:31'),(222,'TFH0402A','','','','','','','',95,7,'Image/51jX+9Y7FCL._SL1000_.jpg',11,1,9.9900,0,9,'2017-08-25',0.00000000,5,0.00000000,0.00000000,0.00000000,3,1,1,2,1,39,'2017-08-25 12:11:56','2017-08-25 12:20:47'),(223,'TFH0202A','','','','','','','',25,7,'Accessories/shackle/S3650-0300.jpg',11,1,14.9900,0,9,'2017-08-25',0.00000000,5,0.00000000,0.00000000,0.00000000,3,1,1,1,1,36,'2017-08-25 12:15:17','2017-08-25 12:22:26'),(224,'TFH0202B','','','','','','','',19,7,'Accessories/shackle/S3650-0300.jpg',11,1,15.9900,0,9,'2017-08-25',0.00000000,5,0.00000000,0.00000000,0.00000000,3,1,1,2,1,42,'2017-08-25 12:16:18','2017-08-25 12:22:51'),(225,'TFH0240A','','','','','','','',18,7,'Accessories/shackle/p_.jpg',11,1,12.9900,0,9,'2017-08-25',0.00000000,5,0.00000000,0.00000000,0.00000000,3,1,1,1,1,41,'2017-08-25 12:19:50','2017-08-25 12:21:40'),(226,'TFH0241A','','','','','','','',20,7,'Accessories/shackle/p_.jpg',11,1,13.9900,0,9,'2017-08-25',0.00000000,5,0.00000000,0.00000000,0.00000000,3,1,1,2,1,46,'2017-08-25 12:23:15','2017-08-25 12:23:56'),(227,'TFH0405A','','','','','','','',106,7,'Accessories/shackle/51h-nmmu-WL._SL1000_.jpg',11,1,9.9900,0,9,'2017-08-25',0.00000000,5,0.00000000,0.00000000,0.00000000,3,1,1,1,1,39,'2017-08-25 12:26:37','2017-08-25 12:30:24'),(228,'TFH0406A','','','','','','','',91,7,'Accessories/shackle/51h-nmmu-WL._SL1000_.jpg',11,1,10.9900,0,9,'2017-08-25',0.00000000,5,0.00000000,0.00000000,0.00000000,3,1,1,2,1,41,'2017-08-25 12:27:04','2017-08-25 12:31:51'),(229,'TFH0205A','','','','','','','',14,7,'Accessories/shackle/51+V-inrkrL._SL1024_.jpg',11,1,14.9900,0,9,'2017-08-25',0.00000000,5,0.00000000,0.00000000,0.00000000,3,1,1,1,1,34,'2017-08-25 12:30:14','0000-00-00 00:00:00'),(230,'TFH0206A','','','','','','','',12,7,'Accessories/shackle/51+V-inrkrL._SL1024_.jpg',11,1,15.9900,0,9,'2017-08-25',0.00000000,5,0.00000000,0.00000000,0.00000000,3,1,1,2,1,42,'2017-08-25 12:30:46','2017-08-25 12:31:17'),(231,'TFH0230A','','','','','','','',19,7,'Accessories/shackle/M555hy.jpg',11,1,14.9900,0,9,'2017-08-25',0.00000000,5,0.00000000,0.00000000,0.00000000,3,1,1,1,1,39,'2017-08-25 12:33:19','2017-08-25 12:34:39'),(232,'TFH0231A','','','','','','','',18,7,'Accessories/shackle/M555hy.jpg',11,1,14.9900,0,9,'2017-08-25',0.00000000,5,0.00000000,0.00000000,0.00000000,3,1,1,2,1,41,'2017-08-25 12:34:42','2017-08-25 12:35:18'),(233,'TFH0409A','','','','','','','',34,7,'Accessories/shackle/s-l1600 (8).jpg',11,1,8.9900,0,9,'2017-08-25',0.00000000,5,0.00000000,0.00000000,0.00000000,3,1,1,1,1,42,'2017-08-25 12:56:50','2017-08-25 13:08:29'),(234,'TFH0609A','','','','','','','',45,7,'Accessories/shackle/F444.jpg',11,1,10.9900,0,9,'2017-08-25',0.00000000,5,0.00000000,0.00000000,0.00000000,3,1,1,2,1,44,'2017-08-25 13:03:48','2017-08-25 13:05:12'),(235,'TFH22101','','','','','','','',47,7,'Accessories/shackle/tfh22101.jpg',11,1,12.9900,0,9,'2017-08-25',0.00000000,5,0.00000000,0.00000000,0.00000000,3,1,1,3,1,37,'2017-08-25 13:11:03','2017-08-25 13:12:00'),(236,'TFH0607B','','','','','','','',34,7,'Accessories/shackle/TFH0607B.jpg',11,1,10.9900,0,9,'2017-08-25',0.00000000,5,0.00000000,0.00000000,0.00000000,3,1,1,1,1,40,'2017-08-25 13:18:36','2017-08-25 16:03:19'),(237,'TFH0600A','','','','','','','',45,7,'Accessories/shackle/TFH0600A1.jpg',11,1,14.9900,0,9,'2017-08-25',0.00000000,5,0.00000000,0.00000000,0.00000000,3,1,1,2,1,36,'2017-08-25 13:19:09','2017-08-25 16:03:42'),(238,'TFH0606A','','','','','','','',34,7,'Image/KBK/TFH0606A.jpg',11,1,10.9900,0,9,'2017-08-25',0.00000000,5,0.00000000,0.00000000,0.00000000,3,1,1,3,1,38,'2017-08-25 13:21:55','2017-08-25 16:04:20'),(239,'TFH0601A','','','','','','','',35,7,'Accessories/shackle/TFH0601A.jpg',11,1,8.9900,0,9,'2017-08-25',0.00000000,5,0.00000000,0.00000000,0.00000000,3,1,1,4,1,39,'2017-08-25 13:56:46','2017-08-25 16:04:34'),(240,'TFH0602A','','','','','','','',46,7,'Accessories/shackle/TFH0601A.jpg',11,1,9.9900,0,9,'2017-08-25',0.00000000,5,0.00000000,0.00000000,0.00000000,3,1,1,5,1,36,'2017-08-25 14:00:08','2017-08-25 16:04:53'),(241,'TFH0604A','','','','','','','',55,7,'Accessories/shackle/TFH0604A.jpg',11,1,10.9900,0,9,'2017-08-25',0.00000000,5,0.00000000,0.00000000,0.00000000,3,1,1,6,1,38,'2017-08-25 14:02:59','2017-08-25 16:05:10'),(242,'TFH0701A','','','','','','','',46,7,'Accessories/shackle/TFH0701A.JPG',11,1,12.9900,0,9,'2017-08-25',0.00000000,5,0.00000000,0.00000000,0.00000000,3,1,1,1,1,44,'2017-08-25 15:57:24','2017-08-25 16:10:34'),(243,'TFH49000','','','','','','','',50,7,'Accessories/shackle/TFH49000.jpg',11,1,12.9900,0,9,'2017-08-25',0.00000000,5,0.00000000,0.00000000,0.00000000,3,1,1,3,1,42,'2017-08-25 16:11:12','2017-08-25 16:21:24'),(244,'TFH0702A','','','','','','','',45,7,'Accessories/shackle/TFH0702A.jpg',11,1,12.9900,0,9,'2017-08-25',0.00000000,5,0.00000000,0.00000000,0.00000000,3,1,1,2,1,40,'2017-08-25 16:14:25','2017-08-25 16:18:30'),(245,'TFH49001','','','','','','','',50,7,'Accessories/shackle/TFH49000.jpg',11,1,13.9900,0,9,'2017-08-25',0.00000000,5,0.00000000,0.00000000,0.00000000,3,1,1,4,1,39,'2017-08-25 16:21:35','2017-08-25 16:22:17'),(246,'TFH3203','','','','','','','',60,7,'Accessories/shackle/TFH3203.jpg',11,1,34.0000,0,9,'2017-08-25',0.00000000,5,0.00000000,0.00000000,0.00000000,3,1,1,1,1,39,'2017-08-25 16:35:34','2017-08-25 16:40:37'),(247,'TFH3205','','','','','','','',40,7,'Accessories/shackle/TFH3205.jpg',11,1,35.0000,0,9,'2017-08-25',0.00000000,5,0.00000000,0.00000000,0.00000000,3,1,1,3,1,36,'2017-08-25 16:36:57','2017-08-25 16:46:41'),(248,'TFH3206','','','','','','','',51,7,'Accessories/shackle/TFH3206.jpg',11,1,39.0000,0,9,'2017-08-25',0.00000000,5,0.00000000,0.00000000,0.00000000,3,1,1,4,1,40,'2017-08-25 16:40:59','2017-08-25 16:44:57'),(249,'TFH3204','','','','','','','',55,7,'Accessories/shackle/TFH3204.jpg',11,1,30.0000,0,9,'2017-08-25',0.00000000,5,0.00000000,0.00000000,0.00000000,3,1,1,2,1,36,'2017-08-25 16:47:00','2017-08-25 16:48:14'),(250,'TFH7744SN','','','','','','','',30,7,'Accessories/shackle/TFH7744SN.JPG',11,1,30.0000,0,9,'2017-08-25',0.00000000,5,0.00000000,0.00000000,0.00000000,3,1,1,1,1,35,'2017-08-25 17:02:39','0000-00-00 00:00:00'),(251,'TFCN7745S15','','','','','','','',15,7,'Accessories/shackle/30° Rod holder.jpg',11,1,20.0000,0,9,'2017-08-25',0.00000000,5,0.00000000,0.00000000,0.00000000,3,1,1,2,1,30,'2017-08-25 17:03:19','2017-08-25 17:10:37'),(252,'TFCN7745S30','','','','','','','',15,7,'Accessories/shackle/30° Rod holder.jpg',11,1,20.0000,0,9,'2017-08-25',0.00000000,5,0.00000000,0.00000000,0.00000000,3,1,1,3,1,34,'2017-08-25 17:09:57','2017-08-25 17:10:26'),(253,'TFSW0401','','','','','','','',1,7,'Accessories/shackle/TFSW0401.jpg',11,1,90.0000,0,9,'2017-08-25',0.00000000,5,0.00000000,0.00000000,0.00000000,3,1,1,1,1,40,'2017-08-25 17:20:22','0000-00-00 00:00:00'),(254,'TFSW0051','','','','','','','',3,7,'Accessories/shackle/$_57 (8).JPG',11,1,130.0000,0,9,'2017-08-25',0.00000000,5,0.00000000,0.00000000,0.00000000,3,1,1,2,1,41,'2017-08-25 17:20:56','2017-08-25 17:24:11'),(255,'TFSW0603','','','','','','','',20,7,'Accessories/shackle/TFSW0603.jpg',11,1,15.0000,0,9,'2017-08-25',0.00000000,5,0.00000000,0.00000000,0.00000000,3,1,1,4,1,41,'2017-08-25 17:24:15','2017-08-25 17:30:02'),(256,'TFSW0602','','','','','','','',20,7,'Accessories/shackle/TFSW0602.jpg',11,1,15.0000,0,9,'2017-08-25',0.00000000,5,0.00000000,0.00000000,0.00000000,3,1,1,3,1,42,'2017-08-25 17:30:06','2017-08-25 17:31:53'),(257,'TFAD0750','','','','','','','',9,7,'Accessories/shackle/TFAD0750.jpg',11,1,5.0000,0,9,'2017-08-25',0.00000000,5,0.00000000,0.00000000,0.00000000,3,1,1,1,1,37,'2017-08-25 17:41:17','2017-08-25 17:44:55'),(258,'TFAD1000','','','','','','','',8,7,'Accessories/shackle/TFAD0750.jpg',11,1,6.0000,0,9,'2017-08-25',0.00000000,5,0.00000000,0.00000000,0.00000000,3,1,1,2,1,38,'2017-08-25 17:41:29','2017-08-25 17:45:15'),(259,'TFAD1250','','','','','','','',29,7,'Accessories/shackle/TFAD0750.jpg',11,1,7.0000,0,9,'2017-08-25',0.00000000,5,0.00000000,0.00000000,0.00000000,3,1,1,3,1,37,'2017-08-25 17:43:10','2017-08-25 17:44:45'),(260,'TFAD1500','','','','','','','',10,7,'Accessories/shackle/TFAD0750.jpg',11,1,8.0000,0,9,'2017-08-25',0.00000000,5,0.00000000,0.00000000,0.00000000,3,1,1,4,1,39,'2017-08-25 17:45:20','2017-08-25 17:46:18'),(261,'TFH0103B','','','','','','','',5,7,'Accessories/shackle/s-l1600 (23).jpg',11,1,30.0000,0,9,'2017-08-25',0.00000000,5,0.00000000,0.00000000,0.00000000,3,1,1,1,1,38,'2017-08-25 17:46:41','2017-08-25 17:50:43'),(262,'TFH0104B','','','','','','','',12,7,'Accessories/shackle/s-l1600 (23).jpg',11,1,46.0000,0,9,'2017-08-25',0.00000000,5,0.00000000,0.00000000,0.00000000,3,1,1,2,1,38,'2017-08-25 17:49:24','2017-08-25 17:50:30'),(263,'TFH0105B','','','','','','','',14,7,'Accessories/shackle/s-l1600 (23).jpg',11,1,57.0000,0,9,'2017-08-25',0.00000000,5,0.00000000,0.00000000,0.00000000,3,1,1,3,1,37,'2017-08-25 17:50:48','2017-08-25 17:53:45'),(264,'TFH0106B','','','','','','','',15,7,'Accessories/shackle/s-l1600 (23).jpg',11,1,67.0000,0,9,'2017-08-25',0.00000000,5,0.00000000,0.00000000,0.00000000,3,1,1,4,1,36,'2017-08-25 17:51:56','2017-08-25 17:53:14'),(265,'TFH0840','','','','','','','',9,7,'Accessories/Deck filler/TFH0840.jpg',11,1,23.9800,0,9,'2017-08-26',0.00000000,5,0.00000000,0.00000000,0.00000000,3,1,1,1,1,40,'2017-08-26 12:42:12','0000-00-00 00:00:00'),(266,'TFH0841','','','','','','','',5,7,'Accessories/Deck filler/TFH0840.jpg',11,1,27.9800,0,9,'2017-08-26',0.00000000,5,0.00000000,0.00000000,0.00000000,3,1,1,2,1,34,'2017-08-26 12:42:34','2017-08-26 12:50:07'),(267,'TFH0842','','','','','','','',8,7,'Accessories/Deck filler/TFH0842.jpg',11,1,23.9800,0,9,'2017-08-26',0.00000000,5,0.00000000,0.00000000,0.00000000,3,1,1,1,1,42,'2017-08-26 12:43:27','2017-08-26 12:50:38'),(268,'TFH0843','','','','','','','',9,7,'Accessories/Deck filler/TFH0842.jpg',11,1,27.9800,0,9,'2017-08-26',0.00000000,5,0.00000000,0.00000000,0.00000000,3,1,1,2,1,32,'2017-08-26 12:44:50','2017-08-26 12:50:51'),(269,'TFH0844','','','','','','','',9,7,'Accessories/Deck filler/TFH0844.jpg',11,1,23.9800,0,9,'2017-08-26',0.00000000,5,0.00000000,0.00000000,0.00000000,3,1,1,1,1,39,'2017-08-26 12:45:39','2017-08-26 12:51:03'),(270,'TFH0845','','','','','','','',7,7,'Accessories/Deck filler/TFH0844.jpg',11,1,27.9800,0,9,'2017-08-26',0.00000000,5,0.00000000,0.00000000,0.00000000,3,1,1,2,1,32,'2017-08-26 12:47:05','2017-08-26 12:51:14'),(271,'TFH0846','','','','','','','',8,7,'Accessories/Deck filler/TFH0844.jpg',11,1,23.9800,0,9,'2017-08-26',0.00000000,5,0.00000000,0.00000000,0.00000000,3,1,1,1,1,38,'2017-08-26 12:47:59','2017-08-26 12:49:12'),(272,'TFH0847','','','','','','','',8,7,'Accessories/Deck filler/TFH0844.jpg',11,1,27.9800,0,9,'2017-08-26',0.00000000,5,0.00000000,0.00000000,0.00000000,3,1,1,2,1,33,'2017-08-26 12:51:19','2017-08-26 12:51:45'),(273,'TFADCW102','','','','','','','',9,7,'Accessories/Deck filler/TFADCW102.jpg',11,1,9.9800,0,9,'2017-08-26',0.00000000,5,0.00000000,0.00000000,0.00000000,3,1,1,3,1,31,'2017-08-26 12:52:21','2017-08-26 13:00:23'),(275,'TFADCW101','','','','','','','',9,7,'Accessories/Deck filler/tfadcw101.jpg',11,1,9.9800,0,9,'2017-08-26',0.00000000,5,0.00000000,0.00000000,0.00000000,3,1,1,3,1,35,'2017-08-26 12:59:19','2017-08-26 13:00:10'),(276,'TFH0909A','','','','','','','',9,7,'Accessories/shackle/tfh0909a.jpg',11,1,45.9900,0,9,'2017-08-26',0.00000000,5,0.00000000,0.00000000,0.00000000,3,1,1,1,1,33,'2017-08-26 13:13:37','0000-00-00 00:00:00'),(277,'TFSL0210B','','','','','','','',5,7,'Anchor/rope/TFSL0212B.jpg',11,1,200.0000,0,9,'2017-08-26',0.00000000,5,0.00000000,0.00000000,0.00000000,3,1,1,1,1,51,'2017-08-26 13:22:28','2017-08-26 14:19:01'),(278,'TFSL0212B','','','','','','','',5,7,'Anchor/rope/TFSL0212B.jpg',11,1,300.0000,0,9,'2017-08-26',0.00000000,5,0.00000000,0.00000000,0.00000000,3,1,1,2,1,31,'2017-08-26 14:16:31','2017-08-26 14:18:48'),(279,'TFSL0212R','','','','','','','',5,7,'Anchor/rope/TFSL0212R.jpg',11,1,300.0000,0,9,'2017-08-26',0.00000000,5,0.00000000,0.00000000,0.00000000,3,1,1,3,1,31,'2017-08-26 14:19:13','2017-08-26 14:21:16'),(280,'TFDL041007W','','','','','','','',150,7,'Anchor/rope/Dock line with protection bands.jpg',0,1,35.0000,0,9,'2017-08-26',0.00000000,5,0.00000000,0.00000000,0.00000000,3,1,1,1,1,24,'2017-08-26 14:31:21','0000-00-00 00:00:00'),(281,'TFDL041610W','','','','','','','',50,7,'Anchor/rope/Dock line with protection bands.jpg',0,1,45.0000,0,9,'2017-08-26',0.00000000,5,0.00000000,0.00000000,0.00000000,3,1,1,2,1,19,'2017-08-26 14:32:13','2017-08-26 14:33:26'),(282,'TFDL0403823G','','','','','','','',14,7,'Anchor/rope/TFDL0401225G.jpg',0,1,15.0000,0,9,'2017-08-26',0.00000000,5,0.00000000,0.00000000,0.00000000,3,1,1,3,1,19,'2017-08-26 14:50:03','0000-00-00 00:00:00'),(283,'TFDL0401225G','','','','','','','',19,7,'Anchor/rope/TFDL0401225G.jpg',0,1,25.0000,0,9,'2017-08-26',0.00000000,5,0.00000000,0.00000000,0.00000000,3,1,1,4,1,19,'2017-08-26 14:50:14','2017-08-26 14:50:58'),(284,'TFDL04111632BK','','','','','','','',17,7,'Anchor/rope/tfdl0401225bk.jpg',0,1,45.0000,0,9,'2017-08-26',0.00000000,5,0.00000000,0.00000000,0.00000000,3,1,1,5,1,19,'2017-08-26 14:51:31','2017-08-26 14:52:53'),(285,'TFDL01012N','','','','','','','',110,7,'Anchor/rope/3 Strand Dock line Navy.jpg',0,1,30.0000,0,9,'2017-08-26',0.00000000,5,0.00000000,0.00000000,0.00000000,3,1,1,6,1,21,'2017-08-26 15:01:11','2017-08-26 15:03:15'),(286,'TFDL01058N','','','','','','','',20,7,'Anchor/rope/3 Strand Dock line Navy.jpg',0,1,60.0000,0,9,'2017-08-26',0.00000000,5,0.00000000,0.00000000,0.00000000,3,1,1,7,1,19,'2017-08-26 15:03:24','2017-08-26 15:06:19'),(287,'TFDL01058B','','','','','','','',150,7,'Anchor/rope/3 Strand Dock line Black.jpg',0,1,60.0000,0,9,'2017-08-26',0.00000000,5,0.00000000,0.00000000,0.00000000,3,1,1,8,1,21,'2017-08-26 15:05:18','2017-08-26 15:06:01'),(288,'TFDL06038N','','','','','','','',60,7,'Anchor/rope/3 Strand Dock line Navy.jpg',0,1,3.0000,0,9,'2017-08-26',0.00000000,5,0.00000000,0.00000000,0.00000000,3,1,1,9,1,28,'2017-08-26 16:55:38','2017-08-28 11:08:04'),(289,'TFDL06012N','','','','','','','',70,7,'Anchor/rope/3 Strand Dock line Navy.jpg',0,1,8.0000,0,9,'2017-08-26',0.00000000,5,0.00000000,0.00000000,0.00000000,3,1,1,10,1,21,'2017-08-26 16:56:52','2017-08-26 17:01:01'),(290,'TFDL06058B','','','','','','','',39,7,'Anchor/rope/3 Strand Dock line Black.jpg',0,1,19.0000,0,9,'2017-08-26',0.00000000,5,0.00000000,0.00000000,0.00000000,3,1,1,11,1,27,'2017-08-26 16:58:41','2017-08-26 17:00:43'),(291,'TFAL011245W','','','','','','','',16,7,'Anchor/rope/ANCHOR LINE.jpg',0,1,96.0000,0,9,'2017-08-26',0.00000000,5,0.00000000,0.00000000,0.00000000,3,1,1,1,1,23,'2017-08-26 17:04:05','2017-08-28 16:51:22'),(292,'TFAL011660W','','','','','','','',16,7,'Anchor/rope/ANCHOR LINE.jpg',0,1,190.0000,0,9,'2017-08-26',0.00000000,5,0.00000000,0.00000000,0.00000000,3,1,1,2,1,20,'2017-08-26 17:04:21','2017-08-28 16:52:31'),(293,'TFLL0401','','','','','','','',5,7,'Ladder/TFLL0905.jpg',0,1,80.0000,0,9,'2017-08-26',0.00000000,5,0.00000000,0.00000000,0.00000000,3,1,1,4,1,21,'2017-08-26 17:10:05','2017-08-26 17:29:25'),(294,'TFLL0202','','','','','','','',25,7,'Ladder/$_57 (12).JPG',0,1,90.0000,0,9,'2017-08-26',0.00000000,5,0.00000000,0.00000000,0.00000000,3,1,1,2,1,23,'2017-08-26 17:12:29','2017-08-26 17:14:03'),(295,'TFLL0302','','','','','','','',11,7,'Ladder/TFLL0302.jpg',0,1,170.0000,0,9,'2017-08-26',0.00000000,5,0.00000000,0.00000000,0.00000000,3,1,1,3,1,22,'2017-08-26 17:14:18','2017-08-26 17:21:02'),(296,'TFLL0101','','','','','','','',36,7,'Ladder/1.jpg',0,1,70.0000,0,9,'2017-08-26',0.00000000,5,0.00000000,0.00000000,0.00000000,3,1,1,1,1,19,'2017-08-26 17:24:07','2017-08-26 17:25:13'),(297,'TFLL00501','','','','','','','',25,7,'Ladder/TF0501.jpg',0,1,125.0000,0,9,'2017-08-26',0.00000000,5,0.00000000,0.00000000,0.00000000,3,1,1,5,1,22,'2017-08-26 17:25:47','2017-08-26 17:28:19'),(298,'TFLL0704','','','','','','','',5,7,'Ladder/TF0704.jpg',0,1,170.0000,0,9,'2017-08-26',0.00000000,5,0.00000000,0.00000000,0.00000000,3,1,1,1,1,25,'2017-08-26 17:31:10','2017-08-26 17:36:50'),(299,'TFLL0802','','','','','','','',5,7,'Ladder/TF0802.jpg',0,1,200.0000,0,9,'2017-08-26',0.00000000,5,0.00000000,0.00000000,0.00000000,3,1,1,2,1,20,'2017-08-26 17:37:01','2017-08-26 17:38:25'),(300,'G0','','','','','','','',35,7,'Accessories/Fender/proceans fender.jpg',11,1,12.0000,0,9,'2017-08-28',0.00000000,5,0.00000000,0.00000000,0.00000000,3,1,1,1,1,36,'2017-08-28 11:16:01','2017-08-28 11:16:29'),(301,'G1','','','','','','','',35,7,'Accessories/Fender/proceans fender.jpg',11,1,16.0000,0,9,'2017-08-28',0.00000000,5,0.00000000,0.00000000,0.00000000,3,1,1,2,1,35,'2017-08-28 11:17:55','2017-08-28 11:22:30'),(302,'G2','','','','','','','',35,7,'Accessories/Fender/proceans fender.jpg',11,1,20.0000,0,9,'2017-08-28',0.00000000,5,0.00000000,0.00000000,0.00000000,3,1,1,3,1,32,'2017-08-28 11:19:02','2017-08-28 11:34:51'),(303,'G3','','','','','','','',35,7,'Accessories/Fender/proceans fender.jpg',11,1,35.0000,0,9,'2017-08-28',0.00000000,5,0.00000000,0.00000000,0.00000000,3,1,1,4,1,27,'2017-08-28 11:20:31','2017-08-28 11:22:55'),(304,'G0SET','','','','','','','',35,7,'Accessories/Fender/P1010460.JPG',11,1,45.0000,0,9,'2017-08-28',0.00000000,5,0.00000000,0.00000000,0.00000000,3,1,1,5,1,32,'2017-08-28 11:23:41','2017-08-28 11:35:22'),(305,'G1SET','','','','','','','',35,7,'Accessories/Fender/P1010460.JPG',11,1,60.0000,0,9,'2017-08-28',0.00000000,5,0.00000000,0.00000000,0.00000000,3,1,1,6,1,34,'2017-08-28 11:25:53','2017-08-28 11:35:41'),(306,'G2SET','','','','','','','',35,7,'Accessories/Fender/P1010460.JPG',11,1,75.0000,0,9,'2017-08-28',0.00000000,5,0.00000000,0.00000000,0.00000000,3,1,1,7,1,32,'2017-08-28 11:28:02','2017-08-28 11:34:31'),(307,'G3SET','','','','','','','',35,7,'Accessories/Fender/P1010460.JPG',11,1,135.0000,0,9,'2017-08-28',0.00000000,5,0.00000000,0.00000000,0.00000000,3,1,1,8,1,30,'2017-08-28 11:31:39','2017-08-28 11:33:07'),(308,'TFHTM4','','','','','','','',12,7,'Accessories/Fender/TFHTM4 Fender with central hole 00.png',0,1,200.0000,0,9,'2017-08-28',0.00000000,5,0.00000000,0.00000000,0.00000000,3,1,1,1,1,24,'2017-08-28 11:42:11','2017-08-28 11:44:06'),(309,'TFCN1245A2','','','','','','','',50,7,'Accessories/hOOK2S.jpg',11,1,30.0000,0,9,'2017-08-28',0.00000000,5,0.00000000,0.00000000,0.00000000,3,1,1,1,1,33,'2017-08-28 12:00:23','0000-00-00 00:00:00'),(310,'TFCN1245A3','','','','','','','',50,7,'Accessories/hOOK1.jpg',11,1,35.0000,0,9,'2017-08-28',0.00000000,5,0.00000000,0.00000000,0.00000000,3,1,1,2,1,29,'2017-08-28 12:00:48','2017-08-28 12:02:36');

--
