--
-- Host: localhost    Database: admin_ocar245
-- ------------------------------------------------------


--
-- Table structure for table `oc_address`
--

CREATE TABLE `oc_address` (
  `address_id` int(11) NOT NULL AUTO_INCREMENT,
  `customer_id` int(11) NOT NULL,
  `firstname` varchar(32) NOT NULL,
  `lastname` varchar(32) NOT NULL,
  `company` varchar(40) NOT NULL,
  `address_1` varchar(128) NOT NULL,
  `address_2` varchar(128) NOT NULL,
  `city` varchar(128) NOT NULL,
  `postcode` varchar(10) NOT NULL,
  `country_id` int(11) NOT NULL DEFAULT '0',
  `zone_id` int(11) NOT NULL DEFAULT '0',
  `custom_field` text NOT NULL,
  PRIMARY KEY (`address_id`),
  KEY `customer_id` (`customer_id`)
) ENGINE=MyISAM AUTO_INCREMENT=2 DEFAULT CHARSET=utf8;

--
-- Dumping data for table `oc_address`
--

INSERT INTO `oc_address` VALUES (1,1,'jason','zhang','','85 ofield rd','','hamilton','',38,610,'');

--
-- Table structure for table `oc_affiliate_login`
--

CREATE TABLE `oc_affiliate_login` (
  `affiliate_login_id` int(11) NOT NULL AUTO_INCREMENT,
  `email` varchar(96) NOT NULL,
  `ip` varchar(40) NOT NULL,
  `total` int(4) NOT NULL,
  `date_added` datetime NOT NULL,
  `date_modified` datetime NOT NULL,
  PRIMARY KEY (`affiliate_login_id`),
  KEY `email` (`email`),
  KEY `ip` (`ip`)
) ENGINE=MyISAM DEFAULT CHARSET=utf8;

--
-- Dumping data for table `oc_affiliate_login`
--


--
-- Table structure for table `oc_affiliate_transaction`
--

CREATE TABLE `oc_affiliate_transaction` (
  `affiliate_transaction_id` int(11) NOT NULL AUTO_INCREMENT,
  `affiliate_id` int(11) NOT NULL,
  `order_id` int(11) NOT NULL,
  `description` text NOT NULL,
  `amount` decimal(15,4) NOT NULL,
  `date_added` datetime NOT NULL,
  PRIMARY KEY (`affiliate_transaction_id`)
) ENGINE=MyISAM DEFAULT CHARSET=utf8;

--
-- Dumping data for table `oc_affiliate_transaction`
--


--
-- Table structure for table `oc_amazon_login_pay_order_total_tax`
--

CREATE TABLE `oc_amazon_login_pay_order_total_tax` (
  `order_total_id` int(11) NOT NULL DEFAULT '0',
  `code` varchar(255) DEFAULT NULL,
  `tax` decimal(10,4) NOT NULL,
  PRIMARY KEY (`order_total_id`)
) ENGINE=MyISAM DEFAULT CHARSET=utf8;

--
-- Dumping data for table `oc_amazon_login_pay_order_total_tax`
--


--
-- Table structure for table `oc_api_ip`
--

CREATE TABLE `oc_api_ip` (
  `api_ip_id` int(11) NOT NULL AUTO_INCREMENT,
  `api_id` int(11) NOT NULL,
  `ip` varchar(40) NOT NULL,
  PRIMARY KEY (`api_ip_id`)
) ENGINE=MyISAM AUTO_INCREMENT=2 DEFAULT CHARSET=utf8;

--
-- Dumping data for table `oc_api_ip`
--

INSERT INTO `oc_api_ip` VALUES (1,1,'70.24.164.73');

--
-- Table structure for table `oc_attribute`
--

CREATE TABLE `oc_attribute` (
  `attribute_id` int(11) NOT NULL AUTO_INCREMENT,
  `attribute_group_id` int(11) NOT NULL,
  `sort_order` int(3) NOT NULL,
  PRIMARY KEY (`attribute_id`)
) ENGINE=MyISAM AUTO_INCREMENT=26 DEFAULT CHARSET=utf8;

--
-- Dumping data for table `oc_attribute`
--


--
-- Table structure for table `oc_attribute_description`
--

CREATE TABLE `oc_attribute_description` (
  `attribute_id` int(11) NOT NULL,
  `language_id` int(11) NOT NULL,
  `name` varchar(64) NOT NULL,
  PRIMARY KEY (`attribute_id`,`language_id`)
) ENGINE=MyISAM DEFAULT CHARSET=utf8;

--
-- Dumping data for table `oc_attribute_description`
--


--
-- Table structure for table `oc_attribute_group`
--

CREATE TABLE `oc_attribute_group` (
  `attribute_group_id` int(11) NOT NULL AUTO_INCREMENT,
  `sort_order` int(3) NOT NULL,
  PRIMARY KEY (`attribute_group_id`)
) ENGINE=MyISAM AUTO_INCREMENT=17 DEFAULT CHARSET=utf8;

--
-- Dumping data for table `oc_attribute_group`
--


--
-- Table structure for table `oc_attribute_group_description`
--

CREATE TABLE `oc_attribute_group_description` (
  `attribute_group_id` int(11) NOT NULL,
  `language_id` int(11) NOT NULL,
  `name` varchar(64) NOT NULL,
  PRIMARY KEY (`attribute_group_id`,`language_id`)
) ENGINE=MyISAM DEFAULT CHARSET=utf8;

--
-- Dumping data for table `oc_attribute_group_description`
--


--
-- Table structure for table `oc_banner`
--

CREATE TABLE `oc_banner` (
  `banner_id` int(11) NOT NULL AUTO_INCREMENT,
  `name` varchar(64) NOT NULL,
  `status` tinyint(1) NOT NULL,
  PRIMARY KEY (`banner_id`)
) ENGINE=MyISAM AUTO_INCREMENT=9 DEFAULT CHARSET=utf8;

--
-- Dumping data for table `oc_banner`
--

INSERT INTO `oc_banner` VALUES (6,'HP Products',1),(7,'Home Page Slideshow',1),(8,'Manufacturers',1);

--
-- Table structure for table `oc_banner_image`
--

CREATE TABLE `oc_banner_image` (
  `banner_image_id` int(11) NOT NULL AUTO_INCREMENT,
  `banner_id` int(11) NOT NULL,
  `link` varchar(255) NOT NULL,
  `image` varchar(255) NOT NULL,
  `sort_order` int(3) NOT NULL DEFAULT '0',
  PRIMARY KEY (`banner_image_id`)
) ENGINE=MyISAM AUTO_INCREMENT=99 DEFAULT CHARSET=utf8;

--
-- Dumping data for table `oc_banner_image`
--

INSERT INTO `oc_banner_image` VALUES (79,7,'index.php?route=product/product&amp;path=57&amp;product_id=49','catalog/demo/banners/iPhone6.jpg',0),(87,6,'index.php?route=product/manufacturer/info&amp;manufacturer_id=7','catalog/demo/compaq_presario.jpg',0),(94,8,'','catalog/demo/manufacturer/nfl.png',0),(95,8,'','catalog/demo/manufacturer/redbull.png',0),(96,8,'','catalog/demo/manufacturer/sony.png',0),(91,8,'','catalog/demo/manufacturer/cocacola.png',0),(92,8,'','catalog/demo/manufacturer/burgerking.png',0),(93,8,'','catalog/demo/manufacturer/canon.png',0),(88,8,'','catalog/demo/manufacturer/harley.png',0),(89,8,'','catalog/demo/manufacturer/dell.png',0),(90,8,'','catalog/demo/manufacturer/disney.png',0),(80,7,'','catalog/demo/banners/MacBookAir.jpg',0),(97,8,'','catalog/demo/manufacturer/starbucks.png',0),(98,8,'','catalog/demo/manufacturer/nintendo.png',0);

--
-- Table structure for table `oc_banner_image_description`
--

CREATE TABLE `oc_banner_image_description` (
  `banner_image_id` int(11) NOT NULL,
  `language_id` int(11) NOT NULL,
  `banner_id` int(11) NOT NULL,
  `title` varchar(64) NOT NULL,
  PRIMARY KEY (`banner_image_id`,`language_id`)
) ENGINE=MyISAM DEFAULT CHARSET=utf8;

--
-- Dumping data for table `oc_banner_image_description`
--

INSERT INTO `oc_banner_image_description` VALUES (79,1,7,'iPhone 6'),(87,1,6,'HP Banner'),(93,1,8,'Canon'),(92,1,8,'Burger King'),(91,1,8,'Coca Cola'),(90,1,8,'Disney'),(89,1,8,'Dell'),(80,1,7,'MacBookAir'),(88,1,8,'Harley Davidson'),(94,1,8,'NFL'),(95,1,8,'RedBull'),(96,1,8,'Sony'),(97,1,8,'Starbucks'),(98,1,8,'Nintendo');

--
-- Table structure for table `oc_category`
--

CREATE TABLE `oc_category` (
  `category_id` int(11) NOT NULL AUTO_INCREMENT,
  `image` varchar(255) DEFAULT NULL,
  `parent_id` int(11) NOT NULL DEFAULT '0',
  `top` tinyint(1) NOT NULL,
  `column` int(3) NOT NULL,
  `sort_order` int(3) NOT NULL DEFAULT '0',
  `status` tinyint(1) NOT NULL,
  `date_added` datetime NOT NULL,
  `date_modified` datetime NOT NULL,
  PRIMARY KEY (`category_id`),
  KEY `parent_id` (`parent_id`)
) ENGINE=MyISAM AUTO_INCREMENT=172 DEFAULT CHARSET=utf8;

--
-- Dumping data for table `oc_category`
--

INSERT INTO `oc_category` VALUES (88,'Accessories/P1010020_副本.jpg',85,0,1,321,1,'2016-11-17 17:07:32','2017-08-22 16:29:01'),(89,'Accessories/03-1000x1200.jpg',76,0,1,360,1,'2016-11-17 17:08:04','2017-08-22 16:31:16'),(90,'Accessories/78.jpg',76,0,1,330,1,'2016-11-17 17:09:21','2017-08-22 16:30:26'),(72,'SKseries/270/SK360BGFront.jpg',0,1,1,100,1,'2016-10-17 18:06:10','2017-08-28 15:32:34'),(73,'',0,0,1,200,1,'2016-10-18 10:52:24','2017-08-29 11:26:54'),(108,'Kayak/HTB1CGYhSXXXXXXJXXXXq6xXFXXXK.jpg',73,0,1,203,1,'2017-08-21 12:19:27','2017-08-23 11:16:39'),(75,'',0,0,1,400,1,'2016-10-18 13:06:03','2017-08-22 16:33:30'),(76,'',0,0,1,300,1,'2016-10-18 14:02:53','2017-08-22 16:27:29'),(77,'SKseries/270/SK360BGFront.jpg',72,0,1,102,1,'2016-10-19 11:57:45','2017-08-22 16:26:02'),(78,'ALS/P1010263_副本_副本.jpg',72,0,1,103,1,'2016-10-19 12:17:47','2017-08-22 16:26:14'),(79,'INFLATABLE/12-400x492.png',73,0,1,202,1,'2016-10-19 12:29:06','2017-08-28 22:38:36'),(80,'INFLATABLE/AL330_top_副本.png',73,0,1,201,1,'2016-10-21 16:24:53','2017-08-28 22:38:28'),(81,'Outboard/pim-91726.jpg',75,0,1,410,1,'2016-10-24 12:18:55','2017-08-22 16:33:48'),(82,'Outboard/pDSP1-15420663dt.jpg',75,0,1,420,1,'2016-10-24 12:24:30','2017-08-22 16:34:01'),(83,'Accessories/2016051941537121.jpg',109,0,1,520,1,'2016-10-24 14:44:29','2017-08-28 15:05:50'),(84,'Image/01.jpg',109,0,1,510,1,'2016-10-25 10:44:15','2017-08-22 16:36:13'),(85,'Accessories/111.jpg',76,0,1,320,1,'2016-10-25 10:46:03','2017-08-22 16:28:42'),(86,'Image/TB2nuuwiXXXXXaiXXXXXXXXXXXX_!!185628175.jpg',75,0,1,430,1,'2016-10-25 10:58:12','2017-08-22 16:34:22'),(87,'Accessories/bag1.jpg',76,0,1,370,1,'2016-10-25 18:02:00','2017-08-22 16:32:34'),(91,'Accessories/7.jpg',76,0,1,350,1,'2016-11-17 17:10:41','2017-08-22 16:30:43'),(92,'Accessories/45.jpg',76,0,1,340,1,'2016-11-17 17:11:40','2017-08-22 16:30:35'),(113,'Anchor/danforth.jpg',84,0,1,512,1,'2017-08-22 11:57:50','2017-08-22 16:37:02'),(93,'Accessories/111.jpg',85,0,1,322,1,'2016-11-17 17:20:53','2017-08-22 16:29:11'),(94,'Accessories/P1010011_副本.jpg',85,0,1,323,1,'2016-11-17 17:25:16','2017-08-22 16:29:58'),(95,'SKseries/270/P1010397.png',72,1,1,101,1,'2017-06-10 16:52:36','2017-08-22 16:25:48'),(96,'Propeller/9.9-15/1.jpg',86,0,1,433,1,'2017-07-20 12:13:16','2017-08-22 16:35:12'),(97,'Propeller/9.9-15/1.jpg',86,0,1,431,1,'2017-07-20 12:16:55','2017-08-22 16:34:35'),(98,'Propeller/9.9-15/1.jpg',86,0,1,432,1,'2017-07-20 12:18:00','2017-08-22 16:35:00'),(99,'Propeller/s-l1600.jpg',96,0,1,1,1,'2017-07-20 12:26:31','2017-07-20 13:57:54'),(100,'Propeller/4-6/s-l500.jpg',96,0,1,2,1,'2017-07-20 12:37:33','2017-07-20 13:58:05'),(101,'Propeller/9.9-15/1.jpg',96,0,1,3,1,'2017-07-20 12:49:09','2017-07-20 13:58:14'),(102,'Propeller/20-30/9781012F.jpg',96,0,1,4,1,'2017-07-20 13:06:42','2017-07-20 13:06:42'),(103,'Propeller/40-50/81pTl9HXaOL._SL1500_.jpg',96,0,1,5,1,'2017-07-20 14:13:42','2017-07-20 14:16:40'),(104,'Propeller/60-85/51DyGH5Nb7L._SL1183_.jpg',96,0,1,6,1,'2017-07-20 15:48:57','2017-07-20 15:48:57'),(105,'Propeller/85-115/s-l1600.jpg',96,0,1,7,1,'2017-07-20 15:57:30','2017-07-20 15:57:53'),(107,'Propeller/SSS/Stainless-Prop-Propeller-Power-Tech-3-Blade-suits.jpg',96,0,1,9,1,'2017-07-20 16:19:52','2017-07-20 16:19:52'),(109,'',0,0,1,500,1,'2017-08-21 14:28:48','2017-08-28 15:10:00'),(110,'Accessories/sssszzzzz.jpg',76,0,1,310,1,'2017-08-21 14:53:35','2017-08-22 16:28:35'),(112,'Anchor/1.jpg',84,0,1,511,1,'2017-08-22 11:44:22','2017-08-22 16:36:59'),(114,'Anchor/23381-7958027.jpg',84,0,1,513,1,'2017-08-22 12:34:52','2017-08-22 16:37:10'),(115,'Anchor/delta-wing-anchor-wl.jpg',84,0,1,514,1,'2017-08-22 14:42:47','2017-08-22 16:37:20'),(116,'Anchor/s-l500.jpg',84,0,1,515,1,'2017-08-22 15:12:34','2017-08-22 16:37:28'),(117,'Ladder/81eBe6kfjTL._SL1500_.jpg',109,0,1,530,1,'2017-08-23 12:11:16','2017-08-23 12:12:08'),(118,'Accessories/shackle/s-l500 (1).jpg',83,0,1,1,1,'2017-08-23 12:53:20','2017-08-23 12:53:20'),(119,'Accessories/shackle/156.JPG',83,0,1,2,1,'2017-08-23 12:54:14','2017-08-23 13:49:39'),(120,'Accessories/shackle/s-l1600 (22).jpg',83,0,1,3,1,'2017-08-23 12:56:01','2017-08-23 15:52:24'),(121,'Accessories/shackle/cleat.JPG',83,0,1,4,1,'2017-08-23 13:01:59','2017-08-23 13:01:59'),(122,'Accessories/shackle/2187016c_14.jpg',83,0,1,5,1,'2017-08-23 13:04:18','2017-08-23 13:04:18'),(123,'Accessories/shackle/51+V-inrkrL._SL1024_.jpg',83,0,1,6,1,'2017-08-23 13:05:22','2017-08-23 13:05:22'),(124,'Accessories/shackle/$_57.JPG',83,0,1,7,1,'2017-08-23 13:06:28','2017-08-23 13:07:31'),(125,'Accessories/shackle/30° Rod holder.jpg',83,0,1,8,1,'2017-08-23 13:08:19','2017-08-25 17:11:54'),(126,'Accessories/shackle/$_57 (8).JPG',83,0,1,9,1,'2017-08-23 13:09:19','2017-08-23 13:09:19'),(127,'Accessories/shackle/s-l1600 (23).jpg',83,0,1,11,1,'2017-08-23 13:15:05','2017-08-23 13:15:05'),(128,'Accessories/shackle/s-l1600 (24).jpg',83,0,1,12,1,'2017-08-23 13:17:23','2017-08-23 13:17:23'),(129,'Accessories/dock line/3 Strand Dock line Black.jpg',109,0,0,530,1,'2017-08-23 13:20:51','2017-08-23 13:23:43'),(130,'Accessories/$_57 (13).JPG',76,0,1,380,1,'2017-08-23 13:28:57','2017-08-23 13:30:34'),(131,'Accessories/shackle/stainless-steel-d-shackle-250x250.jpg',118,0,1,1,1,'2017-08-23 13:33:17','2017-08-23 13:33:17'),(132,'Accessories/shackle/s-l500 (1).jpg',118,0,1,2,1,'2017-08-23 13:34:19','2017-08-23 13:34:19'),(133,'Accessories/shackle/cleat.JPG',121,0,1,1,1,'2017-08-23 13:36:24','2017-08-23 13:36:24'),(152,'Accessories/shackle/rig01.jpg',122,0,1,1,1,'2017-08-24 16:34:03','2017-08-24 16:34:03'),(135,'Accessories/shackle/c37c4678-b4fb-4634-875c-35286f1295c8.JPG',121,0,1,3,1,'2017-08-23 13:42:24','2017-08-23 13:42:24'),(136,'Accessories/shackle/$T2eC16VHJGQFFhggHsFtBRkss-0E0!--60_57.JPG',121,0,1,4,1,'2017-08-23 13:43:52','2017-08-23 13:43:52'),(137,'Accessories/shackle/s-l1600 (14).jpg',121,0,1,5,1,'2017-08-23 13:44:59','2017-08-23 13:44:59'),(138,'Anchor/hOOK1.jpg',109,0,1,560,1,'2017-08-23 13:59:25','2017-08-24 18:17:01'),(139,'Ladder/6-8.jpg',117,0,1,531,1,'2017-08-23 14:01:51','2017-08-23 14:16:42'),(140,'Ladder/z-2.jpg',117,0,1,532,1,'2017-08-23 14:03:59','2017-08-23 14:17:38'),(141,'Accessories/Ribbed Boat Fender.jpeg',109,0,0,550,1,'2017-08-23 14:10:15','2017-08-24 18:17:10'),(142,'Accessories/Ribbed Boat Fender.jpeg',141,0,1,561,1,'2017-08-23 14:10:51','2017-08-23 14:10:51'),(143,'Accessories/pump/TFHTM4 Fender with central hole.png',141,0,1,562,1,'2017-08-23 14:11:42','2017-08-23 14:11:53'),(144,'Anchor/rope/ 02.jpg',129,0,1,0,1,'2017-08-23 14:27:26','2017-08-23 14:27:26'),(145,'Anchor/rope/3 Strand Dock line Black.jpg',129,0,1,0,1,'2017-08-23 14:32:21','2017-08-23 14:32:21'),(146,'Accessories/shackle/rf632.jpg',118,0,1,3,1,'2017-08-23 15:22:21','2017-08-23 16:00:18'),(147,'Accessories/shackle/s-l1600 (3).jpg',118,0,1,4,1,'2017-08-23 15:23:50','2017-08-23 15:23:50'),(148,'Accessories/shackle/s-l500 (5).jpg',118,0,1,5,1,'2017-08-23 15:53:06','2017-08-23 15:53:06'),(150,'Accessories/shackle/156.JPG',119,0,1,1,1,'2017-08-23 17:20:18','2017-08-23 17:20:18'),(151,'Accessories/shackle/Cast Snap h.png',119,0,1,2,1,'2017-08-23 17:22:04','2017-08-23 17:23:54'),(153,'Accessories/shackle/hand-.jpg',122,0,1,2,1,'2017-08-24 16:35:33','2017-08-24 16:35:33'),(154,'Accessories/shackle/51jX+9Y7FCL._SL1000_.jpg',123,1,1,1,1,'2017-08-24 17:15:17','2017-08-24 17:15:17'),(155,'Accessories/shackle/S3650-0300.jpg',123,0,1,2,1,'2017-08-24 17:18:35','2017-08-24 17:18:35'),(156,'Accessories/shackle/p_.jpg',123,0,1,3,1,'2017-08-24 17:22:46','2017-08-24 17:22:46'),(157,'Accessories/shackle/51h-nmmu-WL._SL1000_.jpg',123,0,1,4,1,'2017-08-24 17:23:44','2017-08-24 17:23:44'),(158,'Accessories/shackle/51+V-inrkrL._SL1024_.jpg',123,0,1,5,1,'2017-08-24 17:24:49','2017-08-24 17:24:49'),(159,'Accessories/shackle/M555hy.jpg',123,0,1,6,1,'2017-08-24 17:27:26','2017-08-24 17:29:00'),(160,'Anchor/rope/ANCHOR LINE.jpg',129,0,1,3,1,'2017-08-24 18:07:17','2017-08-24 18:07:17'),(161,'Accessories/shackle/s-l1600 (8).jpg',123,0,1,7,1,'2017-08-25 12:52:24','2017-08-25 12:53:17'),(162,'Accessories/shackle/TFH0701A.JPG',124,0,1,2,1,'2017-08-25 15:59:22','2017-08-25 16:23:13'),(163,'Accessories/shackle/TFH0604A.jpg',124,0,1,1,1,'2017-08-25 16:00:20','2017-08-25 16:00:20'),(164,'Accessories/shackle/TFH3203.jpg',124,1,1,3,1,'2017-08-25 16:02:40','2017-08-25 16:23:28'),(165,'Accessories/shackle/tfh0909a.jpg',83,0,1,13,1,'2017-08-25 16:56:14','2017-08-25 16:56:14'),(166,'Accessories/shackle/TFAD0750.jpg',127,0,1,1,1,'2017-08-25 17:35:15','2017-08-25 17:35:15'),(167,'Accessories/shackle/s-l1600 (23).jpg',127,0,1,2,1,'2017-08-25 17:36:16','2017-08-25 17:36:16'),(168,'Accessories/Deck filler/TFH0840.jpg',128,0,1,1,1,'2017-08-25 18:04:21','2017-08-26 12:34:21'),(169,'Accessories/Deck filler/TFH0842.jpg',128,0,1,2,1,'2017-08-26 12:35:11','2017-08-26 12:35:11'),(170,'Accessories/Deck filler/TFH0844.jpg',128,0,1,3,1,'2017-08-26 12:35:39','2017-08-26 12:35:39'),(171,'Accessories/Deck filler/TFH0846.jpg',128,0,1,4,1,'2017-08-26 12:36:01','2017-08-26 12:36:01');

--
-- Table structure for table `oc_category_description`
--

CREATE TABLE `oc_category_description` (
  `category_id` int(11) NOT NULL,
  `language_id` int(11) NOT NULL,
  `name` varchar(255) NOT NULL,
  `description` text NOT NULL,
  `meta_title` varchar(255) NOT NULL,
  `meta_description` varchar(255) NOT NULL,
  `meta_keyword` varchar(255) NOT NULL,
  PRIMARY KEY (`category_id`,`language_id`),
  KEY `name` (`name`)
) ENGINE=MyISAM DEFAULT CHARSET=utf8;

--
-- Dumping data for table `oc_category_description`
--

INSERT INTO `oc_category_description` VALUES (89,1,'Pump','&lt;p&gt;&lt;br&gt;&lt;/p&gt;','Electric pump','',''),(81,1,'Tahatsu 4 Strokes','&lt;p&gt;&lt;img src=&quot;http://innovocean.ca/image/Outboard/fff/xpt_副本.jpg&quot;&gt;&lt;br&gt;&lt;/p&gt;','Seanovo Outboard, Motor, engine','',''),(73,1,'RIB BOAT SERIES','&lt;p&gt;&lt;img src=&quot;http://innovocean.ca/image/Image/KBK/ribboats.jpg&quot;&gt;&lt;br&gt;&lt;/p&gt;','RIB，inflatable boat， Aluminum boat, fiberglass boat','RIB，inflatable boat， Aluminum boat, fiberglass boat','RIB，inflatable boat， Aluminum boat, fiberglass boat'),(76,1,'Boat Accesories','&lt;p&gt;&lt;img src=&quot;http://innovocean.ca/image/Image/KBK/5.jpg&quot;&gt;&lt;br&gt;&lt;/p&gt;','boat accessories','boat accessories','boat accessories'),(79,1,'RIB- Fiberglass Bottom','&lt;p&gt;&lt;br&gt;&lt;/p&gt;','RIB- Fiberglass Bottom','',''),(119,1,'Snap Hook','&lt;p&gt;&lt;br&gt;&lt;/p&gt;','SNAP HOOK','',''),(120,1,'Anchor Connector','&lt;p&gt;&lt;br&gt;&lt;/p&gt;','Swivel(Anchor connector)','',''),(121,1,'Cleat','&lt;p&gt;&lt;br&gt;&lt;/p&gt;','Cleat','',''),(122,1,'Boat Handrail','&lt;p&gt;&lt;br&gt;&lt;/p&gt;','Boat Handrail','',''),(123,1,'Top fitting','&lt;p&gt;&lt;br&gt;&lt;/p&gt;','Top fitting','',''),(124,1,'Door Fitting','&lt;p&gt;&lt;br&gt;&lt;/p&gt;','Door Hinge','',''),(125,1,'Rod Holder','&lt;p&gt;&lt;br&gt;&lt;/p&gt;','Rod Holder','',''),(126,1,'Steering Wheel','&lt;p&gt;&lt;br&gt;&lt;/p&gt;','Steering Wheel','',''),(127,1,'THRU-HULL','&lt;p&gt;&lt;br&gt;&lt;/p&gt;','THRU-HULL','',''),(128,1,'Deck Filler','&lt;p&gt;&lt;br&gt;&lt;/p&gt;','Deck Filler','',''),(129,1,'Ropes','&lt;p&gt;&lt;br&gt;&lt;/p&gt;','Dock Line','',''),(130,1,'Water Pump','&lt;p&gt;&lt;br&gt;&lt;/p&gt;','Water Pump','',''),(131,1,'D-SHACKLE','&lt;p&gt;&lt;br&gt;&lt;/p&gt;','D-SHACKLE','',''),(132,1,'Bow shackle','&lt;p&gt;&lt;br&gt;&lt;/p&gt;','Bow shackle','',''),(133,1,'Hollow Base Cleat','&lt;p&gt;&lt;br&gt;&lt;/p&gt;','Hollow Base Cleat','',''),(152,1,'Handrail with Screw','&lt;p&gt;&lt;br&gt;&lt;/p&gt;','Handrail with Screw','',''),(135,1,'Mast Cleat','&lt;p&gt;&lt;br&gt;&lt;/p&gt;','Mast Cleat','',''),(136,1,'Humpbacked Ceat','&lt;p&gt;&lt;br&gt;&lt;/p&gt;','Humpbacked Ceat','',''),(137,1,'Lift-up Cleat','&lt;p&gt;&lt;br&gt;&lt;/p&gt;','Lift-up Cleat','',''),(138,1,'Boat Hook','&lt;p&gt;&lt;br&gt;&lt;/p&gt;','Boat Hook','',''),(139,1,'On  Platform','&lt;p&gt;&lt;br&gt;&lt;/p&gt;','On  Platform','',''),(140,1,'Under  Platform','&lt;p&gt;&lt;br&gt;&lt;/p&gt;','Under  Platform','',''),(141,1,'Boat Fender','&lt;p&gt;&lt;br&gt;&lt;/p&gt;','Boat Fender','',''),(142,1,'Ribbed Fender','&lt;p&gt;&lt;br&gt;&lt;/p&gt;','Ribbed Fender','',''),(143,1,'Central Hole Fender','&lt;p&gt;&lt;br&gt;&lt;/p&gt;','Central Hole Fender','',''),(144,1,'Sailing Line','&lt;p&gt;&lt;br&gt;&lt;/p&gt;','Sailing Line','',''),(145,1,'Dock Line','&lt;p&gt;&lt;br&gt;&lt;/p&gt;','Dock Line','',''),(146,1,'Twist Shackle','&lt;p&gt;&lt;br&gt;&lt;/p&gt;','Twist Shackle','',''),(147,1,'Long D shackle','&lt;p&gt;&lt;br&gt;&lt;/p&gt;','Long D shackle','',''),(148,1,'Swivel','&lt;p&gt;&lt;br&gt;&lt;/p&gt;','Swivel','',''),(75,1,'Outboard &amp; Motor','&lt;p&gt;&lt;img src=&quot;http://innovocean.ca/image/Image/KBK/3.jpg&quot;&gt;&lt;br&gt;&lt;/p&gt;&lt;p style=&quot;line-height: 1.5;&quot;&gt;\r\n\r\n&lt;/p&gt;','outboards，，motor，engine','outboards，motor，engine','outboards，motor，engine'),(86,1,'Outbaord Propeller','&lt;p&gt;&lt;br&gt;&lt;/p&gt;','Propeller','',''),(96,1,'YMH','&lt;p&gt;&lt;br&gt;&lt;/p&gt;','YMH propeller','',''),(97,1,'MCR','&lt;p&gt;&lt;br&gt;&lt;/p&gt;','Mercury/水星  船外机螺旋桨','',''),(98,1,'SZK','&lt;p&gt;&lt;br&gt;&lt;/p&gt;','SZK propeller','',''),(99,1,'2hp-2.5hp','&lt;p&gt;&lt;br&gt;&lt;/p&gt;','2马力/2.5马力','',''),(100,1,'4HP-6HP','&lt;p&gt;&lt;br&gt;&lt;/p&gt;','4HP-6HP','',''),(101,1,'9.9hp-15hp','&lt;p&gt;&lt;br&gt;&lt;/p&gt;','9.9hp-15hp','',''),(102,1,'20HP-30HP','&lt;p&gt;&lt;br&gt;&lt;/p&gt;','20HP-30HP','',''),(103,1,'40hp-50hp','&lt;p&gt;&lt;br&gt;&lt;/p&gt;','40hp-50hp','',''),(104,1,'60HP-85HP','&lt;p&gt;&lt;br&gt;&lt;/p&gt;','60HP-85HP','',''),(105,1,'85HP-115HP','&lt;p&gt;&lt;br&gt;&lt;/p&gt;','85HP-115HP','',''),(107,1,'150HP-300HP','&lt;p&gt;&lt;br&gt;&lt;/p&gt;','150HP-300HP','',''),(168,1,'Fuel','&lt;p&gt;&lt;br&gt;&lt;/p&gt;','Fuel','',''),(169,1,'DIESEL','&lt;p&gt;&lt;br&gt;&lt;/p&gt;','DIESEL','',''),(170,1,'WASTE','&lt;p&gt;&lt;br&gt;&lt;/p&gt;','WASTE','',''),(171,1,'WATER','&lt;p&gt;&lt;br&gt;&lt;/p&gt;','WATER','',''),(83,1,'Boat Hardware','&lt;p&gt;&lt;img src=&quot;http://innovocean.ca/image/Image/bkm/IMG_1159.JPG&quot;&gt;&lt;br&gt;&lt;/p&gt;','Rigging Hardware','',''),(91,1,'Bimini Solution','&lt;p&gt;&lt;br&gt;&lt;/p&gt;','Bimini Top','',''),(80,1,'RIB- Aluminum Bottom','&lt;p&gt;&lt;br&gt;&lt;/p&gt;','RIB- Aluminum Bottom','',''),(77,1,'Aluminum Floor SK Seires','&lt;h4 style=&quot;line-height: 2;&quot;&gt;&lt;br&gt;&lt;/h4&gt;&lt;p style=&quot;line-height: 2;&quot;&gt;&lt;br&gt;&lt;/p&gt;','Aluminum Floor SK Seires','',''),(90,1,'Boat Trailer','&lt;p&gt;&lt;br&gt;&lt;/p&gt;','Boat Trailer','',''),(117,1,'Telescopic Ladder','&lt;p&gt;&lt;br&gt;&lt;/p&gt;','Telescopic Ladder','',''),(82,1,'Trolling Motor','&lt;p&gt;&lt;br&gt;&lt;/p&gt;','Trolling Motor','',''),(115,1,'Wing Anchor','&lt;h2 style=&quot;-webkit-font-smoothing: antialiased; -webkit-tap-highlight-color: transparent; margin-right: 0px; margin-bottom: 0px; margin-left: 0px; padding: 0px; border: 0px; outline: 0px; color: rgb(51, 55, 69); font-family: Helvetica, Arial, sans-serif;&quot;&gt;&lt;ul style=&quot;-webkit-font-smoothing: antialiased; -webkit-tap-highlight-color: transparent;&quot;&gt;&lt;li style=&quot;-webkit-font-smoothing: antialiased; -webkit-tap-highlight-color: transparent;&quot;&gt;&lt;span style=&quot;-webkit-font-smoothing: antialiased; -webkit-tap-highlight-color: transparent; margin: 0px; padding: 0px; border: 0px; outline: 0px; font-family: &amp;quot;Comic Sans MS&amp;quot;; color: rgb(0, 0, 0);&quot;&gt;The Wing anchor is constructed of high-grade steel.&amp;nbsp;&lt;/span&gt;&lt;/li&gt;&lt;/ul&gt;&lt;ul style=&quot;-webkit-font-smoothing: antialiased; -webkit-tap-highlight-color: transparent;&quot;&gt;&lt;li style=&quot;-webkit-font-smoothing: antialiased; -webkit-tap-highlight-color: transparent;&quot;&gt;&lt;span style=&quot;-webkit-font-smoothing: antialiased; -webkit-tap-highlight-color: transparent; margin: 0px; padding: 0px; border: 0px; outline: 0px; font-family: &amp;quot;Comic Sans MS&amp;quot;; color: rgb(0, 0, 0);&quot;&gt;The Wing anchor sets effortlessly and holds in a variety of sea bed.&lt;/span&gt;&lt;/li&gt;&lt;/ul&gt;&lt;ul style=&quot;-webkit-font-smoothing: antialiased; -webkit-tap-highlight-color: transparent;&quot;&gt;&lt;li style=&quot;-webkit-font-smoothing: antialiased; -webkit-tap-highlight-color: transparent;&quot;&gt;&lt;span style=&quot;-webkit-font-smoothing: antialiased; -webkit-tap-highlight-color: transparent; margin: 0px; padding: 0px; border: 0px; outline: 0px; font-family: &amp;quot;Comic Sans MS&amp;quot;; color: rgb(0, 0, 0);&quot;&gt;Stows easily on the bow roller of most boats.&lt;/span&gt;&lt;/li&gt;&lt;/ul&gt;&lt;/h2&gt;','Wing Anchor','',''),(116,1,'River&amp;Mushroom Anchor','&lt;p&gt;&lt;br&gt;&lt;/p&gt;','River&amp;Mushroom Anchor','',''),(118,1,'Shackle','&lt;p&gt;&lt;br&gt;&lt;/p&gt;','Shackle','',''),(87,1,'Outdoor Waterproof  Bag','&lt;p&gt;&lt;br&gt;&lt;/p&gt;','户外设备','',''),(84,1,'Anchors','&lt;p&gt;&lt;br&gt;&lt;/p&gt;','Anchors','',''),(85,1,'Inflatable Boat Accessories','&lt;p&gt;&lt;br&gt;&lt;/p&gt;','Inflatable Boat parts','',''),(110,1,'Dinghy Wheel(Launching Wheel)','&lt;p&gt;&lt;br&gt;&lt;/p&gt;','Dinghy Wheel(Launching Wheel)','',''),(95,1,'2017 New Boat Arrived','&lt;p&gt;&lt;br&gt;&lt;/p&gt;','inflatable boat， 橡皮艇， innovocean橡皮艇','',''),(114,1,'Claw Anchor','&lt;h2&gt;&lt;/h2&gt;&lt;h2&gt;&lt;/h2&gt;&lt;h3&gt;&lt;/h3&gt;&lt;h2&gt;&lt;ul&gt;&lt;li&gt;&lt;span style=&quot;font-family: &amp;quot;Comic Sans MS&amp;quot;; color: rgb(0, 0, 0);&quot;&gt;The Claw anchor is constructed of high-grade steel.&amp;nbsp;&lt;/span&gt;&lt;/li&gt;&lt;/ul&gt;&lt;ul&gt;&lt;li&gt;&lt;span style=&quot;font-family: &amp;quot;Comic Sans MS&amp;quot;; color: rgb(0, 0, 0);&quot;&gt;The Claw anchor sets effortlessly and holds in a variety of sea bed.&lt;/span&gt;&lt;/li&gt;&lt;/ul&gt;&lt;ul&gt;&lt;li&gt;&lt;span style=&quot;font-family: &amp;quot;Comic Sans MS&amp;quot;; color: rgb(0, 0, 0);&quot;&gt;Stows easily on the bow roller of most boats.&lt;/span&gt;&lt;/li&gt;&lt;/ul&gt;&lt;/h2&gt;','Claw Anchor','',''),(78,1,'Air-Mat VIB Series','&lt;h4 style=&quot;line-height: 2;&quot;&gt;&lt;img src=&quot;http://innovocean.ca/image/VIBS/4_副本.jpg&quot; style=&quot;width: 1257.35px; height: 258.8px;&quot;&gt;&lt;br&gt;&lt;/h4&gt;','Air-Mat VIB Series','',''),(72,1,'Roll-Up Boat Series','&lt;p&gt;&lt;img src=&quot;http://innovocean.ca/image/Image/KBK/1.jpg&quot; style=&quot;width: 1908px; height: 397.135px;&quot;&gt;&lt;br&gt;&lt;/p&gt;&lt;h2 style=&quot;&quot;&gt;&lt;span style=&quot;color: rgb(0, 0, 0); font-family: Tahoma;&quot;&gt;Roll-Up Boat, also known as &quot;Inflatable Foldable Sports Boat&quot;, is a type of Boat structure that belongs to recreational use. The great advantage of these boats is their lightweight to size ratio, more convenient and safe than traditional vessels. Its folding performance which presents in its form of removable floor, after folding, the size can carry in an RV or SUV or even simply stow below deck. It is widely used in fishing, skin-diving, Rescue and other water operations.&lt;/span&gt;&lt;/h2&gt;','Roll-up boat','',''),(108,1,'SPECIAL* LLDPE KAYAK','&lt;p&gt;&lt;br&gt;&lt;/p&gt;','LLDPE KAYAK','',''),(109,1,'Anchoring&amp;Docking','&lt;p&gt;&lt;img src=&quot;http://innovocean.ca/image/Image/bkm/IMG_1158.JPG&quot;&gt;&lt;br&gt;&lt;/p&gt;','Anchoring&amp;Docking','',''),(112,1,'Folding Grapnel Anchor','&lt;h2 style=&quot;margin: 0in 0in 0.0001pt 58.5pt; background-image: initial; background-position: initial; background-size: initial; background-repeat: initial; background-attachment: initial; background-origin: initial; background-clip: initial;&quot;&gt;&lt;span style=&quot;color: rgb(0, 0, 0);&quot;&gt;&lt;span style=&quot;font-family: &amp;quot;Comic Sans MS&amp;quot;;&quot;&gt;·&lt;span style=&quot;font-variant-numeric: normal; font-stretch: normal; line-height: normal;&quot;&gt;&amp;nbsp;&amp;nbsp;&amp;nbsp;&amp;nbsp;&amp;nbsp;&amp;nbsp;&lt;/span&gt;&lt;span style=&quot;font-variant-numeric: normal; font-stretch: normal; line-height: normal;&quot;&gt;&amp;nbsp;&amp;nbsp;&lt;/span&gt;&lt;span style=&quot;border: 1pt none windowtext; padding: 0in;&quot;&gt;The grapnel is an excellent choice for use with dinghies and other small boats.&lt;br&gt;&lt;/span&gt;&lt;/span&gt;&lt;span style=&quot;font-family: &amp;quot;Comic Sans MS&amp;quot;;&quot;&gt;·&lt;span style=&quot;font-variant-numeric: normal; font-stretch: normal; line-height: normal;&quot;&gt;&amp;nbsp;&amp;nbsp;&amp;nbsp;&amp;nbsp;&amp;nbsp;&amp;nbsp;&amp;nbsp;&amp;nbsp;&lt;/span&gt;&lt;span style=&quot;border: 1pt none windowtext; padding: 0in;&quot;&gt;&lt;span style=&quot;-webkit-font-smoothing: antialiased; -webkit-tap-highlight-color: transparent; outline: 0px;&quot;&gt;Folds and stows neatly.&lt;br&gt;&lt;/span&gt;&lt;/span&gt;&lt;/span&gt;&lt;span style=&quot;font-family: &amp;quot;Comic Sans MS&amp;quot;;&quot;&gt;·&lt;span style=&quot;font-variant-numeric: normal; font-stretch: normal; line-height: normal;&quot;&gt;&amp;nbsp;&amp;nbsp;&amp;nbsp;&amp;nbsp;&amp;nbsp;&amp;nbsp;&amp;nbsp;&amp;nbsp;&lt;/span&gt;&lt;span style=&quot;border: 1pt none windowtext; padding: 0in;&quot;&gt;&lt;span style=&quot;-webkit-font-smoothing: antialiased; -webkit-tap-highlight-color: transparent; outline: 0px;&quot;&gt;No sharp points to cause injury or boat damage.&lt;br&gt;&lt;/span&gt;&lt;/span&gt;&lt;/span&gt;&lt;span style=&quot;font-family: &amp;quot;Comic Sans MS&amp;quot;;&quot;&gt;·&lt;span style=&quot;font-variant-numeric: normal; font-stretch: normal; line-height: normal;&quot;&gt;&amp;nbsp;&amp;nbsp;&amp;nbsp;&amp;nbsp;&amp;nbsp;&amp;nbsp;&amp;nbsp;&amp;nbsp;&lt;/span&gt;&lt;span style=&quot;border: 1pt none windowtext; padding: 0in;&quot;&gt;&lt;span style=&quot;-webkit-font-smoothing: antialiased; -webkit-tap-highlight-color: transparent; outline: 0px;&quot;&gt;Weighted shank ensures a quick set.&lt;br&gt;&lt;/span&gt;&lt;/span&gt;&lt;/span&gt;&lt;span style=&quot;font-family: &amp;quot;Comic Sans MS&amp;quot;;&quot;&gt;·&lt;span style=&quot;font-variant-numeric: normal; font-stretch: normal; line-height: normal;&quot;&gt;&amp;nbsp;&amp;nbsp;&amp;nbsp;&amp;nbsp;&amp;nbsp;&amp;nbsp;&amp;nbsp;&amp;nbsp;&lt;/span&gt;&lt;span style=&quot;border: 1pt none windowtext; padding: 0in;&quot;&gt;&lt;span style=&quot;-webkit-font-smoothing: antialiased; -webkit-tap-highlight-color: transparent; outline: 0px;&quot;&gt;Hot dip galvanized for maximum corrosion resistance.&lt;/span&gt;&lt;/span&gt;&lt;/span&gt;&lt;/span&gt;&lt;/h2&gt;\r\n\r\n&lt;p class=&quot;MsoNormal&quot; align=&quot;left&quot;&gt;&lt;span style=&quot;background-image: initial; background-position: initial; background-size: initial; background-repeat: initial; background-attachment: initial; background-origin: initial; background-clip: initial;&quot;&gt;&lt;o:p&gt;&amp;nbsp;&lt;/o:p&gt;&lt;/span&gt;&lt;/p&gt;','Folding Grapnel Anchor','',''),(113,1,'Fluke Anchor','&lt;p&gt;&lt;/p&gt;&lt;h2&gt;&lt;ul&gt;&lt;li&gt;&lt;span style=&quot;font-family: &amp;quot;Comic Sans MS&amp;quot;; color: rgb(0, 0, 0);&quot;&gt;Superior holding power in a traditional designed anchor.&lt;/span&gt;&lt;/li&gt;&lt;/ul&gt;&lt;ul&gt;&lt;li&gt;&lt;span style=&quot;font-family: &amp;quot;Comic Sans MS&amp;quot;; color: rgb(0, 0, 0);&quot;&gt;Each anchor is hot dipped galvanized for maximum corrosion protection.&lt;/span&gt;&lt;/li&gt;&lt;/ul&gt;&lt;ul&gt;&lt;li&gt;&lt;span style=&quot;font-family: &amp;quot;Comic Sans MS&amp;quot;; color: rgb(0, 0, 0);&quot;&gt;Individually inspected to assure quality and workmanship.&lt;/span&gt;&lt;/li&gt;&lt;/ul&gt;&lt;ul&gt;&lt;li&gt;&lt;span style=&quot;font-family: &amp;quot;Comic Sans MS&amp;quot;; color: rgb(0, 0, 0);&quot;&gt;Reinforced wide flukes penetrate deeply and firmly for maximum holding power.&lt;/span&gt;&lt;/li&gt;&lt;/ul&gt;&lt;ul&gt;&lt;li&gt;&lt;span style=&quot;font-family: &amp;quot;Comic Sans MS&amp;quot;; color: rgb(0, 0, 0);&quot;&gt;Specially engineered angles and welded crown configuration provide unsurpassed strength and durability.&lt;/span&gt;&lt;/li&gt;&lt;/ul&gt;&lt;/h2&gt;&lt;p&gt;&lt;/p&gt;','Fluke Anchors','',''),(88,1,'Repair Accessories','&lt;p&gt;&lt;br&gt;&lt;/p&gt;','修补配件','',''),(92,1,'Boat Cover','&lt;p&gt;&lt;br&gt;&lt;/p&gt;','Boat Cover','',''),(93,1,'Inflatable boat Paddles','&lt;p&gt;&lt;br&gt;&lt;/p&gt;','橡皮艇皮划艇浆','',''),(94,1,'Rod Holder','&lt;p&gt;&lt;br&gt;&lt;/p&gt;','鱼竿座','',''),(150,1,'Spring Hook','&lt;p&gt;&lt;br&gt;&lt;/p&gt;','Spring Hook','',''),(151,1,'Cast Snap Hook','&lt;p&gt;&lt;br&gt;&lt;/p&gt;','Cast Snap Hook','',''),(153,1,'Handrail With Round Base','&lt;p&gt;&lt;br&gt;&lt;/p&gt;','Handrail With Round Base','',''),(154,1,'Top Cap','&lt;p&gt;&lt;br&gt;&lt;/p&gt;','Top Cap','',''),(155,1,'30°Round Base','&lt;p&gt;&lt;br&gt;&lt;/p&gt;','30°Round Base','',''),(156,1,'90°Elbow','&lt;p&gt;&lt;br&gt;&lt;/p&gt;','90°Elbow','',''),(157,1,'Top Slide','&lt;p&gt;&lt;br&gt;&lt;/p&gt;','Top Slide','',''),(158,1,'60° Round Base','&lt;p&gt;&lt;br&gt;&lt;/p&gt;','60° Round Base','',''),(159,1,'60°Tee','&lt;p&gt;&lt;br&gt;&lt;/p&gt;','60°Tee','',''),(160,1,'Anchor Line','&lt;p&gt;&lt;br&gt;&lt;/p&gt;','Anchor Line','',''),(161,1,'Deck Hinge','&lt;p&gt;&lt;br&gt;&lt;/p&gt;','Deck Hinge','',''),(162,1,'Latches','&lt;p&gt;&lt;br&gt;&lt;/p&gt;','Latch','',''),(163,1,'Hinges','&lt;p&gt;&lt;br&gt;&lt;/p&gt;','Hinges','',''),(164,1,'Locks','&lt;p&gt;&lt;br&gt;&lt;/p&gt;','Lock','',''),(165,1,'Antenna Base','&lt;p&gt;&lt;br&gt;&lt;/p&gt;','Antenna Base','',''),(166,1,'Nylon Thru-Hull','&lt;p&gt;&lt;br&gt;&lt;/p&gt;','Nylon Thru-Hull','',''),(167,1,'AISI 316 Thru-hull','&lt;p&gt;&lt;br&gt;&lt;/p&gt;','AISI 316 Thru-hull','','');

--
-- Table structure for table `oc_category_filter`
--

CREATE TABLE `oc_category_filter` (
  `category_id` int(11) NOT NULL,
  `filter_id` int(11) NOT NULL,
  PRIMARY KEY (`category_id`,`filter_id`)
) ENGINE=MyISAM DEFAULT CHARSET=utf8;

--
-- Dumping data for table `oc_category_filter`
--


--
-- Table structure for table `oc_category_path`
--

CREATE TABLE `oc_category_path` (
  `category_id` int(11) NOT NULL,
  `path_id` int(11) NOT NULL,
  `level` int(11) NOT NULL,
  PRIMARY KEY (`category_id`,`path_id`)
) ENGINE=MyISAM DEFAULT CHARSET=utf8;

--
-- Dumping data for table `oc_category_path`
--

INSERT INTO `oc_category_path` VALUES (101,86,1),(101,75,0),(101,96,2),(100,100,3),(100,86,1),(100,75,0),(100,96,2),(99,99,3),(99,96,2),(99,75,0),(99,86,1),(98,98,2),(98,75,0),(98,86,1),(97,97,2),(97,86,1),(97,75,0),(96,96,2),(96,86,1),(96,75,0),(95,95,1),(95,72,0),(77,77,1),(94,94,2),(94,85,1),(94,76,0),(93,93,2),(93,85,1),(76,76,0),(101,101,3),(93,76,0),(92,92,1),(112,84,1),(92,76,0),(91,91,1),(91,76,0),(112,112,2),(90,90,1),(110,110,1),(90,76,0),(110,76,0),(89,76,0),(89,89,1),(88,88,2),(88,85,1),(88,76,0),(87,87,1),(87,76,0),(86,86,1),(86,75,0),(85,85,1),(85,76,0),(84,84,1),(84,109,0),(108,73,0),(75,75,0),(72,72,0),(73,73,0),(83,109,0),(81,81,1),(80,80,1),(79,79,1),(78,78,1),(82,82,1),(83,83,1),(77,72,0),(78,72,0),(82,75,0),(80,73,0),(81,75,0),(79,73,0),(102,86,1),(102,75,0),(102,96,2),(102,102,3),(103,96,2),(103,75,0),(103,86,1),(103,103,3),(104,86,1),(104,75,0),(104,96,2),(104,104,3),(105,96,2),(105,75,0),(105,86,1),(105,105,3),(107,107,3),(107,96,2),(107,75,0),(107,86,1),(108,108,1),(109,109,0),(112,109,0),(113,109,0),(113,84,1),(113,113,2),(114,109,0),(114,84,1),(114,114,2),(115,109,0),(115,84,1),(115,115,2),(116,109,0),(116,84,1),(116,116,2),(117,109,0),(117,117,1),(118,109,0),(118,83,1),(118,118,2),(119,109,0),(119,83,1),(119,119,2),(120,120,2),(120,109,0),(120,83,1),(121,109,0),(121,83,1),(121,121,2),(122,109,0),(122,83,1),(122,122,2),(123,109,0),(123,83,1),(123,123,2),(124,109,0),(124,83,1),(124,124,2),(125,109,0),(125,83,1),(125,125,2),(126,109,0),(126,83,1),(126,126,2),(127,109,0),(127,83,1),(127,127,2),(128,109,0),(128,83,1),(128,128,2),(129,109,0),(129,129,1),(130,76,0),(130,130,1),(131,109,0),(131,83,1),(131,118,2),(131,131,3),(132,109,0),(132,83,1),(132,118,2),(132,132,3),(133,109,0),(133,83,1),(133,121,2),(133,133,3),(152,122,2),(152,152,3),(152,83,1),(152,109,0),(135,109,0),(135,83,1),(135,121,2),(135,135,3),(136,109,0),(136,83,1),(136,121,2),(136,136,3),(137,109,0),(137,83,1),(137,121,2),(137,137,3),(138,109,0),(138,138,1),(139,109,0),(139,117,1),(139,139,2),(140,117,1),(140,109,0),(140,140,2),(141,109,0),(141,141,1),(142,109,0),(142,141,1),(142,142,2),(143,141,1),(143,109,0),(143,143,2),(144,109,0),(144,129,1),(144,144,2),(145,109,0),(145,129,1),(145,145,2),(146,83,1),(146,118,2),(146,109,0),(146,146,3),(147,109,0),(147,83,1),(147,118,2),(147,147,3),(148,109,0),(148,83,1),(148,118,2),(148,148,3),(151,83,1),(150,119,2),(150,150,3),(150,83,1),(150,109,0),(151,119,2),(151,109,0),(151,151,3),(153,109,0),(153,83,1),(153,122,2),(153,153,3),(154,109,0),(154,83,1),(154,123,2),(154,154,3),(155,109,0),(155,83,1),(155,123,2),(155,155,3),(156,109,0),(156,83,1),(156,123,2),(156,156,3),(157,109,0),(157,83,1),(157,123,2),(157,157,3),(158,109,0),(158,83,1),(158,123,2),(158,158,3),(159,83,1),(159,123,2),(159,109,0),(159,159,3),(160,109,0),(160,129,1),(160,160,2),(161,83,1),(161,123,2),(161,109,0),(161,161,3),(162,83,1),(162,124,2),(162,109,0),(162,162,3),(163,109,0),(163,83,1),(163,124,2),(163,163,3),(164,109,0),(164,83,1),(164,124,2),(164,164,3),(165,109,0),(165,83,1),(165,165,2),(166,109,0),(166,83,1),(166,127,2),(166,166,3),(167,109,0),(167,83,1),(167,127,2),(167,167,3),(168,83,1),(168,128,2),(168,109,0),(168,168,3),(169,109,0),(169,83,1),(169,128,2),(169,169,3),(170,109,0),(170,83,1),(170,128,2),(170,170,3),(171,109,0),(171,83,1),(171,128,2),(171,171,3);

--
-- Table structure for table `oc_category_to_layout`
--

CREATE TABLE `oc_category_to_layout` (
  `category_id` int(11) NOT NULL,
  `store_id` int(11) NOT NULL,
  `layout_id` int(11) NOT NULL,
  PRIMARY KEY (`category_id`,`store_id`)
) ENGINE=MyISAM DEFAULT CHARSET=utf8;

--
-- Dumping data for table `oc_category_to_layout`
--

INSERT INTO `oc_category_to_layout` VALUES (79,0,0),(72,0,0),(75,0,0),(81,0,0),(80,0,0),(82,0,0),(77,0,0),(76,0,0),(84,0,0),(78,0,0),(83,0,0),(73,0,0),(108,0,0),(85,0,0),(86,0,0),(87,0,0),(88,0,0),(89,0,0),(90,0,0),(91,0,0),(92,0,0),(93,0,0),(94,0,0),(95,0,0),(96,0,0),(97,0,0),(98,0,0),(99,0,0),(100,0,0),(101,0,0),(102,0,0),(103,0,0),(104,0,0),(105,0,0),(107,0,0),(109,0,0),(110,0,0),(112,0,0),(113,0,0),(114,0,0),(115,0,0),(116,0,0),(117,0,0),(118,0,0),(119,0,0),(120,0,0),(121,0,0),(122,0,0),(123,0,0),(124,0,0),(125,0,0),(126,0,0),(127,0,0),(128,0,0),(129,0,0),(130,0,0),(131,0,0),(132,0,0),(133,0,0),(152,0,0),(135,0,0),(136,0,0),(137,0,0),(138,0,0),(139,0,0),(140,0,0),(141,0,0),(142,0,0),(143,0,0),(144,0,0),(145,0,0),(146,0,0),(147,0,0),(148,0,0),(150,0,0),(151,0,0),(153,0,0),(154,0,0),(155,0,0),(156,0,0),(157,0,0),(158,0,0),(159,0,0),(160,0,0),(161,0,0),(162,0,0),(163,0,0),(164,0,0),(165,0,0),(166,0,0),(167,0,0),(168,0,0),(169,0,0),(170,0,0),(171,0,0);

--
-- Table structure for table `oc_category_to_store`
--

CREATE TABLE `oc_category_to_store` (
  `category_id` int(11) NOT NULL,
  `store_id` int(11) NOT NULL,
  PRIMARY KEY (`category_id`,`store_id`)
) ENGINE=MyISAM DEFAULT CHARSET=utf8;

--
-- Dumping data for table `oc_category_to_store`
--

INSERT INTO `oc_category_to_store` VALUES (72,0),(73,0),(75,0),(76,0),(77,0),(78,0),(79,0),(80,0),(81,0),(82,0),(83,0),(84,0),(85,0),(86,0),(87,0),(88,0),(89,0),(90,0),(91,0),(92,0),(93,0),(94,0),(95,0),(96,0),(97,0),(98,0),(99,0),(100,0),(101,0),(102,0),(103,0),(104,0),(105,0),(107,0),(108,0),(109,0),(110,0),(112,0),(113,0),(114,0),(115,0),(116,0),(117,0),(118,0),(119,0),(120,0),(121,0),(122,0),(123,0),(124,0),(125,0),(126,0),(127,0),(128,0),(129,0),(130,0),(131,0),(132,0),(133,0),(135,0),(136,0),(137,0),(138,0),(139,0),(140,0),(141,0),(142,0),(143,0),(144,0),(145,0),(146,0),(147,0),(148,0),(150,0),(151,0),(152,0),(153,0),(154,0),(155,0),(156,0),(157,0),(158,0),(159,0),(160,0),(161,0),(162,0),(163,0),(164,0),(165,0),(166,0),(167,0),(168,0),(169,0),(170,0),(171,0);

--
-- Table structure for table `oc_country`
--

CREATE TABLE `oc_country` (
  `country_id` int(11) NOT NULL AUTO_INCREMENT,
  `name` varchar(128) NOT NULL,
  `iso_code_2` varchar(2) NOT NULL,
  `iso_code_3` varchar(3) NOT NULL,
  `address_format` text NOT NULL,
  `postcode_required` tinyint(1) NOT NULL,
  `status` tinyint(1) NOT NULL DEFAULT '1',
  PRIMARY KEY (`country_id`)
) ENGINE=MyISAM AUTO_INCREMENT=258 DEFAULT CHARSET=utf8;

--
-- Dumping data for table `oc_country`
--

INSERT INTO `oc_country` VALUES (1,'Afghanistan','AF','AFG','',0,1),(2,'Albania','AL','ALB','',0,1),(3,'Algeria','DZ','DZA','',0,1),(4,'American Samoa','AS','ASM','',0,1),(5,'Andorra','AD','AND','',0,1),(6,'Angola','AO','AGO','',0,1),(7,'Anguilla','AI','AIA','',0,1),(8,'Antarctica','AQ','ATA','',0,1),(9,'Antigua and Barbuda','AG','ATG','',0,1),(10,'Argentina','AR','ARG','',0,1),(11,'Armenia','AM','ARM','',0,1),(12,'Aruba','AW','ABW','',0,1),(13,'Australia','AU','AUS','',0,1),(14,'Austria','AT','AUT','',0,1),(15,'Azerbaijan','AZ','AZE','',0,1),(16,'Bahamas','BS','BHS','',0,1),(17,'Bahrain','BH','BHR','',0,1),(18,'Bangladesh','BD','BGD','',0,1),(19,'Barbados','BB','BRB','',0,1),(20,'Belarus','BY','BLR','',0,1),(21,'Belgium','BE','BEL','{firstname} {lastname}\r\n{company}\r\n{address_1}\r\n{address_2}\r\n{postcode} {city}\r\n{country}',0,1),(22,'Belize','BZ','BLZ','',0,1),(23,'Benin','BJ','BEN','',0,1),(24,'Bermuda','BM','BMU','',0,1),(25,'Bhutan','BT','BTN','',0,1),(26,'Bolivia','BO','BOL','',0,1),(27,'Bosnia and Herzegovina','BA','BIH','',0,1),(28,'Botswana','BW','BWA','',0,1),(29,'Bouvet Island','BV','BVT','',0,1),(30,'Brazil','BR','BRA','',0,1),(31,'British Indian Ocean Territory','IO','IOT','',0,1),(32,'Brunei Darussalam','BN','BRN','',0,1),(33,'Bulgaria','BG','BGR','',0,1),(34,'Burkina Faso','BF','BFA','',0,1),(35,'Burundi','BI','BDI','',0,1),(36,'Cambodia','KH','KHM','',0,1),(37,'Cameroon','CM','CMR','',0,1),(38,'Canada','CA','CAN','',0,1),(39,'Cape Verde','CV','CPV','',0,1),(40,'Cayman Islands','KY','CYM','',0,1),(41,'Central African Republic','CF','CAF','',0,1),(42,'Chad','TD','TCD','',0,1),(43,'Chile','CL','CHL','',0,1),(44,'China','CN','CHN','',0,1),(45,'Christmas Island','CX','CXR','',0,1),(46,'Cocos (Keeling) Islands','CC','CCK','',0,1),(47,'Colombia','CO','COL','',0,1),(48,'Comoros','KM','COM','',0,1),(49,'Congo','CG','COG','',0,1),(50,'Cook Islands','CK','COK','',0,1),(51,'Costa Rica','CR','CRI','',0,1),(52,'Cote D\'Ivoire','CI','CIV','',0,1),(53,'Croatia','HR','HRV','',0,1),(54,'Cuba','CU','CUB','',0,1),(55,'Cyprus','CY','CYP','',0,1),(56,'Czech Republic','CZ','CZE','',0,1),(57,'Denmark','DK','DNK','',0,1),(58,'Djibouti','DJ','DJI','',0,1),(59,'Dominica','DM','DMA','',0,1),(60,'Dominican Republic','DO','DOM','',0,1),(61,'East Timor','TL','TLS','',0,1),(62,'Ecuador','EC','ECU','',0,1),(63,'Egypt','EG','EGY','',0,1),(64,'El Salvador','SV','SLV','',0,1),(65,'Equatorial Guinea','GQ','GNQ','',0,1),(66,'Eritrea','ER','ERI','',0,1),(67,'Estonia','EE','EST','',0,1),(68,'Ethiopia','ET','ETH','',0,1),(69,'Falkland Islands (Malvinas)','FK','FLK','',0,1),(70,'Faroe Islands','FO','FRO','',0,1),(71,'Fiji','FJ','FJI','',0,1),(72,'Finland','FI','FIN','',0,1),(74,'France, Metropolitan','FR','FRA','{firstname} {lastname}\r\n{company}\r\n{address_1}\r\n{address_2}\r\n{postcode} {city}\r\n{country}',1,1),(75,'French Guiana','GF','GUF','',0,1),(76,'French Polynesia','PF','PYF','',0,1),(77,'French Southern Territories','TF','ATF','',0,1),(78,'Gabon','GA','GAB','',0,1),(79,'Gambia','GM','GMB','',0,1),(80,'Georgia','GE','GEO','',0,1),(81,'Germany','DE','DEU','{company}\r\n{firstname} {lastname}\r\n{address_1}\r\n{address_2}\r\n{postcode} {city}\r\n{country}',1,1),(82,'Ghana','GH','GHA','',0,1),(83,'Gibraltar','GI','GIB','',0,1),(84,'Greece','GR','GRC','',0,1),(85,'Greenland','GL','GRL','',0,1),(86,'Grenada','GD','GRD','',0,1),(87,'Guadeloupe','GP','GLP','',0,1),(88,'Guam','GU','GUM','',0,1),(89,'Guatemala','GT','GTM','',0,1),(90,'Guinea','GN','GIN','',0,1),(91,'Guinea-Bissau','GW','GNB','',0,1),(92,'Guyana','GY','GUY','',0,1),(93,'Haiti','HT','HTI','',0,1),(94,'Heard and Mc Donald Islands','HM','HMD','',0,1),(95,'Honduras','HN','HND','',0,1),(96,'Hong Kong','HK','HKG','',0,1),(97,'Hungary','HU','HUN','',0,1),(98,'Iceland','IS','ISL','',0,1),(99,'India','IN','IND','',0,1),(100,'Indonesia','ID','IDN','',0,1),(101,'Iran (Islamic Republic of)','IR','IRN','',0,1),(102,'Iraq','IQ','IRQ','',0,1),(103,'Ireland','IE','IRL','',0,1),(104,'Israel','IL','ISR','',0,1),(105,'Italy','IT','ITA','',0,1),(106,'Jamaica','JM','JAM','',0,1),(107,'Japan','JP','JPN','',0,1),(108,'Jordan','JO','JOR','',0,1),(109,'Kazakhstan','KZ','KAZ','',0,1),(110,'Kenya','KE','KEN','',0,1),(111,'Kiribati','KI','KIR','',0,1),(112,'North Korea','KP','PRK','',0,1),(113,'South Korea','KR','KOR','',0,1),(114,'Kuwait','KW','KWT','',0,1),(115,'Kyrgyzstan','KG','KGZ','',0,1),(116,'Lao People\'s Democratic Republic','LA','LAO','',0,1),(117,'Latvia','LV','LVA','',0,1),(118,'Lebanon','LB','LBN','',0,1),(119,'Lesotho','LS','LSO','',0,1),(120,'Liberia','LR','LBR','',0,1),(121,'Libyan Arab Jamahiriya','LY','LBY','',0,1),(122,'Liechtenstein','LI','LIE','',0,1),(123,'Lithuania','LT','LTU','',0,1),(124,'Luxembourg','LU','LUX','',0,1),(125,'Macau','MO','MAC','',0,1),(126,'FYROM','MK','MKD','',0,1),(127,'Madagascar','MG','MDG','',0,1),(128,'Malawi','MW','MWI','',0,1),(129,'Malaysia','MY','MYS','',0,1),(130,'Maldives','MV','MDV','',0,1),(131,'Mali','ML','MLI','',0,1),(132,'Malta','MT','MLT','',0,1),(133,'Marshall Islands','MH','MHL','',0,1),(134,'Martinique','MQ','MTQ','',0,1),(135,'Mauritania','MR','MRT','',0,1),(136,'Mauritius','MU','MUS','',0,1),(137,'Mayotte','YT','MYT','',0,1),(138,'Mexico','MX','MEX','',0,1),(139,'Micronesia, Federated States of','FM','FSM','',0,1),(140,'Moldova, Republic of','MD','MDA','',0,1),(141,'Monaco','MC','MCO','',0,1),(142,'Mongolia','MN','MNG','',0,1),(143,'Montserrat','MS','MSR','',0,1),(144,'Morocco','MA','MAR','',0,1),(145,'Mozambique','MZ','MOZ','',0,1),(146,'Myanmar','MM','MMR','',0,1),(147,'Namibia','NA','NAM','',0,1),(148,'Nauru','NR','NRU','',0,1),(149,'Nepal','NP','NPL','',0,1),(150,'Netherlands','NL','NLD','',0,1),(151,'Netherlands Antilles','AN','ANT','',0,1),(152,'New Caledonia','NC','NCL','',0,1),(153,'New Zealand','NZ','NZL','',0,1),(154,'Nicaragua','NI','NIC','',0,1),(155,'Niger','NE','NER','',0,1),(156,'Nigeria','NG','NGA','',0,1),(157,'Niue','NU','NIU','',0,1),(158,'Norfolk Island','NF','NFK','',0,1),(159,'Northern Mariana Islands','MP','MNP','',0,1),(160,'Norway','NO','NOR','',0,1),(161,'Oman','OM','OMN','',0,1),(162,'Pakistan','PK','PAK','',0,1),(163,'Palau','PW','PLW','',0,1),(164,'Panama','PA','PAN','',0,1),(165,'Papua New Guinea','PG','PNG','',0,1),(166,'Paraguay','PY','PRY','',0,1),(167,'Peru','PE','PER','',0,1),(168,'Philippines','PH','PHL','',0,1),(169,'Pitcairn','PN','PCN','',0,1),(170,'Poland','PL','POL','',0,1),(171,'Portugal','PT','PRT','',0,1),(172,'Puerto Rico','PR','PRI','',0,1),(173,'Qatar','QA','QAT','',0,1),(174,'Reunion','RE','REU','',0,1),(175,'Romania','RO','ROM','',0,1),(176,'Russian Federation','RU','RUS','',0,1),(177,'Rwanda','RW','RWA','',0,1),(178,'Saint Kitts and Nevis','KN','KNA','',0,1),(179,'Saint Lucia','LC','LCA','',0,1),(180,'Saint Vincent and the Grenadines','VC','VCT','',0,1),(181,'Samoa','WS','WSM','',0,1),(182,'San Marino','SM','SMR','',0,1),(183,'Sao Tome and Principe','ST','STP','',0,1),(184,'Saudi Arabia','SA','SAU','',0,1),(185,'Senegal','SN','SEN','',0,1),(186,'Seychelles','SC','SYC','',0,1),(187,'Sierra Leone','SL','SLE','',0,1),(188,'Singapore','SG','SGP','',0,1),(189,'Slovak Republic','SK','SVK','{firstname} {lastname}\r\n{company}\r\n{address_1}\r\n{address_2}\r\n{city} {postcode}\r\n{zone}\r\n{country}',0,1),(190,'Slovenia','SI','SVN','',0,1),(191,'Solomon Islands','SB','SLB','',0,1),(192,'Somalia','SO','SOM','',0,1),(193,'South Africa','ZA','ZAF','',0,1),(194,'South Georgia &amp; South Sandwich Islands','GS','SGS','',0,1),(195,'Spain','ES','ESP','',0,1),(196,'Sri Lanka','LK','LKA','',0,1),(197,'St. Helena','SH','SHN','',0,1),(198,'St. Pierre and Miquelon','PM','SPM','',0,1),(199,'Sudan','SD','SDN','',0,1),(200,'Suriname','SR','SUR','',0,1),(201,'Svalbard and Jan Mayen Islands','SJ','SJM','',0,1),(202,'Swaziland','SZ','SWZ','',0,1),(203,'Sweden','SE','SWE','{company}\r\n{firstname} {lastname}\r\n{address_1}\r\n{address_2}\r\n{postcode} {city}\r\n{country}',1,1),(204,'Switzerland','CH','CHE','',0,1),(205,'Syrian Arab Republic','SY','SYR','',0,1),(206,'Taiwan','TW','TWN','',0,1),(207,'Tajikistan','TJ','TJK','',0,1),(208,'Tanzania, United Republic of','TZ','TZA','',0,1),(209,'Thailand','TH','THA','',0,1),(210,'Togo','TG','TGO','',0,1),(211,'Tokelau','TK','TKL','',0,1),(212,'Tonga','TO','TON','',0,1),(213,'Trinidad and Tobago','TT','TTO','',0,1),(214,'Tunisia','TN','TUN','',0,1),(215,'Turkey','TR','TUR','',0,1),(216,'Turkmenistan','TM','TKM','',0,1),(217,'Turks and Caicos Islands','TC','TCA','',0,1),(218,'Tuvalu','TV','TUV','',0,1),(219,'Uganda','UG','UGA','',0,1),(220,'Ukraine','UA','UKR','',0,1),(221,'United Arab Emirates','AE','ARE','',0,1),(222,'United Kingdom','GB','GBR','',1,1),(223,'United States','US','USA','{firstname} {lastname}\r\n{company}\r\n{address_1}\r\n{address_2}\r\n{city}, {zone} {postcode}\r\n{country}',0,1),(224,'United States Minor Outlying Islands','UM','UMI','',0,1),(225,'Uruguay','UY','URY','',0,1),(226,'Uzbekistan','UZ','UZB','',0,1),(227,'Vanuatu','VU','VUT','',0,1),(228,'Vatican City State (Holy See)','VA','VAT','',0,1),(229,'Venezuela','VE','VEN','',0,1),(230,'Viet Nam','VN','VNM','',0,1),(231,'Virgin Islands (British)','VG','VGB','',0,1),(232,'Virgin Islands (U.S.)','VI','VIR','',0,1),(233,'Wallis and Futuna Islands','WF','WLF','',0,1),(234,'Western Sahara','EH','ESH','',0,1),(235,'Yemen','YE','YEM','',0,1),(237,'Democratic Republic of Congo','CD','COD','',0,1),(238,'Zambia','ZM','ZMB','',0,1),(239,'Zimbabwe','ZW','ZWE','',0,1),(242,'Montenegro','ME','MNE','',0,1),(243,'Serbia','RS','SRB','',0,1),(244,'Aaland Islands','AX','ALA','',0,1),(245,'Bonaire, Sint Eustatius and Saba','BQ','BES','',0,1),(246,'Curacao','CW','CUW','',0,1),(247,'Palestinian Territory, Occupied','PS','PSE','',0,1),(248,'South Sudan','SS','SSD','',0,1),(249,'St. Barthelemy','BL','BLM','',0,1),(250,'St. Martin (French part)','MF','MAF','',0,1),(251,'Canary Islands','IC','ICA','',0,1),(252,'Ascension Island (British)','AC','ASC','',0,1),(253,'Kosovo, Republic of','XK','UNK','',0,1),(254,'Isle of Man','IM','IMN','',0,1),(255,'Tristan da Cunha','TA','SHN','',0,1),(256,'Guernsey','GG','GGY','',0,1),(257,'Jersey','JE','JEY','',0,1);

--
-- Table structure for table `oc_coupon`
--

CREATE TABLE `oc_coupon` (
  `coupon_id` int(11) NOT NULL AUTO_INCREMENT,
  `name` varchar(128) NOT NULL,
  `code` varchar(10) NOT NULL,
  `type` char(1) NOT NULL,
  `discount` decimal(15,4) NOT NULL,
  `logged` tinyint(1) NOT NULL,
  `shipping` tinyint(1) NOT NULL,
  `total` decimal(15,4) NOT NULL,
  `date_start` date NOT NULL DEFAULT '0000-00-00',
  `date_end` date NOT NULL DEFAULT '0000-00-00',
  `uses_total` int(11) NOT NULL,
  `uses_customer` varchar(11) NOT NULL,
  `status` tinyint(1) NOT NULL,
  `date_added` datetime NOT NULL,
  PRIMARY KEY (`coupon_id`)
) ENGINE=MyISAM AUTO_INCREMENT=7 DEFAULT CHARSET=utf8;

--
-- Dumping data for table `oc_coupon`
--

INSERT INTO `oc_coupon` VALUES (4,'50% OFF!','500','P',50.0000,0,0,0.0000,'2016-05-20','2016-08-31',1,'10',0,'2009-01-27 13:55:03'),(5,'Free Shipping','3333','P',0.0000,0,1,100.0000,'2014-01-01','2014-02-01',10,'10',0,'2009-03-14 21:13:53'),(6,'-10.00 Discount','1111','F',10.0000,0,0,10.0000,'2014-01-01','2020-01-01',100000,'10000',0,'2009-03-14 21:15:18');

--
-- Table structure for table `oc_coupon_category`
--

CREATE TABLE `oc_coupon_category` (
  `coupon_id` int(11) NOT NULL,
  `category_id` int(11) NOT NULL,
  PRIMARY KEY (`coupon_id`,`category_id`)
) ENGINE=MyISAM DEFAULT CHARSET=utf8;

--
-- Dumping data for table `oc_coupon_category`
--


--
-- Table structure for table `oc_coupon_history`
--

CREATE TABLE `oc_coupon_history` (
  `coupon_history_id` int(11) NOT NULL AUTO_INCREMENT,
  `coupon_id` int(11) NOT NULL,
  `order_id` int(11) NOT NULL,
  `customer_id` int(11) NOT NULL,
  `amount` decimal(15,4) NOT NULL,
  `date_added` datetime NOT NULL,
  PRIMARY KEY (`coupon_history_id`)
) ENGINE=MyISAM DEFAULT CHARSET=utf8;

--
-- Dumping data for table `oc_coupon_history`
--


--
-- Table structure for table `oc_coupon_product`
--

CREATE TABLE `oc_coupon_product` (
  `coupon_product_id` int(11) NOT NULL AUTO_INCREMENT,
  `coupon_id` int(11) NOT NULL,
  `product_id` int(11) NOT NULL,
  PRIMARY KEY (`coupon_product_id`)
) ENGINE=MyISAM AUTO_INCREMENT=7 DEFAULT CHARSET=utf8;

--
-- Dumping data for table `oc_coupon_product`
--

INSERT INTO `oc_coupon_product` VALUES (1,4,50),(2,4,53),(3,4,52),(4,4,51),(5,4,54),(6,4,55);

--
-- Table structure for table `oc_currency`
--

CREATE TABLE `oc_currency` (
  `currency_id` int(11) NOT NULL AUTO_INCREMENT,
  `title` varchar(32) NOT NULL,
  `code` varchar(3) NOT NULL,
  `symbol_left` varchar(12) NOT NULL,
  `symbol_right` varchar(12) NOT NULL,
  `decimal_place` char(1) NOT NULL,
  `value` float(15,8) NOT NULL,
  `status` tinyint(1) NOT NULL,
  `date_modified` datetime NOT NULL,
  PRIMARY KEY (`currency_id`)
) ENGINE=MyISAM AUTO_INCREMENT=5 DEFAULT CHARSET=utf8;

--
-- Dumping data for table `oc_currency`
--

INSERT INTO `oc_currency` VALUES (1,'Pound Sterling','GBP','£','','2',0.65160000,0,'2015-10-30 10:58:51'),(2,'US Dollar','USD','$','','2',1.00000000,0,'2015-10-30 10:59:07'),(3,'Euro','EUR','','€','2',0.90619999,0,'2015-10-30 10:58:35'),(4,'Canadian Dollar','CAD','CAD$','','2',1.00000000,1,'2015-11-04 16:44:11');

--
-- Table structure for table `oc_custom_field`
--

CREATE TABLE `oc_custom_field` (
  `custom_field_id` int(11) NOT NULL AUTO_INCREMENT,
  `type` varchar(32) NOT NULL,
  `value` text NOT NULL,
  `location` varchar(7) NOT NULL,
  `status` tinyint(1) NOT NULL,
  `sort_order` int(3) NOT NULL,
  PRIMARY KEY (`custom_field_id`)
) ENGINE=MyISAM DEFAULT CHARSET=utf8;

--
-- Dumping data for table `oc_custom_field`
--


--
-- Table structure for table `oc_custom_field_customer_group`
--

CREATE TABLE `oc_custom_field_customer_group` (
  `custom_field_id` int(11) NOT NULL,
  `customer_group_id` int(11) NOT NULL,
  `required` tinyint(1) NOT NULL,
  PRIMARY KEY (`custom_field_id`,`customer_group_id`)
) ENGINE=MyISAM DEFAULT CHARSET=utf8;

--
-- Dumping data for table `oc_custom_field_customer_group`
--


--
-- Table structure for table `oc_custom_field_description`
--

CREATE TABLE `oc_custom_field_description` (
  `custom_field_id` int(11) NOT NULL,
  `language_id` int(11) NOT NULL,
  `name` varchar(128) NOT NULL,
  PRIMARY KEY (`custom_field_id`,`language_id`)
) ENGINE=MyISAM DEFAULT CHARSET=utf8;

--
-- Dumping data for table `oc_custom_field_description`
--


--
-- Table structure for table `oc_custom_field_value`
--

CREATE TABLE `oc_custom_field_value` (
  `custom_field_value_id` int(11) NOT NULL AUTO_INCREMENT,
  `custom_field_id` int(11) NOT NULL,
  `sort_order` int(3) NOT NULL,
  PRIMARY KEY (`custom_field_value_id`)
) ENGINE=MyISAM DEFAULT CHARSET=utf8;

--
-- Dumping data for table `oc_custom_field_value`
--


--
-- Table structure for table `oc_custom_field_value_description`
--

CREATE TABLE `oc_custom_field_value_description` (
  `custom_field_value_id` int(11) NOT NULL,
  `language_id` int(11) NOT NULL,
  `custom_field_id` int(11) NOT NULL,
  `name` varchar(128) NOT NULL,
  PRIMARY KEY (`custom_field_value_id`,`language_id`)
) ENGINE=MyISAM DEFAULT CHARSET=utf8;

--
-- Dumping data for table `oc_custom_field_value_description`
--


--
-- Table structure for table `oc_customer_group`
--

CREATE TABLE `oc_customer_group` (
  `customer_group_id` int(11) NOT NULL AUTO_INCREMENT,
  `approval` int(1) NOT NULL,
  `sort_order` int(3) NOT NULL,
  PRIMARY KEY (`customer_group_id`)
) ENGINE=MyISAM AUTO_INCREMENT=2 DEFAULT CHARSET=utf8;

--
-- Dumping data for table `oc_customer_group`
--

INSERT INTO `oc_customer_group` VALUES (1,0,1);

--
-- Table structure for table `oc_customer_group_description`
--

CREATE TABLE `oc_customer_group_description` (
  `customer_group_id` int(11) NOT NULL,
  `language_id` int(11) NOT NULL,
  `name` varchar(32) NOT NULL,
  `description` text NOT NULL,
  PRIMARY KEY (`customer_group_id`,`language_id`)
) ENGINE=MyISAM DEFAULT CHARSET=utf8;

--
-- Dumping data for table `oc_customer_group_description`
--

INSERT INTO `oc_customer_group_description` VALUES (1,1,'Default','test');

--
-- Table structure for table `oc_customer_history`
--

CREATE TABLE `oc_customer_history` (
  `customer_history_id` int(11) NOT NULL AUTO_INCREMENT,
  `customer_id` int(11) NOT NULL,
  `comment` text NOT NULL,
  `date_added` datetime NOT NULL,
  PRIMARY KEY (`customer_history_id`)
) ENGINE=MyISAM DEFAULT CHARSET=utf8;

--
-- Dumping data for table `oc_customer_history`
--


--
-- Table structure for table `oc_customer_ip`
--

CREATE TABLE `oc_customer_ip` (
  `customer_ip_id` int(11) NOT NULL AUTO_INCREMENT,
  `customer_id` int(11) NOT NULL,
  `ip` varchar(40) NOT NULL,
  `date_added` datetime NOT NULL,
  PRIMARY KEY (`customer_ip_id`),
  KEY `ip` (`ip`)
) ENGINE=MyISAM AUTO_INCREMENT=2 DEFAULT CHARSET=utf8;

--
-- Dumping data for table `oc_customer_ip`
--

INSERT INTO `oc_customer_ip` VALUES (1,1,'216.165.193.237','2016-01-31 07:42:11');

--
-- Table structure for table `oc_customer_login`
--

CREATE TABLE `oc_customer_login` (
  `customer_login_id` int(11) NOT NULL AUTO_INCREMENT,
  `email` varchar(96) NOT NULL,
  `ip` varchar(40) NOT NULL,
  `total` int(4) NOT NULL,
  `date_added` datetime NOT NULL,
  `date_modified` datetime NOT NULL,
  PRIMARY KEY (`customer_login_id`),
  KEY `email` (`email`),
  KEY `ip` (`ip`)
) ENGINE=MyISAM AUTO_INCREMENT=10 DEFAULT CHARSET=utf8;

--
-- Dumping data for table `oc_customer_login`
--

INSERT INTO `oc_customer_login` VALUES (2,'forumm@fastshipcialis.com','31.184.238.103',1,'2016-03-15 08:15:41','2016-03-15 08:15:41'),(3,'tara.thomas@yandex.com','87.117.189.197',1,'2016-05-06 19:04:35','2016-05-06 19:04:35'),(4,'brianfoern@mail.ru','178.137.19.173',1,'2016-10-02 00:57:36','2016-10-02 00:57:36'),(5,'ramonrurne@mail.ru','37.115.185.215',1,'2016-10-02 12:07:11','2016-10-02 12:07:11'),(6,'charleslof@mail.ru','46.119.113.132',1,'2016-10-06 10:26:17','2016-10-06 10:26:17'),(7,'morganoxype@mail.ru','46.119.120.222',1,'2016-10-10 13:20:17','2016-10-10 13:20:17'),(8,'jinhao','70.24.164.48',1,'2016-10-27 18:59:45','2016-10-27 18:59:45'),(9,'jinhao','70.24.164.73',1,'2016-11-17 20:25:36','2016-11-17 20:25:36');

--
-- Table structure for table `oc_customer_online`
--

CREATE TABLE `oc_customer_online` (
  `ip` varchar(40) NOT NULL,
  `customer_id` int(11) NOT NULL,
  `url` text NOT NULL,
  `referer` text NOT NULL,
  `date_added` datetime NOT NULL,
  PRIMARY KEY (`ip`)
) ENGINE=MyISAM DEFAULT CHARSET=utf8;

--
-- Dumping data for table `oc_customer_online`
--

INSERT INTO `oc_customer_online` VALUES ('220.181.108.187',0,'http://innovocean.ca/','','2017-11-13 20:02:06');

--
-- Table structure for table `oc_customer_reward`
--

CREATE TABLE `oc_customer_reward` (
  `customer_reward_id` int(11) NOT NULL AUTO_INCREMENT,
  `customer_id` int(11) NOT NULL DEFAULT '0',
  `order_id` int(11) NOT NULL DEFAULT '0',
  `description` text NOT NULL,
  `points` int(8) NOT NULL DEFAULT '0',
  `date_added` datetime NOT NULL,
  PRIMARY KEY (`customer_reward_id`)
) ENGINE=MyISAM DEFAULT CHARSET=utf8;

--
-- Dumping data for table `oc_customer_reward`
--


--
-- Table structure for table `oc_customer_transaction`
--

CREATE TABLE `oc_customer_transaction` (
  `customer_transaction_id` int(11) NOT NULL AUTO_INCREMENT,
  `customer_id` int(11) NOT NULL,
  `order_id` int(11) NOT NULL,
  `description` text NOT NULL,
  `amount` decimal(15,4) NOT NULL,
  `date_added` datetime NOT NULL,
  PRIMARY KEY (`customer_transaction_id`)
) ENGINE=MyISAM DEFAULT CHARSET=utf8;

--
-- Dumping data for table `oc_customer_transaction`
--


--
-- Table structure for table `oc_customer_wishlist`
--

CREATE TABLE `oc_customer_wishlist` (
  `customer_id` int(11) NOT NULL,
  `product_id` int(11) NOT NULL,
  `date_added` datetime NOT NULL,
  PRIMARY KEY (`customer_id`,`product_id`)
) ENGINE=MyISAM DEFAULT CHARSET=utf8;

--
-- Dumping data for table `oc_customer_wishlist`
--


--
-- Table structure for table `oc_download`
--

CREATE TABLE `oc_download` (
  `download_id` int(11) NOT NULL AUTO_INCREMENT,
  `filename` varchar(128) NOT NULL,
  `mask` varchar(128) NOT NULL,
  `date_added` datetime NOT NULL,
  PRIMARY KEY (`download_id`)
) ENGINE=MyISAM AUTO_INCREMENT=2 DEFAULT CHARSET=utf8;

--
-- Dumping data for table `oc_download`
--

INSERT INTO `oc_download` VALUES (1,' BS EN 1891-1998(1).PDF.pH7PHIC8cbGIurgL5IUzKmMTdJgeH5bI',' BS EN 1891-1998.PDF','2017-08-26 13:23:28');

--
-- Table structure for table `oc_download_description`
--

CREATE TABLE `oc_download_description` (
  `download_id` int(11) NOT NULL,
  `language_id` int(11) NOT NULL,
  `name` varchar(64) NOT NULL,
  PRIMARY KEY (`download_id`,`language_id`)
) ENGINE=MyISAM DEFAULT CHARSET=utf8;

--
-- Dumping data for table `oc_download_description`
--

INSERT INTO `oc_download_description` VALUES (1,1,'BS EN 1891:1998 Standard');

--
-- Table structure for table `oc_event`
--

CREATE TABLE `oc_event` (
  `event_id` int(11) NOT NULL AUTO_INCREMENT,
  `code` varchar(32) NOT NULL,
  `trigger` text NOT NULL,
  `action` text NOT NULL,
  PRIMARY KEY (`event_id`)
) ENGINE=MyISAM AUTO_INCREMENT=4 DEFAULT CHARSET=utf8;

--
-- Dumping data for table `oc_event`
--

INSERT INTO `oc_event` VALUES (1,'voucher','post.order.history.add','total/voucher/send'),(2,'amazon_edit_capture','post.order.edit','payment/amazon_login_pay/capture'),(3,'amazon_history_capture','post.order.history.add','payment/amazon_login_pay/capture');

--
-- Table structure for table `oc_extension`
--

CREATE TABLE `oc_extension` (
  `extension_id` int(11) NOT NULL AUTO_INCREMENT,
  `type` varchar(32) NOT NULL,
  `code` varchar(32) NOT NULL,
  PRIMARY KEY (`extension_id`)
) ENGINE=MyISAM AUTO_INCREMENT=30 DEFAULT CHARSET=utf8;

--
-- Dumping data for table `oc_extension`
--

INSERT INTO `oc_extension` VALUES (1,'payment','cod'),(2,'total','shipping'),(3,'total','sub_total'),(4,'total','tax'),(5,'total','total'),(22,'module','filter'),(7,'module','carousel'),(8,'total','credit'),(9,'shipping','flat'),(10,'total','handling'),(11,'total','low_order_fee'),(12,'total','coupon'),(13,'module','category'),(14,'module','account'),(15,'total','reward'),(16,'total','voucher'),(17,'payment','free_checkout'),(18,'module','featured'),(19,'module','slideshow'),(20,'module','journal2'),(21,'module','special'),(23,'payment','pp_standard'),(24,'payment','pp_express'),(25,'payment','amazon_login_pay'),(26,'shipping','pickup'),(27,'shipping','free'),(28,'shipping','fedex'),(29,'shipping','ups');

--
-- Table structure for table `oc_filter`
--

CREATE TABLE `oc_filter` (
  `filter_id` int(11) NOT NULL AUTO_INCREMENT,
  `filter_group_id` int(11) NOT NULL,
  `sort_order` int(3) NOT NULL,
  PRIMARY KEY (`filter_id`)
) ENGINE=MyISAM DEFAULT CHARSET=utf8;

--
-- Dumping data for table `oc_filter`
--


--
-- Table structure for table `oc_filter_description`
--

CREATE TABLE `oc_filter_description` (
  `filter_id` int(11) NOT NULL,
  `language_id` int(11) NOT NULL,
  `filter_group_id` int(11) NOT NULL,
  `name` varchar(64) NOT NULL,
  PRIMARY KEY (`filter_id`,`language_id`)
) ENGINE=MyISAM DEFAULT CHARSET=utf8;

--
-- Dumping data for table `oc_filter_description`
--


--
-- Table structure for table `oc_filter_group`
--

CREATE TABLE `oc_filter_group` (
  `filter_group_id` int(11) NOT NULL AUTO_INCREMENT,
  `sort_order` int(3) NOT NULL,
  PRIMARY KEY (`filter_group_id`)
) ENGINE=MyISAM AUTO_INCREMENT=2 DEFAULT CHARSET=utf8;

--
-- Dumping data for table `oc_filter_group`
--


--
-- Table structure for table `oc_filter_group_description`
--

CREATE TABLE `oc_filter_group_description` (
  `filter_group_id` int(11) NOT NULL,
  `language_id` int(11) NOT NULL,
  `name` varchar(64) NOT NULL,
  PRIMARY KEY (`filter_group_id`,`language_id`)
) ENGINE=MyISAM DEFAULT CHARSET=utf8;

--
-- Dumping data for table `oc_filter_group_description`
--


--
-- Table structure for table `oc_geo_zone`
--

CREATE TABLE `oc_geo_zone` (
  `geo_zone_id` int(11) NOT NULL AUTO_INCREMENT,
  `name` varchar(32) NOT NULL,
  `description` varchar(255) NOT NULL,
  `date_modified` datetime NOT NULL,
  `date_added` datetime NOT NULL,
  PRIMARY KEY (`geo_zone_id`)
) ENGINE=MyISAM AUTO_INCREMENT=5 DEFAULT CHARSET=utf8;

--
-- Dumping data for table `oc_geo_zone`
--

INSERT INTO `oc_geo_zone` VALUES (3,'UK VAT Zone','UK VAT','2010-02-26 22:33:24','2009-01-06 23:26:25'),(4,'UK Shipping','UK Shipping Zones','2010-12-15 15:18:13','2009-06-23 01:14:53');

--
-- Table structure for table `oc_information`
--

CREATE TABLE `oc_information` (
  `information_id` int(11) NOT NULL AUTO_INCREMENT,
  `bottom` int(1) NOT NULL DEFAULT '0',
  `sort_order` int(3) NOT NULL DEFAULT '0',
  `status` tinyint(1) NOT NULL DEFAULT '1',
  PRIMARY KEY (`information_id`)
) ENGINE=MyISAM AUTO_INCREMENT=15 DEFAULT CHARSET=utf8;

--
-- Dumping data for table `oc_information`
--

INSERT INTO `oc_information` VALUES (3,1,3,1),(4,1,1,1),(5,1,4,1),(11,0,0,1),(7,1,5,0),(12,0,0,1),(10,0,0,1),(13,0,0,1),(14,0,0,1);

--
-- Table structure for table `oc_information_description`
--

CREATE TABLE `oc_information_description` (
  `information_id` int(11) NOT NULL,
  `language_id` int(11) NOT NULL,
  `title` varchar(64) NOT NULL,
  `description` text NOT NULL,
  `meta_title` varchar(255) NOT NULL,
  `meta_description` varchar(255) NOT NULL,
  `meta_keyword` varchar(255) NOT NULL,
  PRIMARY KEY (`information_id`,`language_id`)
) ENGINE=MyISAM DEFAULT CHARSET=utf8;

--
-- Dumping data for table `oc_information_description`
--

INSERT INTO `oc_information_description` VALUES (3,1,'Privacy Policy','&lt;p&gt;\r\n	Privacy Policy&lt;/p&gt;\r\n','','',''),(7,1,'Return Policy','&lt;p class=&quot;MsoNormal&quot;&gt;Return any item for any reason within 14 days for a\r\nrefund.We offer money refund if you are not satisfied with your purchase in 14\r\ndays. Boat or other item must be returned in unused condition. Absolutely no\r\nreturns on used boats. Boat must be packed neatly in the box, as received. Boat\r\nmust be returned postage prepaid and insured.&lt;o:p&gt;&lt;/o:p&gt;&lt;/p&gt;&lt;p class=&quot;MsoNormal&quot;&gt;Please pack and seal your return securely using an insured\r\ncarrier service. Your shipment must be sent prepaid. &lt;o:p&gt;&lt;/o:p&gt;&lt;/p&gt;&lt;p class=&quot;MsoNormal&quot;&gt;&lt;o:p&gt;&amp;nbsp;&lt;/o:p&gt;&lt;/p&gt;&lt;p class=&quot;MsoNormal&quot;&gt;We do not accept C.O.D. deliveries.&lt;o:p&gt;&lt;/o:p&gt;&lt;/p&gt;&lt;p class=&quot;MsoNormal&quot;&gt;Send your package to: &lt;o:p&gt;&lt;/o:p&gt;&lt;/p&gt;&lt;p class=&quot;MsoNormal&quot;&gt;&lt;o:p&gt;&amp;nbsp;&lt;/o:p&gt;&lt;/p&gt;&lt;p&gt;\r\n\r\n\r\n\r\n\r\n\r\n\r\n\r\n\r\n\r\n\r\n\r\n&lt;/p&gt;&lt;p class=&quot;MsoNormal&quot;&gt;Tofun Marine Supply Returns Department&lt;/p&gt;&lt;p class=&quot;MsoNormal&quot;&gt;&lt;o:p&gt;91 Plains Road East UNIT C3&lt;/o:p&gt;&lt;/p&gt;&lt;p class=&quot;MsoNormal&quot;&gt;&lt;o:p&gt;Burlington ON, L7T 2C2&lt;/o:p&gt;&lt;/p&gt;&lt;p class=&quot;MsoNormal&quot;&gt;&lt;o:p&gt;&lt;br&gt;&lt;/o:p&gt;&lt;/p&gt;','return policy','',''),(4,1,'About Us','&lt;h1 style=&quot;-webkit-font-smoothing: antialiased; -webkit-tap-highlight-color: transparent; margin-bottom: 0px; padding: 0px; border: 0px; outline: 0px; line-height: normal;&quot;&gt;&lt;span lang=&quot;EN-CA&quot; style=&quot;-webkit-font-smoothing: antialiased; -webkit-tap-highlight-color: transparent; margin: 0px; padding: 0px; border: 0px; outline: 0px; font-family: &amp;quot;Times New Roman&amp;quot;; color: rgb(0, 0, 0);&quot;&gt;Beginning with a dream of marine life from a professor in the McMaster University, Innovocean Marine Inc. becomes a fast growing company in Oakville, Ontario, targeting to create new generations of recreational boats and personal watercraft. We have realized that over the years, although technologies burst rapidly in transportation and entertainment, the recreational boating did not change much. Therefore, Innovocean is born to change this situation by introducing new concepts, functionalities and materials into boats and personal watercraft. Our ultimate goal is to become the largest boat provider in the world and change people’s prospective on marine life.&lt;br&gt;&lt;/span&gt;&lt;/h1&gt;&lt;h1&gt;&lt;span lang=&quot;EN-CA&quot; style=&quot;-webkit-font-smoothing: antialiased; -webkit-tap-highlight-color: transparent; margin: 0px; padding: 0px; border: 0px; outline: 0px; font-family: &amp;quot;Times New Roman&amp;quot;; color: rgb(0, 0, 0);&quot;&gt;&lt;o:p style=&quot;-webkit-font-smoothing: antialiased; -webkit-tap-highlight-color: transparent;&quot;&gt;&amp;nbsp;&lt;br&gt;&lt;/o:p&gt;&lt;/span&gt;&lt;h1&gt;&lt;span lang=&quot;EN-CA&quot; style=&quot;-webkit-font-smoothing: antialiased; -webkit-tap-highlight-color: transparent; margin: 0px; padding: 0px; border: 0px; outline: 0px; font-family: &amp;quot;Times New Roman&amp;quot;; color: rgb(0, 0, 0);&quot;&gt;We offer the greatest respect to our customers. Our mission is to find every single difficulty that our customers are facing in their on-board life. Improve our products and services, thereby resolve the difficulty. Now we are holding multiple patents for inflatable boats and we will continuously develop our unique products.&lt;/span&gt;&lt;/h1&gt;&lt;/h1&gt;&lt;h1&gt;&lt;span style=&quot;font-family: &amp;quot;Times New Roman&amp;quot;; color: rgb(0, 0, 0);&quot;&gt;&lt;span lang=&quot;EN-CA&quot; style=&quot;-webkit-font-smoothing: antialiased; -webkit-tap-highlight-color: transparent; margin: 0px; padding: 0px; border: 0px; outline: 0px;&quot;&gt;&lt;br&gt;&lt;/span&gt;&lt;/span&gt;&lt;/h1&gt;&lt;h1&gt;&lt;span style=&quot;font-family: &amp;quot;Times New Roman&amp;quot;; color: rgb(0, 0, 0);&quot;&gt;&lt;span lang=&quot;EN-CA&quot; style=&quot;-webkit-font-smoothing: antialiased; -webkit-tap-highlight-color: transparent; margin: 0px; padding: 0px; border: 0px; outline: 0px;&quot;&gt;&lt;br&gt;&lt;/span&gt;&amp;nbsp;&lt;/span&gt;&lt;img src=&quot;http://innovocean.ca/image/Accessories/youting2.jpg&quot;&gt;&lt;/h1&gt;','About Innovocean Marine Inc.','',''),(5,1,'Terms &amp; Conditions','&lt;h3 style=&quot;margin-right: auto; margin-bottom: 15px; margin-left: 0px; padding: 0px; border: 0px; font-weight: lighter; font-stretch: inherit; font-size: 20px; line-height: 35px; font-family: Muli; color: rgb(62, 69, 82); text-rendering: optimizeLegibility; -webkit-font-smoothing: antialiased;&quot;&gt;General Terms &amp;amp; Conditions&lt;/h3&gt;&lt;p style=&quot;margin-bottom: 15px; padding: 0px; border: 0px; font-stretch: inherit; font-size: 15px; line-height: 27px; font-family: HelveticaNeue-Light, \'Helvetica Neue Light\', HelveticaNeue, \'Helvetica Neue\', Helvetica, Arial, sans-serif; color: rgb(82, 93, 99);&quot;&gt;Using this website: You are deemed to have read and agree to the following terms and conditions. Unless otherwise stated, the contents of this site including, but not limited to, the text and images contained herein and their arrangement are the property of Seamax. All trademarks used or referred to in this website are the property of their respective owners.The information provided on this site is free of charge and for informational purposes only and does not create a business or professional services relationship between you and Seamax.&lt;/p&gt;&lt;p style=&quot;margin-bottom: 15px; padding: 0px; border: 0px; font-stretch: inherit; font-size: 15px; line-height: 27px; font-family: HelveticaNeue-Light, \'Helvetica Neue Light\', HelveticaNeue, \'Helvetica Neue\', Helvetica, Arial, sans-serif; color: rgb(82, 93, 99);&quot;&gt;Price amount shown from the website can be&amp;nbsp;displayed in US Dollars or Canadian Dollars. All prices do not include the applicable taxes. Shipping and handling cost could be additional cost showing from shopping cart. Standard shipping insurance value is included from the price.&amp;nbsp;&lt;/p&gt;&lt;p style=&quot;margin-bottom: 15px; padding: 0px; border: 0px; font-stretch: inherit; font-size: 15px; line-height: 27px; font-family: HelveticaNeue-Light, \'Helvetica Neue Light\', HelveticaNeue, \'Helvetica Neue\', Helvetica, Arial, sans-serif; color: rgb(82, 93, 99);&quot;&gt;Any refund amount is based on the lesser of the current price of the item or the price for which it was purchased, more detail of return or refund, looking at our Return Policy.&lt;/p&gt;&lt;p style=&quot;margin-bottom: 15px; padding: 0px; border: 0px; font-stretch: inherit; font-size: 15px; line-height: 27px; font-family: HelveticaNeue-Light, \'Helvetica Neue Light\', HelveticaNeue, \'Helvetica Neue\', Helvetica, Arial, sans-serif; color: rgb(82, 93, 99);&quot;&gt;Shipping, Handling and Taxes: the buyer, are responsible for all applicable charges including but not limited to; shipping, handling, delivery, taxes and applicable tariffs associated with the purchase. All Shipping rate will be calculated by the shipping company with your distance from us. Sometimes we will issue a flat rate or free shipping of some items also.&lt;/p&gt;&lt;p style=&quot;margin-bottom: 15px; padding: 0px; border: 0px; font-stretch: inherit; font-size: 15px; line-height: 27px; font-family: HelveticaNeue-Light, \'Helvetica Neue Light\', HelveticaNeue, \'Helvetica Neue\', Helvetica, Arial, sans-serif; color: rgb(82, 93, 99);&quot;&gt;Our Shipment: We can usually ship these orders within 2&amp;nbsp;business days from the day we receive full payment. All payments other than PayPal instant payment and credit card must clear our bank first, before we can release the order for shipment. Please allow 5-10 business days for the payment to clear. As soon as we ship out your order, an automatic email is generated and sent to the email address provided in the order. You\'re also welcome to check in on your order status anytime by logging back into your account on our site and selecting order status page.&lt;/p&gt;&lt;p style=&quot;margin-bottom: 15px; padding: 0px; border: 0px; font-stretch: inherit; font-size: 15px; line-height: 27px; font-family: HelveticaNeue-Light, \'Helvetica Neue Light\', HelveticaNeue, \'Helvetica Neue\', Helvetica, Arial, sans-serif; color: rgb(82, 93, 99);&quot;&gt;Risks associated with shipping: When we ship the product, our liability for damage or breakage on the shipment will be limited to the coverage provided by the carrier’s terms and conditions. You would like to help our customers to purchase additional insurance coverage for the full value of the product when you order. The appropriate request should be made when you submit your order request.&lt;/p&gt;&lt;p style=&quot;margin-bottom: 15px; padding: 0px; border: 0px; font-stretch: inherit; font-size: 15px; line-height: 27px; font-family: HelveticaNeue-Light, \'Helvetica Neue Light\', HelveticaNeue, \'Helvetica Neue\', Helvetica, Arial, sans-serif; color: rgb(82, 93, 99);&quot;&gt;Limitation of Liability: The maximum liability to you on products purchased from Seamax shall be limited to the purchase price of the products you paid. We will not be liable for any property damage, personal injury, loss of use, interruption of business, loss of profits, or other consequential, indirect, incidental, punitive or special damages. This applies in all cases however caused, whether for breach of warranty, contract, tort (including negligence), strict liability or other reasons. Some of these limitations may not apply in some jurisdictions and those damages limitations not allowed under by exclusion or restriction under law may not apply to you.&lt;/p&gt;&lt;p style=&quot;margin-bottom: 15px; padding: 0px; border: 0px; font-stretch: inherit; font-size: 15px; line-height: 27px; font-family: HelveticaNeue-Light, \'Helvetica Neue Light\', HelveticaNeue, \'Helvetica Neue\', Helvetica, Arial, sans-serif; color: rgb(82, 93, 99);&quot;&gt;Linking and Framing of this website: Links to this website without the expressed permission of Seamax are strictly prohibited. We reserve the right to cancel or revoke any permission given to link to our site at any time for any reason, without any notice without liability to you or any other person. Framing of this website or any of its content in any form or by any method is strictly prohibited.&lt;/p&gt;&lt;p style=&quot;margin-bottom: 15px; padding: 0px; border: 0px; font-stretch: inherit; font-size: 15px; line-height: 27px; font-family: HelveticaNeue-Light, \'Helvetica Neue Light\', HelveticaNeue, \'Helvetica Neue\', Helvetica, Arial, sans-serif; color: rgb(82, 93, 99);&quot;&gt;Third Party Sites: Our website may include links to other sites on the Internet that are owned and operated by online merchants and other third parties. You acknowledge that we are not responsible for the availability of, or the content located on or through, any third-party site. You should contact the service or support for those third-party sites if you have any concerns. Your use of those third-party sites is subject to the terms of use and privacy policies of each site, and we are not responsible therein. We encourage all customers to review said privacy policies of third-parties\' sites.&lt;/p&gt;&lt;p style=&quot;margin-bottom: 15px; padding: 0px; border: 0px; font-stretch: inherit; font-size: 15px; line-height: 27px; font-family: HelveticaNeue-Light, \'Helvetica Neue Light\', HelveticaNeue, \'Helvetica Neue\', Helvetica, Arial, sans-serif; color: rgb(82, 93, 99);&quot;&gt;Compliance with Laws: Customers may not use the Service in any way that violates applicable state, federal, or international laws, regulations or other government requirements. You further agree not to transmit any material that encourages conduct that could constitute a criminal offense, give rise to civil liability or otherwise violate any applicable local, state, national, or international law or regulation.&lt;/p&gt;&lt;p style=&quot;margin-bottom: 15px; padding: 0px; border: 0px; font-stretch: inherit; font-size: 15px; line-height: 27px; font-family: HelveticaNeue-Light, \'Helvetica Neue Light\', HelveticaNeue, \'Helvetica Neue\', Helvetica, Arial, sans-serif; color: rgb(82, 93, 99);&quot;&gt;Other Terms: If any provision of this Terms of Use Agreement shall be unlawful, void or unenforceable for any reason, the other provisions (and any partially enforceable provision) shall not be affected thereby and shall remain valid and enforceable to the maximum possible extent.&lt;/p&gt;&lt;p style=&quot;margin-bottom: 15px; padding: 0px; border: 0px; font-stretch: inherit; font-size: 15px; line-height: 27px; font-family: HelveticaNeue-Light, \'Helvetica Neue Light\', HelveticaNeue, \'Helvetica Neue\', Helvetica, Arial, sans-serif; color: rgb(82, 93, 99);&quot;&gt;Copyright Notice: Copyright and other relevant intellectual property rights exist on all text relating to the Seamax service and the full content of this website. Our logo is a registered trademark of Seamax in Canada and other countries&lt;/p&gt;\r\n','Terms &amp; Conditions','',''),(10,1,'Inflatable Boat Warranty','&lt;p style=&quot;-webkit-font-smoothing: antialiased; -webkit-tap-highlight-color: transparent; margin-bottom: 0px; padding: 0px; border: 0px; outline: 0px; font-family: &amp;quot;Droid Serif&amp;quot;; font-size: 14px; color: rgb(51, 55, 69); line-height: 20px !important;&quot;&gt;Innovocean Marine offers the best warranty for clients.&lt;br style=&quot;-webkit-font-smoothing: antialiased; -webkit-tap-highlight-color: transparent;&quot;&gt;&lt;br style=&quot;-webkit-font-smoothing: antialiased; -webkit-tap-highlight-color: transparent;&quot;&gt;&lt;strong style=&quot;-webkit-font-smoothing: antialiased; -webkit-tap-highlight-color: transparent; margin: 0px; padding: 0px; border: 0px; outline: 0px; line-height: 20px !important;&quot;&gt;DURATION OF COVERAGE&lt;/strong&gt;&lt;/p&gt;&lt;p style=&quot;-webkit-font-smoothing: antialiased; -webkit-tap-highlight-color: transparent; margin-bottom: 0px; padding: 0px; border: 0px; outline: 0px; font-family: &amp;quot;Droid Serif&amp;quot;; font-size: 14px; color: rgb(51, 55, 69); line-height: 20px !important;&quot;&gt;For all our boats which are made using thermos-weld or heat weld seams:&lt;/p&gt;&lt;ul style=&quot;-webkit-font-smoothing: antialiased; -webkit-tap-highlight-color: transparent; color: rgb(51, 55, 69); font-family: &amp;quot;Droid Serif&amp;quot;; font-size: 14px;&quot;&gt;&lt;li style=&quot;-webkit-font-smoothing: antialiased; -webkit-tap-highlight-color: transparent;&quot;&gt;&lt;strong style=&quot;-webkit-font-smoothing: antialiased; -webkit-tap-highlight-color: transparent; margin: 0px; padding: 0px; border: 0px; outline: 0px; line-height: 20px !important;&quot;&gt;5 years on material&lt;/strong&gt;&lt;/li&gt;&lt;li style=&quot;-webkit-font-smoothing: antialiased; -webkit-tap-highlight-color: transparent;&quot;&gt;&lt;strong style=&quot;-webkit-font-smoothing: antialiased; -webkit-tap-highlight-color: transparent; margin: 0px; padding: 0px; border: 0px; outline: 0px; line-height: 20px !important;&quot;&gt;3 years on seams&lt;/strong&gt;&lt;/li&gt;&lt;li style=&quot;-webkit-font-smoothing: antialiased; -webkit-tap-highlight-color: transparent;&quot;&gt;&lt;strong style=&quot;-webkit-font-smoothing: antialiased; -webkit-tap-highlight-color: transparent; margin: 0px; padding: 0px; border: 0px; outline: 0px; line-height: 20px !important;&quot;&gt;1 year on accessories&lt;/strong&gt;&lt;/li&gt;&lt;/ul&gt;&lt;p style=&quot;-webkit-font-smoothing: antialiased; -webkit-tap-highlight-color: transparent; margin-bottom: 0px; padding: 0px; border: 0px; outline: 0px; font-family: &amp;quot;Droid Serif&amp;quot;; font-size: 14px; color: rgb(51, 55, 69); line-height: 20px !important;&quot;&gt;&lt;br style=&quot;-webkit-font-smoothing: antialiased; -webkit-tap-highlight-color: transparent;&quot;&gt;Innovocean Boats are warranted to be free of defects in material and workmanship during the period as described following. The copy of the original receipt of purchase will be required upon submission of a warranty claim along with any and all pertinent information (photos, records, etc.) regarding claim.&lt;br style=&quot;-webkit-font-smoothing: antialiased; -webkit-tap-highlight-color: transparent;&quot;&gt;&lt;br style=&quot;-webkit-font-smoothing: antialiased; -webkit-tap-highlight-color: transparent;&quot;&gt;The boat\'s hull, floor, &amp;nbsp;hull attachments and accessories, but not limited to, floorboards, seats, rope holders, oar locks, oars, rope, air pump, lifting handles, D rings, valves, seat webbing, and transom integrity are covered by this Limited Warranty for 1 year from the date of purchase. All the air holding fabrics are warranted against defects in material or workmanship that cause delaminating for 5 years and seams for three 3. The repair, replacement of parts, or the performance of service under this warranty does not extend the life of this warranty to beyond its original expiration date. Warranty coverage is non-transferable, and applies only to original only&lt;/p&gt;&lt;p style=&quot;-webkit-font-smoothing: antialiased; -webkit-tap-highlight-color: transparent; margin-bottom: 0px; padding: 0px; border: 0px; outline: 0px; font-family: &amp;quot;Droid Serif&amp;quot;; font-size: 14px; color: rgb(51, 55, 69); line-height: 20px !important;&quot;&gt;&amp;nbsp;&lt;/p&gt;&lt;p style=&quot;-webkit-font-smoothing: antialiased; -webkit-tap-highlight-color: transparent; margin-bottom: 0px; padding: 0px; border: 0px; outline: 0px; font-family: &amp;quot;Droid Serif&amp;quot;; font-size: 14px; color: rgb(51, 55, 69); line-height: 20px !important;&quot;&gt;&lt;strong style=&quot;-webkit-font-smoothing: antialiased; -webkit-tap-highlight-color: transparent; margin: 0px; padding: 0px; border: 0px; outline: 0px; line-height: 20px !important;&quot;&gt;Things NOT Covered&lt;/strong&gt;&lt;/p&gt;&lt;p style=&quot;-webkit-font-smoothing: antialiased; -webkit-tap-highlight-color: transparent; margin-bottom: 0px; padding: 0px; border: 0px; outline: 0px; font-family: &amp;quot;Droid Serif&amp;quot;; font-size: 14px; color: rgb(51, 55, 69); line-height: 20px !important;&quot;&gt;&amp;nbsp;&lt;/p&gt;&lt;ul style=&quot;-webkit-font-smoothing: antialiased; -webkit-tap-highlight-color: transparent; color: rgb(51, 55, 69); font-family: &amp;quot;Droid Serif&amp;quot;; font-size: 14px;&quot;&gt;&lt;li style=&quot;-webkit-font-smoothing: antialiased; -webkit-tap-highlight-color: transparent;&quot;&gt;Normal wear and tear&lt;/li&gt;&lt;li style=&quot;-webkit-font-smoothing: antialiased; -webkit-tap-highlight-color: transparent;&quot;&gt;Discoloration&lt;/li&gt;&lt;li style=&quot;-webkit-font-smoothing: antialiased; -webkit-tap-highlight-color: transparent;&quot;&gt;Color fading&lt;/li&gt;&lt;li style=&quot;-webkit-font-smoothing: antialiased; -webkit-tap-highlight-color: transparent;&quot;&gt;Damage caused by neglect, lack of maintenance, accident&lt;/li&gt;&lt;li style=&quot;-webkit-font-smoothing: antialiased; -webkit-tap-highlight-color: transparent;&quot;&gt;Improper use&lt;/li&gt;&lt;li style=&quot;-webkit-font-smoothing: antialiased; -webkit-tap-highlight-color: transparent;&quot;&gt;Use of any other parts other then supplied by Innovocean&lt;/li&gt;&lt;li style=&quot;-webkit-font-smoothing: antialiased; -webkit-tap-highlight-color: transparent;&quot;&gt;Alteration to the vessel or removal of parts not done by an authorized Innovocean service center or dealer&lt;/li&gt;&lt;li style=&quot;-webkit-font-smoothing: antialiased; -webkit-tap-highlight-color: transparent;&quot;&gt;Improper protection against UV-Rays/cold weather&lt;/li&gt;&lt;li style=&quot;-webkit-font-smoothing: antialiased; -webkit-tap-highlight-color: transparent;&quot;&gt;Repairs, modifications or tampering by someone other than an authorized Innovocean service center&lt;/li&gt;&lt;li style=&quot;-webkit-font-smoothing: antialiased; -webkit-tap-highlight-color: transparent;&quot;&gt;Damage from deterioration to fabric caused by fuel, harsh chemicals or solvents&lt;/li&gt;&lt;li style=&quot;-webkit-font-smoothing: antialiased; -webkit-tap-highlight-color: transparent;&quot;&gt;Any seam separation due to heat exposure&lt;/li&gt;&lt;li style=&quot;-webkit-font-smoothing: antialiased; -webkit-tap-highlight-color: transparent;&quot;&gt;The vessel has not been assembled, used, and maintained in accordance with owner’s manual&lt;/li&gt;&lt;li style=&quot;-webkit-font-smoothing: antialiased; -webkit-tap-highlight-color: transparent;&quot;&gt;Damage as a result of shipping, warehousing, or storage&lt;/li&gt;&lt;li style=&quot;-webkit-font-smoothing: antialiased; -webkit-tap-highlight-color: transparent;&quot;&gt;Any shipping will be the responsibility of the purchaser any units shipped for repair will be the responsibility of the purchaser. Innovocean will then ship (if required) the repaired unit, or repaired parts or new part(s) to the purchaser at the responsibility of the purchaser&lt;/li&gt;&lt;li style=&quot;-webkit-font-smoothing: antialiased; -webkit-tap-highlight-color: transparent;&quot;&gt;Innovocean does not cover incidental or consequential costs for any reason what so ever&lt;/li&gt;&lt;li style=&quot;-webkit-font-smoothing: antialiased; -webkit-tap-highlight-color: transparent;&quot;&gt;Time for cleaning units in preparation for repair&lt;/li&gt;&lt;li style=&quot;-webkit-font-smoothing: antialiased; -webkit-tap-highlight-color: transparent;&quot;&gt;Any repairs resulting from poor service work or maintenance after delivery&lt;/li&gt;&lt;li style=&quot;-webkit-font-smoothing: antialiased; -webkit-tap-highlight-color: transparent;&quot;&gt;High-pressure washing&lt;/li&gt;&lt;li style=&quot;-webkit-font-smoothing: antialiased; -webkit-tap-highlight-color: transparent;&quot;&gt;Over size engine use&lt;/li&gt;&lt;li style=&quot;-webkit-font-smoothing: antialiased; -webkit-tap-highlight-color: transparent;&quot;&gt;Overloading of capacity&lt;/li&gt;&lt;li style=&quot;-webkit-font-smoothing: antialiased; -webkit-tap-highlight-color: transparent;&quot;&gt;All inflatables lose some air over time, this is normal and is not a warranty issue&lt;/li&gt;&lt;/ul&gt;&lt;p style=&quot;-webkit-font-smoothing: antialiased; -webkit-tap-highlight-color: transparent; margin-bottom: 0px; padding: 0px; border: 0px; outline: 0px; font-family: &amp;quot;Droid Serif&amp;quot;; font-size: 14px; color: rgb(51, 55, 69); line-height: 20px !important;&quot;&gt;&amp;nbsp;&lt;/p&gt;&lt;p style=&quot;-webkit-font-smoothing: antialiased; -webkit-tap-highlight-color: transparent; margin-bottom: 0px; padding: 0px; border: 0px; outline: 0px; font-family: &amp;quot;Droid Serif&amp;quot;; font-size: 14px; color: rgb(51, 55, 69); line-height: 20px !important;&quot;&gt;&lt;strong style=&quot;-webkit-font-smoothing: antialiased; -webkit-tap-highlight-color: transparent; margin: 0px; padding: 0px; border: 0px; outline: 0px; line-height: 20px !important;&quot;&gt;Commercial Use&lt;/strong&gt;&lt;/p&gt;&lt;p style=&quot;-webkit-font-smoothing: antialiased; -webkit-tap-highlight-color: transparent; margin-bottom: 0px; padding: 0px; border: 0px; outline: 0px; font-family: &amp;quot;Droid Serif&amp;quot;; font-size: 14px; color: rgb(51, 55, 69); line-height: 20px !important;&quot;&gt;If any product purchased is used for rental or other commercial purposes by a corporation, partnership, company, organization or association including without limitation to camps, clubs, resorts, schools, or the like, then the term of this Limited Warranty is limited to a period of 120 days for parts and 2 years for PVC material after the date of original purchase.&lt;/p&gt;&lt;p style=&quot;-webkit-font-smoothing: antialiased; -webkit-tap-highlight-color: transparent; margin-bottom: 0px; padding: 0px; border: 0px; outline: 0px; font-family: &amp;quot;Droid Serif&amp;quot;; font-size: 14px; color: rgb(51, 55, 69); line-height: 20px !important;&quot;&gt;&lt;strong style=&quot;-webkit-font-smoothing: antialiased; -webkit-tap-highlight-color: transparent; margin: 0px; padding: 0px; border: 0px; outline: 0px; line-height: 20px !important;&quot;&gt;Owner Responsibility&lt;/strong&gt;&lt;/p&gt;&lt;p style=&quot;-webkit-font-smoothing: antialiased; -webkit-tap-highlight-color: transparent; margin-bottom: 0px; padding: 0px; border: 0px; outline: 0px; font-family: &amp;quot;Droid Serif&amp;quot;; font-size: 14px; color: rgb(51, 55, 69); line-height: 20px !important;&quot;&gt;The owner/operator is responsible for safe operation and safety of its passengers. It is mandatory the owner/operator follows all provincial and federal requirements like licensing, safety requirements and safety gear required. We strongly recommended that the operator read and understand its entire manual before operating the boat. Be sure at least one additional person on board is instructed in the basics in case of an emergency and the operator is unable to operate the boat.&lt;/p&gt;&lt;p style=&quot;-webkit-font-smoothing: antialiased; -webkit-tap-highlight-color: transparent; margin-bottom: 0px; padding: 0px; border: 0px; outline: 0px; font-family: &amp;quot;Droid Serif&amp;quot;; font-size: 14px; color: rgb(51, 55, 69); line-height: 20px !important;&quot;&gt;&lt;strong style=&quot;-webkit-font-smoothing: antialiased; -webkit-tap-highlight-color: transparent; margin: 0px; padding: 0px; border: 0px; outline: 0px; line-height: 20px !important;&quot;&gt;Returns&lt;/strong&gt;&lt;/p&gt;&lt;p style=&quot;-webkit-font-smoothing: antialiased; -webkit-tap-highlight-color: transparent; margin-bottom: 0px; padding: 0px; border: 0px; outline: 0px; font-family: &amp;quot;Droid Serif&amp;quot;; font-size: 14px; color: rgb(51, 55, 69); line-height: 20px !important;&quot;&gt;If you decide that you are unhappy with your boat we will accept it back within 7 days of purchase in the same condition that you received it in (new and unused), with all the original packaging, manuals and parts. Please remember to open your box carefully so you don\'t damage your boat.&lt;/p&gt;&lt;p style=&quot;-webkit-font-smoothing: antialiased; -webkit-tap-highlight-color: transparent; margin-bottom: 0px; padding: 0px; border: 0px; outline: 0px; font-family: &amp;quot;Droid Serif&amp;quot;; font-size: 14px; color: rgb(51, 55, 69); line-height: 20px !important;&quot;&gt;&lt;strong style=&quot;-webkit-font-smoothing: antialiased; -webkit-tap-highlight-color: transparent; margin: 0px; padding: 0px; border: 0px; outline: 0px; line-height: 20px !important;&quot;&gt;Pre-Orders&lt;/strong&gt;&lt;/p&gt;&lt;p style=&quot;-webkit-font-smoothing: antialiased; -webkit-tap-highlight-color: transparent; margin-bottom: 0px; padding: 0px; border: 0px; outline: 0px; font-family: &amp;quot;Droid Serif&amp;quot;; font-size: 14px; color: rgb(51, 55, 69); line-height: 20px !important;&quot;&gt;Due to high demand of Innovocean Inflatable Boats we welcome our customers to place pre-orders on upcoming shipments to secure the perfect boat. A non-refundable deposit is required at the time of ordering in order to build and deliver your boat.&lt;/p&gt;','Inflatable Boat Warranty','',''),(14,1,'Contact Us','&lt;p&gt;&lt;img src=&quot;http://innovocean.ca/image/Image/bkm/cen.jpg&quot; style=&quot;width: 727px;&quot;&gt;&lt;br&gt;&lt;/p&gt;','Contact Us','',''),(11,1,'Shipping','&lt;h3 style=&quot;margin-right: auto; margin-bottom: 15px; margin-left: 0px; padding: 0px; border: 0px; font-weight: lighter; font-stretch: inherit; font-size: 20px; line-height: 35px; font-family: Muli; color: rgb(62, 69, 82); text-rendering: optimizeLegibility; -webkit-font-smoothing: antialiased;&quot;&gt;Shipping&lt;/h3&gt;&lt;p style=&quot;margin-bottom: 15px; padding: 0px; border: 0px; font-stretch: inherit; font-size: 15px; line-height: 27px; font-family: HelveticaNeue-Light, \'Helvetica Neue Light\', HelveticaNeue, \'Helvetica Neue\', Helvetica, Arial, sans-serif; color: rgb(82, 93, 99);&quot;&gt;&lt;strong style=&quot;margin: 0px; padding: 0px; border: 0px; font-style: inherit; font-variant: inherit; font-stretch: inherit; font-size: inherit; line-height: inherit; font-family: inherit;&quot;&gt;Online Order&lt;/strong&gt;: Your order will be shipped from Richmond, BC, Canada. Once shipment created, your email address may be connected with the delivery system. Automatic tracking information will be sent to you. Your tracking number can be found from PayPal system. No PO Box for delivery. USA &amp;amp; Canada shipment will be carried by DHL, Purolator, UPS or Post Service. Signature may be required.&amp;nbsp;&lt;br&gt;&lt;br&gt;&lt;strong style=&quot;margin: 0px; padding: 0px; border: 0px; font-style: inherit; font-variant: inherit; font-stretch: inherit; font-size: inherit; line-height: inherit; font-family: inherit;&quot;&gt;Shipment Receiving&lt;/strong&gt;:&amp;nbsp; Once seller releases the shipment to the courier and provides tracking number, buyer (consignee) is responsible for contacting the courier in case of order delivery schedule, re-schedule, redirection, hold for pickup, shipment delay, and/or having shipping damage. If buyer needs assistance for shipping damage claim, buyer needs to receive the package first and contact seller by email within 7 days. It is buyer\'s responsibility to provide the photograph of the damaged package and/or item receiving condition.&lt;br&gt;&lt;br&gt;&lt;strong style=&quot;margin: 0px; padding: 0px; border: 0px; font-style: inherit; font-variant: inherit; font-stretch: inherit; font-size: inherit; line-height: inherit; font-family: inherit;&quot;&gt;Commercial Shipment&lt;/strong&gt;: We can arrange commercial shipment via low rate commercial Ground Truck shipping service within North American. Single order with 3 or more boats will consider using such service. It will save more money than shipping with courier. We can directly arrange an over-sea shipment from our manufacturer for larger orders.&lt;br&gt;&lt;br&gt;&lt;strong style=&quot;margin: 0px; padding: 0px; border: 0px; font-style: inherit; font-variant: inherit; font-stretch: inherit; font-size: inherit; line-height: inherit; font-family: inherit;&quot;&gt;US Custom Clearance&lt;/strong&gt;: Inflatable boats are commercial goods (Pleasure water craft - inflatable boat, Custom HS Code 8903.10.00), a 2.4% duty may apply. Duty will not apply for RMA shipment. You may be contacted if more information is required for custom clearance.&lt;br&gt;&lt;br&gt;&lt;strong style=&quot;margin: 0px; padding: 0px; border: 0px; font-style: inherit; font-variant: inherit; font-stretch: inherit; font-size: inherit; line-height: inherit; font-family: inherit;&quot;&gt;Shipment Return&lt;/strong&gt;: For the unsuccessful delivery, there are three (3) delivery attempts will be made before it is returned to the shipper. Customer is responsible to contact the shipper and follow up delivery schedule. We will help our customer for a re-schedule. If by the buyer\'s mistake, returned package will be held in our warehouse until customer re-schedule. All associated shipping and handling charges will be charged from customer. We have an active market selling to USA, we always look forward to taking care of your order.&lt;br&gt;&lt;br&gt;&lt;strong style=&quot;margin: 0px; padding: 0px; border: 0px; font-style: inherit; font-variant: inherit; font-stretch: inherit; font-size: inherit; line-height: inherit; font-family: inherit;&quot;&gt;Shipping Insurance &amp;amp; Claim&lt;/strong&gt;: Our shipping rate will include the basic insurance. If packages are damaged, insurance will cover for the replacement or repair. Damage must be reported to us within 14 days from received the tracking number. If the packing box is significantly damaged, a photograph is helpful to file a claim. Package must be inspected with good condition.&lt;br&gt;&lt;br&gt;&lt;strong style=&quot;margin: 0px; padding: 0px; border: 0px; font-style: inherit; font-variant: inherit; font-stretch: inherit; font-size: inherit; line-height: inherit; font-family: inherit;&quot;&gt;Ship by Airport Agent&lt;/strong&gt;: We can have our airport agent to arrange a low-rate air shipment to your country, such kind of delivery will save more money. We will quote you a price to an airport closest to you. The shipping fee includes our local fee and air way charge. Your will need to only pay for your local fee. there will be (but not limited to) terminal charges, customs clearance, duty/tax. We will email you the entire document (Commercial Invoice and Air Way Bill) for custom clearance once our shipment ready. After the cargo arrival, an agent of your country will contact you. They are not only helping you to clear the customer, and also arrange ground shipping to your door. You can also choose do everything by yourself and get more saving.&lt;/p&gt;','Shipping','',''),(12,1,'Return','&lt;p&gt;&lt;span style=&quot;color: rgb(82, 93, 99); font-family: HelveticaNeue-Light, \'Helvetica Neue Light\', HelveticaNeue, \'Helvetica Neue\', Helvetica, Arial, sans-serif; font-size: 15px; line-height: 27px;&quot;&gt;Our return policy lasts 30 days. If 30 days have gone by since your purchase, unfortunately we can’t offer you a refund or exchange. To be eligible for a return, your item must be unused and in the same condition that you received it. It must also be in the original packaging. Shipping cost will be deducted from customer refundable amount if not factory deflects item. Return will not be accept if more than 30 days after delivery.&amp;nbsp;&lt;/span&gt;&lt;br style=&quot;color: rgb(82, 93, 99); font-family: HelveticaNeue-Light, \'Helvetica Neue Light\', HelveticaNeue, \'Helvetica Neue\', Helvetica, Arial, sans-serif; font-size: 15px; line-height: 27px;&quot;&gt;&lt;br style=&quot;color: rgb(82, 93, 99); font-family: HelveticaNeue-Light, \'Helvetica Neue Light\', HelveticaNeue, \'Helvetica Neue\', Helvetica, Arial, sans-serif; font-size: 15px; line-height: 27px;&quot;&gt;&lt;span style=&quot;color: rgb(82, 93, 99); font-family: HelveticaNeue-Light, \'Helvetica Neue Light\', HelveticaNeue, \'Helvetica Neue\', Helvetica, Arial, sans-serif; font-size: 15px; line-height: 27px;&quot;&gt;Refunds (if applicable):&amp;nbsp; Once your return is received and inspected, we will send you an email to notify you that we have received your returned item. We will also notify you of the approval or rejection of your refund. If you are approved, then your refund will be processed, and a credit will automatically be applied to your credit card or original method of payment, within a certain amount of days. Late or missing refunds (if applicable) If you haven’t received a refund yet, first check your bank account again. Then contact your credit card company, it may take some time before your refund is officially posted. Next contact your bank. There is often some processing time before a refund is posted. If you’ve done all of this and you still have not received your refund yet, please contact us.&lt;/span&gt;&lt;br style=&quot;color: rgb(82, 93, 99); font-family: HelveticaNeue-Light, \'Helvetica Neue Light\', HelveticaNeue, \'Helvetica Neue\', Helvetica, Arial, sans-serif; font-size: 15px; line-height: 27px;&quot;&gt;&lt;br style=&quot;color: rgb(82, 93, 99); font-family: HelveticaNeue-Light, \'Helvetica Neue Light\', HelveticaNeue, \'Helvetica Neue\', Helvetica, Arial, sans-serif; font-size: 15px; line-height: 27px;&quot;&gt;&lt;span style=&quot;color: rgb(82, 93, 99); font-family: HelveticaNeue-Light, \'Helvetica Neue Light\', HelveticaNeue, \'Helvetica Neue\', Helvetica, Arial, sans-serif; font-size: 15px; line-height: 27px;&quot;&gt;Exchanges (if applicable):&amp;nbsp; We only replace items if they are defective or damaged. If you need to exchange it for the same item, send us an email to obtain an authorization.&lt;/span&gt;&lt;br style=&quot;color: rgb(82, 93, 99); font-family: HelveticaNeue-Light, \'Helvetica Neue Light\', HelveticaNeue, \'Helvetica Neue\', Helvetica, Arial, sans-serif; font-size: 15px; line-height: 27px;&quot;&gt;&lt;br style=&quot;color: rgb(82, 93, 99); font-family: HelveticaNeue-Light, \'Helvetica Neue Light\', HelveticaNeue, \'Helvetica Neue\', Helvetica, Arial, sans-serif; font-size: 15px; line-height: 27px;&quot;&gt;&lt;span style=&quot;color: rgb(82, 93, 99); font-family: HelveticaNeue-Light, \'Helvetica Neue Light\', HelveticaNeue, \'Helvetica Neue\', Helvetica, Arial, sans-serif; font-size: 15px; line-height: 27px;&quot;&gt;Shipping:&amp;nbsp; You will be responsible for paying for your own shipping costs for returning your item. Shipping costs are non-refundable. If you receive a refund, the cost of return shipping will be deducted from your refund. Depending on where you live, the time it may take for your exchanged product to reach you, may vary. If you are shipping an item over $75, you should consider using a trackable shipping service or purchasing shipping insurance. We don’t guarantee that we will receive your returned item.&lt;/span&gt;&lt;br&gt;&lt;/p&gt;','Return','',''),(13,1,'Why Us?','&lt;div id=&quot;journal-rotator-1752268392&quot; class=&quot;journal-rotator-269 journal-rotator box text-rotator  bullets-center align-center bullets-off quovolve&quot; style=&quot;-webkit-font-smoothing: antialiased; -webkit-tap-highlight-color: transparent; margin: 0px 0px 20px; padding: 0px; border: 0px; outline: 0px; position: relative; color: rgb(51, 55, 69); font-family: Ubuntu; font-size: 13px; background-color: rgb(204, 204, 204);&quot;&gt;&lt;div class=&quot;quote&quot; style=&quot;-webkit-font-smoothing: antialiased; -webkit-tap-highlight-color: transparent; margin: 0px; padding: 0px; border: 0px; outline: 0px; text-align: center; overflow: hidden; font-family: Helvetica, Arial, sans-serif; font-size: 35px; color: rgb(0, 0, 0);&quot;&gt;&lt;span class=&quot;rotator-text&quot; style=&quot;-webkit-font-smoothing: antialiased; -webkit-tap-highlight-color: transparent; margin: 0px; padding: 15px; border: 0px; outline: 0px; display: block; line-height: 1.3; position: relative; font-weight: inherit; font-size: inherit;&quot;&gt;Design and Manufacture the Safest, Strongest and Environmental Inflatables&lt;/span&gt;&lt;div class=&quot;clearfix&quot; style=&quot;-webkit-font-smoothing: antialiased; -webkit-tap-highlight-color: transparent; margin: 0px; padding: 0px; border: 0px; outline: 0px; clear: both;&quot;&gt;&lt;/div&gt;&lt;/div&gt;&lt;/div&gt;&lt;div id=&quot;journal-cms-block-1506633939&quot; class=&quot;journal-cms-block-271 box cms-blocks  &quot; style=&quot;-webkit-font-smoothing: antialiased; -webkit-tap-highlight-color: transparent; margin: 0px; padding: 0px; border: 0px; outline: 0px; position: relative; display: table; width: 1220px; color: rgb(51, 55, 69); font-family: Ubuntu; font-size: 13px;&quot;&gt;&lt;div class=&quot;box-heading&quot; style=&quot;-webkit-font-smoothing: antialiased; -webkit-tap-highlight-color: transparent; margin: 0px 0px 20px; padding: 0px 0px 0px 15px; border: 0px; outline: 0px; line-height: 40px; font-size: 14px; font-weight: 700; white-space: nowrap; overflow: hidden; text-overflow: ellipsis; position: relative; border-radius: 2px; min-height: 40px; background-color: rgb(244, 244, 244); text-transform: uppercase; color: rgb(0, 0, 0);&quot;&gt;MORE UNIQUE FEATURES DESIGNED&lt;/div&gt;&lt;div class=&quot;blocks&quot; style=&quot;-webkit-font-smoothing: antialiased; -webkit-tap-highlight-color: transparent; margin: 0px -20px 0px 0px; padding: 0px; border: 0px; outline: 0px; display: flex; flex-wrap: wrap;&quot;&gt;&lt;div class=&quot;cms-block xs-100 sm-50 md-50 lg-50 xl-50&quot; style=&quot;-webkit-font-smoothing: antialiased; -webkit-tap-highlight-color: transparent; margin: 0px 0px 20px; padding: 0px 20px 0px 0px; border: 0px; outline: 0px; width: 620px; float: left; position: relative; display: flex;&quot;&gt;&lt;span class=&quot;block-content block-content-top&quot; style=&quot;-webkit-font-smoothing: antialiased; -webkit-tap-highlight-color: transparent; margin: 0px; padding: 3px; border: 0px; outline: 0px; display: flex; width: 600px; -webkit-box-orient: vertical; -webkit-box-direction: normal; flex-flow: column nowrap; background-color: rgb(244, 244, 244); font-family: &amp;quot;Cantata One&amp;quot;; font-size: 40px; color: rgb(0, 0, 0);&quot;&gt;&lt;div class=&quot;editor-content&quot; style=&quot;-webkit-font-smoothing: antialiased; -webkit-tap-highlight-color: transparent; margin: 0px; padding: 0px; border: 0px; outline: 0px;&quot;&gt;&lt;p style=&quot;-webkit-font-smoothing: antialiased; -webkit-tap-highlight-color: transparent; margin-bottom: 0px; padding: 0px 0px 5px; border: 0px; outline: 0px; font-family: sans-serif, Arial, Verdana, &amp;quot;Trebuchet MS&amp;quot;; font-size: 13px; color: rgb(51, 51, 51);&quot;&gt;&lt;span style=&quot;-webkit-font-smoothing: antialiased; -webkit-tap-highlight-color: transparent; margin: 0px; padding: 0px; border: 0px; outline: 0px; font-family: &amp;quot;Cantata One&amp;quot;; font-size: 22px; color: rgb(0, 0, 0);&quot;&gt;&lt;strong style=&quot;-webkit-font-smoothing: antialiased; -webkit-tap-highlight-color: transparent; margin: 0px; padding: 0px; border: 0px; outline: 0px;&quot;&gt;Canadian Design &amp;amp; Quality Control&amp;nbsp;&lt;/strong&gt;&lt;/span&gt;&lt;/p&gt;&lt;p style=&quot;-webkit-font-smoothing: antialiased; -webkit-tap-highlight-color: transparent; margin-bottom: 0px; padding: 0px 0px 5px; border: 0px; outline: 0px; font-family: sans-serif, Arial, Verdana, &amp;quot;Trebuchet MS&amp;quot;; font-size: 13px; color: rgb(51, 51, 51);&quot;&gt;&lt;span style=&quot;-webkit-font-smoothing: antialiased; -webkit-tap-highlight-color: transparent; margin: 0px; padding: 0px; border: 0px; outline: 0px; font-family: &amp;quot;Cantata One&amp;quot;; font-size: 14px; color: rgb(0, 0, 0);&quot;&gt;All Innovocean Inflatable Boats are&amp;nbsp;&lt;strong style=&quot;-webkit-font-smoothing: antialiased; -webkit-tap-highlight-color: transparent; margin: 0px; padding: 0px; border: 0px; outline: 0px;&quot;&gt;certified by Transport Canada&lt;/strong&gt;. Material and parts are engineering tested at first. Quality Inspection is strictly performed during every production step. All the boats meet the ISO standards and Transport Canada Standards.&lt;/span&gt;&lt;/p&gt;&lt;p style=&quot;-webkit-font-smoothing: antialiased; -webkit-tap-highlight-color: transparent; margin-bottom: 0px; padding: 0px 0px 5px; border: 0px; outline: 0px; font-family: sans-serif, Arial, Verdana, &amp;quot;Trebuchet MS&amp;quot;; font-size: 13px; color: rgb(51, 51, 51);&quot;&gt;&lt;span style=&quot;-webkit-font-smoothing: antialiased; -webkit-tap-highlight-color: transparent; margin: 0px; padding: 0px; border: 0px; outline: 0px; font-family: &amp;quot;Cantata One&amp;quot;; font-size: 14px; color: rgb(0, 0, 0);&quot;&gt;Innovocean Marine is a Boat M&lt;/span&gt;anufacturer Member of NMMA&lt;span style=&quot;-webkit-font-smoothing: antialiased; -webkit-tap-highlight-color: transparent; margin: 0px; padding: 0px; border: 0px; outline: 0px; font-family: &amp;quot;Cantata One&amp;quot;; font-size: 14px; color: rgb(0, 0, 0);&quot;&gt;&amp;nbsp;( National Marine Manufaturers Association).&lt;/span&gt;&lt;/p&gt;&lt;/div&gt;&lt;/span&gt;&lt;/div&gt;&lt;div class=&quot;cms-block xs-100 sm-50 md-50 lg-50 xl-50&quot; style=&quot;-webkit-font-smoothing: antialiased; -webkit-tap-highlight-color: transparent; margin: 0px 0px 20px; padding: 0px 20px 0px 0px; border: 0px; outline: 0px; width: 620px; float: left; position: relative; display: flex;&quot;&gt;&lt;span class=&quot;block-content block-content-top&quot; style=&quot;-webkit-font-smoothing: antialiased; -webkit-tap-highlight-color: transparent; margin: 0px; padding: 3px; border: 0px; outline: 0px; display: flex; width: 600px; -webkit-box-orient: vertical; -webkit-box-direction: normal; flex-flow: column nowrap; background-color: rgb(244, 244, 244); font-family: &amp;quot;Cantata One&amp;quot;; font-size: 40px; color: rgb(0, 0, 0);&quot;&gt;&lt;div class=&quot;editor-content&quot; style=&quot;-webkit-font-smoothing: antialiased; -webkit-tap-highlight-color: transparent; margin: 0px; padding: 0px; border: 0px; outline: 0px;&quot;&gt;&lt;p style=&quot;-webkit-font-smoothing: antialiased; -webkit-tap-highlight-color: transparent; margin-bottom: 0px; padding: 0px 0px 5px; border: 0px; outline: 0px;&quot;&gt;&lt;img alt=&quot;&quot; height=&quot;139&quot; src=&quot;http://innovoceans.com/image/flag3.jpg&quot; width=&quot;500&quot; style=&quot;-webkit-font-smoothing: antialiased; -webkit-tap-highlight-color: transparent; margin: 0px; padding: 0px; outline: 0px; max-width: 100%; height: auto !important;&quot;&gt;&lt;/p&gt;&lt;/div&gt;&lt;/span&gt;&lt;/div&gt;&lt;div class=&quot;cms-block xs-100 sm-50 md-50 lg-50 xl-50&quot; style=&quot;-webkit-font-smoothing: antialiased; -webkit-tap-highlight-color: transparent; margin: 0px 0px 20px; padding: 0px 20px 0px 0px; border: 0px; outline: 0px; width: 620px; float: left; position: relative; display: flex;&quot;&gt;&lt;span class=&quot;block-content block-content-top&quot; style=&quot;-webkit-font-smoothing: antialiased; -webkit-tap-highlight-color: transparent; margin: 0px; padding: 3px; border: 0px; outline: 0px; display: flex; width: 600px; -webkit-box-orient: vertical; -webkit-box-direction: normal; flex-flow: column nowrap; background-color: rgb(244, 244, 244); font-family: &amp;quot;Cantata One&amp;quot;; font-size: 40px; color: rgb(0, 0, 0);&quot;&gt;&lt;div class=&quot;editor-content&quot; style=&quot;-webkit-font-smoothing: antialiased; -webkit-tap-highlight-color: transparent; margin: 0px; padding: 0px; border: 0px; outline: 0px;&quot;&gt;&lt;p style=&quot;-webkit-font-smoothing: antialiased; -webkit-tap-highlight-color: transparent; margin-bottom: 0px; padding: 0px 0px 5px; border: 0px; outline: 0px; font-family: sans-serif, Arial, Verdana, &amp;quot;Trebuchet MS&amp;quot;; font-size: 13px; color: rgb(51, 51, 51);&quot;&gt;&lt;span style=&quot;-webkit-font-smoothing: antialiased; -webkit-tap-highlight-color: transparent; margin: 0px; padding: 0px; border: 0px; outline: 0px; font-family: &amp;quot;Cantata One&amp;quot;; font-size: 18px; color: rgb(0, 0, 0);&quot;&gt;&lt;strong style=&quot;-webkit-font-smoothing: antialiased; -webkit-tap-highlight-color: transparent; margin: 0px; padding: 0px; border: 0px; outline: 0px;&quot;&gt;Best Fabric Material&lt;/strong&gt;&lt;/span&gt;&lt;/p&gt;&lt;p style=&quot;-webkit-font-smoothing: antialiased; -webkit-tap-highlight-color: transparent; margin-bottom: 0px; padding: 0px 0px 5px; border: 0px; outline: 0px; font-family: sans-serif, Arial, Verdana, &amp;quot;Trebuchet MS&amp;quot;; font-size: 13px; color: rgb(51, 51, 51);&quot;&gt;&lt;span style=&quot;-webkit-font-smoothing: antialiased; -webkit-tap-highlight-color: transparent; margin: 0px; padding: 0px; border: 0px; outline: 0px; font-family: &amp;quot;Cantata One&amp;quot;; font-size: 14px; color: rgb(0, 0, 0);&quot;&gt;We use the German Mehler-Valmex® PVC, one of the specific PVC designed for boats. It has various featrues: UV and weather resistant and dirt repellent. Most of the PVC fabrics consist of a strong, close-weave mesh of polyester or nylon material which is sandwiched between 2 coatings. Many PVC layers are joined by glue. However, the German Mehler company uses melt-roller coating to combine these layers together. The two coatings are also thicker than other types of PVC. This material has a coated fabric with lacquered surface. When a drop of water contacts it, the contact angle between the surfaces is more than 90 degree, while other materials have the angle less than 90 degree. This feature keeps the water off the surface and protects the PVC from corruption.&lt;/span&gt;&lt;/p&gt;&lt;/div&gt;&lt;/span&gt;&lt;/div&gt;&lt;div class=&quot;cms-block xs-100 sm-50 md-50 lg-50 xl-50&quot; style=&quot;-webkit-font-smoothing: antialiased; -webkit-tap-highlight-color: transparent; margin: 0px 0px 20px; padding: 0px 20px 0px 0px; border: 0px; outline: 0px; width: 620px; float: left; position: relative; display: flex;&quot;&gt;&lt;span class=&quot;block-content block-content-top&quot; style=&quot;-webkit-font-smoothing: antialiased; -webkit-tap-highlight-color: transparent; margin: 0px; padding: 3px; border: 0px; outline: 0px; display: flex; width: 600px; -webkit-box-orient: vertical; -webkit-box-direction: normal; flex-flow: column nowrap; background-color: rgb(244, 244, 244); font-family: &amp;quot;Cantata One&amp;quot;; font-size: 40px; color: rgb(0, 0, 0);&quot;&gt;&lt;div class=&quot;editor-content&quot; style=&quot;-webkit-font-smoothing: antialiased; -webkit-tap-highlight-color: transparent; margin: 0px; padding: 0px; border: 0px; outline: 0px;&quot;&gt;&lt;p style=&quot;-webkit-font-smoothing: antialiased; -webkit-tap-highlight-color: transparent; margin-bottom: 0px; padding: 0px 0px 5px; border: 0px; outline: 0px; text-align: right;&quot;&gt;&lt;img alt=&quot;&quot; height=&quot;210&quot; src=&quot;http://innovoceans.com/image/mehler.jpg&quot; width=&quot;400&quot; style=&quot;-webkit-font-smoothing: antialiased; -webkit-tap-highlight-color: transparent; margin: 0px; padding: 0px; outline: 0px; max-width: 100%; float: left; height: auto !important;&quot;&gt;&lt;/p&gt;&lt;/div&gt;&lt;/span&gt;&lt;/div&gt;&lt;div class=&quot;cms-block xs-100 sm-50 md-50 lg-50 xl-50&quot; style=&quot;-webkit-font-smoothing: antialiased; -webkit-tap-highlight-color: transparent; margin: 0px 0px 20px; padding: 0px 20px 0px 0px; border: 0px; outline: 0px; width: 620px; float: left; position: relative; display: flex;&quot;&gt;&lt;span class=&quot;block-content block-content-top&quot; style=&quot;-webkit-font-smoothing: antialiased; -webkit-tap-highlight-color: transparent; margin: 0px; padding: 3px; border: 0px; outline: 0px; display: flex; width: 600px; -webkit-box-orient: vertical; -webkit-box-direction: normal; flex-flow: column nowrap; background-color: rgb(244, 244, 244); font-family: &amp;quot;Cantata One&amp;quot;; font-size: 40px; color: rgb(0, 0, 0);&quot;&gt;&lt;div class=&quot;editor-content&quot; style=&quot;-webkit-font-smoothing: antialiased; -webkit-tap-highlight-color: transparent; margin: 0px; padding: 0px; border: 0px; outline: 0px;&quot;&gt;&lt;p style=&quot;-webkit-font-smoothing: antialiased; -webkit-tap-highlight-color: transparent; margin-bottom: 0px; padding: 0px 0px 5px; border: 0px; outline: 0px; font-family: sans-serif, Arial, Verdana, &amp;quot;Trebuchet MS&amp;quot;; font-size: 13px; color: rgb(51, 51, 51);&quot;&gt;&lt;strong style=&quot;-webkit-font-smoothing: antialiased; -webkit-tap-highlight-color: transparent; margin: 0px; padding: 0px; border: 0px; outline: 0px; background-color: rgb(255, 255, 255);&quot;&gt;&lt;span style=&quot;-webkit-font-smoothing: antialiased; -webkit-tap-highlight-color: transparent; margin: 0px; padding: 0px; border: 0px; outline: 0px; font-weight: 400; font-family: &amp;quot;Cantata One&amp;quot;; font-size: 18px; color: rgb(0, 0, 0);&quot;&gt;Fully Thermal Welded Tubes&lt;/span&gt;&lt;/strong&gt;&lt;/p&gt;&lt;p style=&quot;-webkit-font-smoothing: antialiased; -webkit-tap-highlight-color: transparent; margin-bottom: 0px; padding: 0px 0px 5px; border: 0px; outline: 0px; font-family: sans-serif, Arial, Verdana, &amp;quot;Trebuchet MS&amp;quot;; font-size: 13px; color: rgb(51, 51, 51);&quot;&gt;&lt;span style=&quot;-webkit-font-smoothing: antialiased; -webkit-tap-highlight-color: transparent; margin: 0px; padding: 0px; border: 0px; outline: 0px; font-family: &amp;quot;Cantata One&amp;quot;; font-size: 14px; color: rgb(0, 0, 0);&quot;&gt;We use computerized machine-bonding technology to connect air holding component. This is called thermal welding. There is no chemical glue using in the air holding parts.There are many advantages without using chemical glues. All chemical glues have a lifespan shorter than the PVC fabrics. They are easy to get loose and create an opening on the seam. Chemical glues are harmful to the environment, too. With the thermal welding technology, we can get rid of them.&lt;/span&gt;&lt;/p&gt;&lt;/div&gt;&lt;/span&gt;&lt;/div&gt;&lt;div class=&quot;cms-block xs-100 sm-50 md-50 lg-50 xl-50&quot; style=&quot;-webkit-font-smoothing: antialiased; -webkit-tap-highlight-color: transparent; margin: 0px 0px 20px; padding: 0px 20px 0px 0px; border: 0px; outline: 0px; width: 620px; float: left; position: relative; display: flex;&quot;&gt;&lt;span class=&quot;block-content block-content-top&quot; style=&quot;-webkit-font-smoothing: antialiased; -webkit-tap-highlight-color: transparent; margin: 0px; padding: 3px; border: 0px; outline: 0px; display: flex; width: 600px; -webkit-box-orient: vertical; -webkit-box-direction: normal; flex-flow: column nowrap; background-color: rgb(244, 244, 244); font-family: &amp;quot;Cantata One&amp;quot;; font-size: 40px; color: rgb(0, 0, 0);&quot;&gt;&lt;div class=&quot;editor-content&quot; style=&quot;-webkit-font-smoothing: antialiased; -webkit-tap-highlight-color: transparent; margin: 0px; padding: 0px; border: 0px; outline: 0px;&quot;&gt;&lt;p style=&quot;-webkit-font-smoothing: antialiased; -webkit-tap-highlight-color: transparent; margin-bottom: 0px; padding: 0px 0px 5px; border: 0px; outline: 0px;&quot;&gt;&lt;img alt=&quot;&quot; height=&quot;177&quot; src=&quot;http://innovoceans.com/image/rhermal%20weldding.jpg&quot; width=&quot;400&quot; style=&quot;-webkit-font-smoothing: antialiased; -webkit-tap-highlight-color: transparent; margin: 0px; padding: 0px; outline: 0px; max-width: 100%; height: auto !important;&quot;&gt;&lt;/p&gt;&lt;/div&gt;&lt;/span&gt;&lt;/div&gt;&lt;div class=&quot;cms-block xs-100 sm-50 md-50 lg-50 xl-50&quot; style=&quot;-webkit-font-smoothing: antialiased; -webkit-tap-highlight-color: transparent; margin: 0px 0px 20px; padding: 0px 20px 0px 0px; border: 0px; outline: 0px; width: 620px; float: left; position: relative; display: flex;&quot;&gt;&lt;span class=&quot;block-content block-content-top&quot; style=&quot;-webkit-font-smoothing: antialiased; -webkit-tap-highlight-color: transparent; margin: 0px; padding: 3px; border: 0px; outline: 0px; display: flex; width: 600px; -webkit-box-orient: vertical; -webkit-box-direction: normal; flex-flow: column nowrap; background-color: rgb(244, 244, 244); font-family: &amp;quot;Cantata One&amp;quot;; font-size: 40px; color: rgb(0, 0, 0);&quot;&gt;&lt;div class=&quot;editor-content&quot; style=&quot;-webkit-font-smoothing: antialiased; -webkit-tap-highlight-color: transparent; margin: 0px; padding: 0px; border: 0px; outline: 0px;&quot;&gt;&lt;p style=&quot;-webkit-font-smoothing: antialiased; -webkit-tap-highlight-color: transparent; margin-bottom: 0px; padding: 0px 0px 5px; border: 0px; outline: 0px; font-family: sans-serif, Arial, Verdana, &amp;quot;Trebuchet MS&amp;quot;; font-size: 13px; color: rgb(51, 51, 51);&quot;&gt;&lt;span style=&quot;-webkit-font-smoothing: antialiased; -webkit-tap-highlight-color: transparent; margin: 0px; padding: 0px; border: 0px; outline: 0px; font-family: &amp;quot;Cantata One&amp;quot;; font-size: 18px; color: rgb(0, 0, 0);&quot;&gt;&lt;strong style=&quot;-webkit-font-smoothing: antialiased; -webkit-tap-highlight-color: transparent; margin: 0px; padding: 0px; border: 0px; outline: 0px;&quot;&gt;High tensile chromated &amp;amp; powder coated Aluminum Alloy Transom&lt;/strong&gt;&lt;/span&gt;&lt;/p&gt;&lt;p style=&quot;-webkit-font-smoothing: antialiased; -webkit-tap-highlight-color: transparent; margin-bottom: 0px; padding: 0px 0px 5px; border: 0px; outline: 0px; font-family: sans-serif, Arial, Verdana, &amp;quot;Trebuchet MS&amp;quot;; font-size: 13px; color: rgb(51, 51, 51);&quot;&gt;&lt;span style=&quot;-webkit-font-smoothing: antialiased; -webkit-tap-highlight-color: transparent; margin: 0px; padding: 0px; border: 0px; outline: 0px; font-family: &amp;quot;Cantata One&amp;quot;; font-size: 14px; color: rgb(0, 0, 0);&quot;&gt;We use the aluminium alloy transom plates. They are as light as plywood or fiberglass transoms. However, traditional wooden or plastic transoms are easy to absorb water and become corrupted. Therefore wooden or plastic transoms usually have shorter lifecycles than the boat hull. Aluminium transoms are much more durable. Because of the chemical feature of aluminum, aluminium transoms are hardly get corrupted, even in sea water. The aluminium alloy is completely recyclable so it has some environment-friendly bonus.&lt;/span&gt;&lt;/p&gt;&lt;/div&gt;&lt;/span&gt;&lt;/div&gt;&lt;div class=&quot;cms-block xs-100 sm-50 md-50 lg-50 xl-50&quot; style=&quot;-webkit-font-smoothing: antialiased; -webkit-tap-highlight-color: transparent; margin: 0px 0px 20px; padding: 0px 20px 0px 0px; border: 0px; outline: 0px; width: 620px; float: left; position: relative; display: flex;&quot;&gt;&lt;span class=&quot;block-content block-content-top&quot; style=&quot;-webkit-font-smoothing: antialiased; -webkit-tap-highlight-color: transparent; margin: 0px; padding: 3px; border: 0px; outline: 0px; display: flex; width: 600px; -webkit-box-orient: vertical; -webkit-box-direction: normal; flex-flow: column nowrap; background-color: rgb(244, 244, 244); font-family: &amp;quot;Cantata One&amp;quot;; font-size: 40px; color: rgb(0, 0, 0);&quot;&gt;&lt;div class=&quot;editor-content&quot; style=&quot;-webkit-font-smoothing: antialiased; -webkit-tap-highlight-color: transparent; margin: 0px; padding: 0px; border: 0px; outline: 0px;&quot;&gt;&lt;p style=&quot;-webkit-font-smoothing: antialiased; -webkit-tap-highlight-color: transparent; margin-bottom: 0px; padding: 0px 0px 5px; border: 0px; outline: 0px;&quot;&gt;&lt;img alt=&quot;&quot; height=&quot;182&quot; src=&quot;http://innovoceans.com/image/IMG_2041.jpg&quot; width=&quot;400&quot; style=&quot;-webkit-font-smoothing: antialiased; -webkit-tap-highlight-color: transparent; margin: 0px; padding: 0px; outline: 0px; max-width: 100%; height: auto !important;&quot;&gt;&lt;/p&gt;&lt;/div&gt;&lt;/span&gt;&lt;/div&gt;&lt;div class=&quot;cms-block xs-100 sm-50 md-50 lg-50 xl-50&quot; style=&quot;-webkit-font-smoothing: antialiased; -webkit-tap-highlight-color: transparent; margin: 0px 0px 20px; padding: 0px 20px 0px 0px; border: 0px; outline: 0px; width: 620px; float: left; position: relative; display: flex;&quot;&gt;&lt;span class=&quot;block-content block-content-top&quot; style=&quot;-webkit-font-smoothing: antialiased; -webkit-tap-highlight-color: transparent; margin: 0px; padding: 3px; border: 0px; outline: 0px; display: flex; width: 600px; -webkit-box-orient: vertical; -webkit-box-direction: normal; flex-flow: column nowrap; background-color: rgb(244, 244, 244); font-family: &amp;quot;Cantata One&amp;quot;; font-size: 40px; color: rgb(0, 0, 0);&quot;&gt;&lt;div class=&quot;editor-content&quot; style=&quot;-webkit-font-smoothing: antialiased; -webkit-tap-highlight-color: transparent; margin: 0px; padding: 0px; border: 0px; outline: 0px;&quot;&gt;&lt;p style=&quot;-webkit-font-smoothing: antialiased; -webkit-tap-highlight-color: transparent; margin-bottom: 0px; padding: 0px 0px 5px; border: 0px; outline: 0px; font-family: sans-serif, Arial, Verdana, &amp;quot;Trebuchet MS&amp;quot;; font-size: 13px; color: rgb(51, 51, 51);&quot;&gt;&lt;span style=&quot;-webkit-font-smoothing: antialiased; -webkit-tap-highlight-color: transparent; margin: 0px; padding: 0px; border: 0px; outline: 0px; font-family: &amp;quot;Cantata One&amp;quot;; font-size: 18px; color: rgb(0, 0, 0);&quot;&gt;&lt;strong style=&quot;-webkit-font-smoothing: antialiased; -webkit-tap-highlight-color: transparent; margin: 0px; padding: 0px; border: 0px; outline: 0px;&quot;&gt;Bottom Protection&lt;/strong&gt;&lt;/span&gt;&lt;/p&gt;&lt;p style=&quot;-webkit-font-smoothing: antialiased; -webkit-tap-highlight-color: transparent; margin-bottom: 0px; padding: 0px 0px 5px; border: 0px; outline: 0px; font-family: sans-serif, Arial, Verdana, &amp;quot;Trebuchet MS&amp;quot;; font-size: 13px; color: rgb(51, 51, 51);&quot;&gt;&lt;span style=&quot;-webkit-font-smoothing: antialiased; -webkit-tap-highlight-color: transparent; margin: 0px; padding: 0px; border: 0px; outline: 0px; font-family: &amp;quot;Cantata One&amp;quot;; font-size: 14px; color: rgb(0, 0, 0);&quot;&gt;There are three 20cm wide corrugated rubber strips under tubes and keel on bottom to protect them effectively.&amp;nbsp; It helps to protect against any debris, rocks, logs you may encounter.&lt;/span&gt;&lt;/p&gt;&lt;/div&gt;&lt;/span&gt;&lt;/div&gt;&lt;div class=&quot;cms-block xs-100 sm-50 md-50 lg-50 xl-50&quot; style=&quot;-webkit-font-smoothing: antialiased; -webkit-tap-highlight-color: transparent; margin: 0px 0px 20px; padding: 0px 20px 0px 0px; border: 0px; outline: 0px; width: 620px; float: left; position: relative; display: flex;&quot;&gt;&lt;span class=&quot;block-content block-content-top&quot; style=&quot;-webkit-font-smoothing: antialiased; -webkit-tap-highlight-color: transparent; margin: 0px; padding: 3px; border: 0px; outline: 0px; display: flex; width: 600px; -webkit-box-orient: vertical; -webkit-box-direction: normal; flex-flow: column nowrap; background-color: rgb(244, 244, 244); font-family: &amp;quot;Cantata One&amp;quot;; font-size: 40px; color: rgb(0, 0, 0);&quot;&gt;&lt;div class=&quot;editor-content&quot; style=&quot;-webkit-font-smoothing: antialiased; -webkit-tap-highlight-color: transparent; margin: 0px; padding: 0px; border: 0px; outline: 0px;&quot;&gt;&lt;p style=&quot;-webkit-font-smoothing: antialiased; -webkit-tap-highlight-color: transparent; margin-bottom: 0px; padding: 0px 0px 5px; border: 0px; outline: 0px;&quot;&gt;&lt;img alt=&quot;&quot; height=&quot;191&quot; src=&quot;http://innovoceans.com/image/bottom2.jpg&quot; width=&quot;400&quot; style=&quot;-webkit-font-smoothing: antialiased; -webkit-tap-highlight-color: transparent; margin: 0px; padding: 0px; outline: 0px; max-width: 100%; height: auto !important;&quot;&gt;&lt;/p&gt;&lt;/div&gt;&lt;/span&gt;&lt;/div&gt;&lt;div class=&quot;cms-block xs-100 sm-50 md-50 lg-50 xl-50&quot; style=&quot;-webkit-font-smoothing: antialiased; -webkit-tap-highlight-color: transparent; margin: 0px 0px 20px; padding: 0px 20px 0px 0px; border: 0px; outline: 0px; width: 620px; float: left; position: relative; display: flex;&quot;&gt;&lt;span class=&quot;block-content block-content-top&quot; style=&quot;-webkit-font-smoothing: antialiased; -webkit-tap-highlight-color: transparent; margin: 0px; padding: 3px; border: 0px; outline: 0px; display: flex; width: 600px; -webkit-box-orient: vertical; -webkit-box-direction: normal; flex-flow: column nowrap; background-color: rgb(244, 244, 244); font-family: &amp;quot;Cantata One&amp;quot;; font-size: 40px; color: rgb(0, 0, 0);&quot;&gt;&lt;div class=&quot;editor-content&quot; style=&quot;-webkit-font-smoothing: antialiased; -webkit-tap-highlight-color: transparent; margin: 0px; padding: 0px; border: 0px; outline: 0px;&quot;&gt;&lt;p style=&quot;-webkit-font-smoothing: antialiased; -webkit-tap-highlight-color: transparent; margin-bottom: 0px; padding: 0px 0px 5px; border: 0px; outline: 0px; font-family: sans-serif, Arial, Verdana, &amp;quot;Trebuchet MS&amp;quot;; font-size: 13px; color: rgb(51, 51, 51);&quot;&gt;&lt;span style=&quot;-webkit-font-smoothing: antialiased; -webkit-tap-highlight-color: transparent; margin: 0px; padding: 0px; border: 0px; outline: 0px; font-family: georgia, serif; font-size: 40px; color: rgb(0, 0, 0);&quot;&gt;&lt;strong style=&quot;-webkit-font-smoothing: antialiased; -webkit-tap-highlight-color: transparent; margin: 0px; padding: 0px; border: 0px; outline: 0px;&quot;&gt;&lt;span style=&quot;-webkit-font-smoothing: antialiased; -webkit-tap-highlight-color: transparent; margin: 0px; padding: 0px; border: 0px; outline: 0px; font-weight: 400; font-family: &amp;quot;Cantata One&amp;quot;; font-size: 18px;&quot;&gt;Reinforced All the Connections&lt;/span&gt;&lt;/strong&gt;&lt;/span&gt;&lt;/p&gt;&lt;p style=&quot;-webkit-font-smoothing: antialiased; -webkit-tap-highlight-color: transparent; margin-bottom: 0px; padding: 0px 0px 5px; border: 0px; outline: 0px; font-family: sans-serif, Arial, Verdana, &amp;quot;Trebuchet MS&amp;quot;; font-size: 13px; color: rgb(51, 51, 51);&quot;&gt;&lt;span style=&quot;-webkit-font-smoothing: antialiased; -webkit-tap-highlight-color: transparent; margin: 0px; padding: 0px; border: 0px; outline: 0px; font-family: &amp;quot;Cantata One&amp;quot;; font-size: 14px; color: rgb(0, 0, 0);&quot;&gt;We added extra layers of material around the benches, handles, Transom area, D rings to reinforce these parts.&lt;/span&gt;&lt;/p&gt;&lt;/div&gt;&lt;/span&gt;&lt;/div&gt;&lt;div class=&quot;cms-block xs-100 sm-50 md-50 lg-50 xl-50&quot; style=&quot;-webkit-font-smoothing: antialiased; -webkit-tap-highlight-color: transparent; margin: 0px 0px 20px; padding: 0px 20px 0px 0px; border: 0px; outline: 0px; width: 620px; float: left; position: relative; display: flex;&quot;&gt;&lt;span class=&quot;block-content block-content-top&quot; style=&quot;-webkit-font-smoothing: antialiased; -webkit-tap-highlight-color: transparent; margin: 0px; padding: 3px; border: 0px; outline: 0px; display: flex; width: 600px; -webkit-box-orient: vertical; -webkit-box-direction: normal; flex-flow: column nowrap; background-color: rgb(244, 244, 244); font-family: &amp;quot;Cantata One&amp;quot;; font-size: 40px; color: rgb(0, 0, 0);&quot;&gt;&lt;div class=&quot;editor-content&quot; style=&quot;-webkit-font-smoothing: antialiased; -webkit-tap-highlight-color: transparent; margin: 0px; padding: 0px; border: 0px; outline: 0px;&quot;&gt;&lt;p style=&quot;-webkit-font-smoothing: antialiased; -webkit-tap-highlight-color: transparent; margin-bottom: 0px; padding: 0px 0px 5px; border: 0px; outline: 0px;&quot;&gt;&lt;img alt=&quot;&quot; height=&quot;190&quot; src=&quot;http://innovoceans.com/image/parts.jpg&quot; width=&quot;400&quot; style=&quot;-webkit-font-smoothing: antialiased; -webkit-tap-highlight-color: transparent; margin: 0px; padding: 0px; outline: 0px; max-width: 100%; height: auto !important;&quot;&gt;&lt;/p&gt;&lt;/div&gt;&lt;/span&gt;&lt;/div&gt;&lt;div class=&quot;cms-block xs-100 sm-50 md-50 lg-50 xl-50&quot; style=&quot;-webkit-font-smoothing: antialiased; -webkit-tap-highlight-color: transparent; margin: 0px 0px 20px; padding: 0px 20px 0px 0px; border: 0px; outline: 0px; width: 620px; float: left; position: relative; display: flex;&quot;&gt;&lt;span class=&quot;block-content block-content-top&quot; style=&quot;-webkit-font-smoothing: antialiased; -webkit-tap-highlight-color: transparent; margin: 0px; padding: 3px; border: 0px; outline: 0px; display: flex; width: 600px; -webkit-box-orient: vertical; -webkit-box-direction: normal; flex-flow: column nowrap; background-color: rgb(244, 244, 244); font-family: &amp;quot;Cantata One&amp;quot;; font-size: 40px; color: rgb(0, 0, 0);&quot;&gt;&lt;div class=&quot;editor-content&quot; style=&quot;-webkit-font-smoothing: antialiased; -webkit-tap-highlight-color: transparent; margin: 0px; padding: 0px; border: 0px; outline: 0px;&quot;&gt;&lt;p style=&quot;-webkit-font-smoothing: antialiased; -webkit-tap-highlight-color: transparent; margin-bottom: 0px; padding: 0px 0px 5px; border: 0px; outline: 0px;&quot;&gt;&lt;span style=&quot;-webkit-font-smoothing: antialiased; -webkit-tap-highlight-color: transparent; margin: 0px; padding: 0px; border: 0px; outline: 0px; font-size: 20px;&quot;&gt;&lt;strong style=&quot;-webkit-font-smoothing: antialiased; -webkit-tap-highlight-color: transparent; margin: 0px; padding: 0px; border: 0px; outline: 0px;&quot;&gt;Factory pre-installed Solution&lt;/strong&gt;&lt;/span&gt;&lt;/p&gt;&lt;p style=&quot;-webkit-font-smoothing: antialiased; -webkit-tap-highlight-color: transparent; margin-bottom: 0px; padding: 0px 0px 5px; border: 0px; outline: 0px; font-family: sans-serif, Arial, Verdana, &amp;quot;Trebuchet MS&amp;quot;; font-size: 13px; color: rgb(51, 51, 51);&quot;&gt;&lt;span style=&quot;-webkit-font-smoothing: antialiased; -webkit-tap-highlight-color: transparent; margin: 0px; padding: 0px; border: 0px; outline: 0px; font-family: &amp;quot;Cantata One&amp;quot;; font-size: 14px; color: rgb(0, 0, 0);&quot;&gt;With our factory pre-installed Solution, many functional accessaries are ready. Clients can install more equipment in seconds to avoid DIY or special order with less cost.&lt;/span&gt;&lt;/p&gt;&lt;ul style=&quot;-webkit-font-smoothing: antialiased; -webkit-tap-highlight-color: transparent; padding: 10px 0px 0px 25px; margin-right: 0px; margin-bottom: 0px; margin-left: 0px;&quot;&gt;&lt;li style=&quot;-webkit-font-smoothing: antialiased; -webkit-tap-highlight-color: transparent; margin-left: 30px; color: rgb(51, 51, 51); font-family: sans-serif, Arial, Verdana, &amp;quot;Trebuchet MS&amp;quot;; font-size: 13px;&quot;&gt;&lt;span style=&quot;-webkit-font-smoothing: antialiased; -webkit-tap-highlight-color: transparent; margin: 0px; padding: 0px; border: 0px; outline: 0px; font-size: 14px;&quot;&gt;&amp;nbsp;Anchor Tie-off Holder&lt;/span&gt;&lt;/li&gt;&lt;li style=&quot;-webkit-font-smoothing: antialiased; -webkit-tap-highlight-color: transparent; margin-left: 30px; color: rgb(51, 51, 51); font-family: sans-serif, Arial, Verdana, &amp;quot;Trebuchet MS&amp;quot;; font-size: 13px;&quot;&gt;&lt;span style=&quot;-webkit-font-smoothing: antialiased; -webkit-tap-highlight-color: transparent; margin: 0px; padding: 0px; border: 0px; outline: 0px; font-size: 14px;&quot;&gt;Two Universal Base Mounts for Rod holders&lt;/span&gt;&lt;/li&gt;&lt;li style=&quot;-webkit-font-smoothing: antialiased; -webkit-tap-highlight-color: transparent; margin-left: 30px; color: rgb(51, 51, 51); font-family: sans-serif, Arial, Verdana, &amp;quot;Trebuchet MS&amp;quot;; font-size: 13px;&quot;&gt;&lt;span style=&quot;-webkit-font-smoothing: antialiased; -webkit-tap-highlight-color: transparent; margin: 0px; padding: 0px; border: 0px; outline: 0px; font-size: 14px;&quot;&gt;Dingy Wheel Brackets&lt;/span&gt;&lt;/li&gt;&lt;li style=&quot;-webkit-font-smoothing: antialiased; -webkit-tap-highlight-color: transparent; margin-left: 30px; color: rgb(51, 51, 51); font-family: sans-serif, Arial, Verdana, &amp;quot;Trebuchet MS&amp;quot;; font-size: 13px;&quot;&gt;&lt;span style=&quot;-webkit-font-smoothing: antialiased; -webkit-tap-highlight-color: transparent; margin: 0px; padding: 0px; border: 0px; outline: 0px; font-size: 14px;&quot;&gt;Bimini Canopy (Optional)&lt;/span&gt;&lt;/li&gt;&lt;li style=&quot;-webkit-font-smoothing: antialiased; -webkit-tap-highlight-color: transparent; margin-left: 30px; color: rgb(51, 51, 51); font-family: sans-serif, Arial, Verdana, &amp;quot;Trebuchet MS&amp;quot;; font-size: 13px;&quot;&gt;&lt;span style=&quot;-webkit-font-smoothing: antialiased; -webkit-tap-highlight-color: transparent; margin: 0px; padding: 0px; border: 0px; outline: 0px; font-size: 14px;&quot;&gt;ladder (Optional)&lt;/span&gt;&lt;/li&gt;&lt;li style=&quot;-webkit-font-smoothing: antialiased; -webkit-tap-highlight-color: transparent; margin-left: 30px; color: rgb(51, 51, 51); font-family: sans-serif, Arial, Verdana, &amp;quot;Trebuchet MS&amp;quot;; font-size: 13px;&quot;&gt;&lt;span style=&quot;-webkit-font-smoothing: antialiased; -webkit-tap-highlight-color: transparent; margin: 0px; padding: 0px; border: 0px; outline: 0px; font-size: 14px;&quot;&gt;Fishfinder &amp;nbsp;&amp;nbsp;(Optional)&lt;/span&gt;&lt;/li&gt;&lt;li style=&quot;-webkit-font-smoothing: antialiased; -webkit-tap-highlight-color: transparent; margin-left: 30px; color: rgb(51, 51, 51); font-family: sans-serif, Arial, Verdana, &amp;quot;Trebuchet MS&amp;quot;; font-size: 13px;&quot;&gt;&lt;span style=&quot;-webkit-font-smoothing: antialiased; -webkit-tap-highlight-color: transparent; margin: 0px; padding: 0px; border: 0px; outline: 0px; font-size: 14px;&quot;&gt;GPS (Optional)&lt;/span&gt;&lt;/li&gt;&lt;/ul&gt;&lt;/div&gt;&lt;/span&gt;&lt;/div&gt;&lt;div class=&quot;cms-block xs-100 sm-50 md-50 lg-50 xl-50&quot; style=&quot;-webkit-font-smoothing: antialiased; -webkit-tap-highlight-color: transparent; margin: 0px 0px 20px; padding: 0px 20px 0px 0px; border: 0px; outline: 0px; width: 620px; float: left; position: relative; display: flex;&quot;&gt;&lt;span class=&quot;block-content block-content-top&quot; style=&quot;-webkit-font-smoothing: antialiased; -webkit-tap-highlight-color: transparent; margin: 0px; padding: 3px; border: 0px; outline: 0px; display: flex; width: 600px; -webkit-box-orient: vertical; -webkit-box-direction: normal; flex-flow: column nowrap; background-color: rgb(244, 244, 244); font-family: &amp;quot;Cantata One&amp;quot;; font-size: 40px; color: rgb(0, 0, 0);&quot;&gt;&lt;div class=&quot;editor-content&quot; style=&quot;-webkit-font-smoothing: antialiased; -webkit-tap-highlight-color: transparent; margin: 0px; padding: 0px; border: 0px; outline: 0px;&quot;&gt;&lt;p style=&quot;-webkit-font-smoothing: antialiased; -webkit-tap-highlight-color: transparent; margin-bottom: 0px; padding: 0px 0px 5px; border: 0px; outline: 0px;&quot;&gt;&lt;img alt=&quot;&quot; height=&quot;166&quot; src=&quot;http://innovoceans.com/image/DSC_3867.jpg&quot; width=&quot;250&quot; style=&quot;-webkit-font-smoothing: antialiased; -webkit-tap-highlight-color: transparent; margin: 0px; padding: 0px; outline: 0px; max-width: 100%; height: auto !important;&quot;&gt;&amp;nbsp;&lt;img alt=&quot;&quot; height=&quot;160&quot; src=&quot;http://innovoceans.com/image/DSC_3900.jpg&quot; width=&quot;250&quot; style=&quot;-webkit-font-smoothing: antialiased; -webkit-tap-highlight-color: transparent; margin: 0px; padding: 0px; outline: 0px; max-width: 100%; height: auto !important;&quot;&gt;&lt;/p&gt;&lt;p style=&quot;-webkit-font-smoothing: antialiased; -webkit-tap-highlight-color: transparent; margin-bottom: 0px; padding: 0px 0px 5px; border: 0px; outline: 0px;&quot;&gt;&lt;img alt=&quot;&quot; height=&quot;167&quot; src=&quot;http://innovoceans.com/image/anchor%20point.jpg&quot; width=&quot;250&quot; style=&quot;-webkit-font-smoothing: antialiased; -webkit-tap-highlight-color: transparent; margin: 0px; padding: 0px; outline: 0px; max-width: 100%; height: auto !important;&quot;&gt;&amp;nbsp;&lt;img alt=&quot;&quot; height=&quot;114&quot; src=&quot;http://innovoceans.com/image/IMG_2037.jpg&quot; width=&quot;250&quot; style=&quot;-webkit-font-smoothing: antialiased; -webkit-tap-highlight-color: transparent; margin: 0px; padding: 0px; outline: 0px; max-width: 100%; height: auto !important;&quot;&gt;&lt;/p&gt;&lt;/div&gt;&lt;/span&gt;&lt;/div&gt;&lt;div class=&quot;cms-block xs-100 sm-50 md-50 lg-50 xl-50&quot; style=&quot;-webkit-font-smoothing: antialiased; -webkit-tap-highlight-color: transparent; margin: 0px 0px 20px; padding: 0px 20px 0px 0px; border: 0px; outline: 0px; width: 620px; float: left; position: relative; display: flex;&quot;&gt;&lt;span class=&quot;block-content block-content-top&quot; style=&quot;-webkit-font-smoothing: antialiased; -webkit-tap-highlight-color: transparent; margin: 0px; padding: 3px; border: 0px; outline: 0px; display: flex; width: 600px; -webkit-box-orient: vertical; -webkit-box-direction: normal; flex-flow: column nowrap; background-color: rgb(244, 244, 244); font-family: &amp;quot;Cantata One&amp;quot;; font-size: 40px; color: rgb(0, 0, 0);&quot;&gt;&lt;div class=&quot;editor-content&quot; style=&quot;-webkit-font-smoothing: antialiased; -webkit-tap-highlight-color: transparent; margin: 0px; padding: 0px; border: 0px; outline: 0px;&quot;&gt;&lt;p style=&quot;-webkit-font-smoothing: antialiased; -webkit-tap-highlight-color: transparent; margin-bottom: 0px; padding: 0px 0px 5px; border: 0px; outline: 0px;&quot;&gt;&lt;span style=&quot;-webkit-font-smoothing: antialiased; -webkit-tap-highlight-color: transparent; margin: 0px; padding: 0px; border: 0px; outline: 0px; font-size: 20px;&quot;&gt;&lt;strong style=&quot;-webkit-font-smoothing: antialiased; -webkit-tap-highlight-color: transparent; margin: 0px; padding: 0px; border: 0px; outline: 0px;&quot;&gt;Easy &amp;amp; Comfortable Application&lt;/strong&gt;&lt;/span&gt;&lt;/p&gt;&lt;ul style=&quot;-webkit-font-smoothing: antialiased; -webkit-tap-highlight-color: transparent; padding: 10px 0px 0px 25px; margin-right: 0px; margin-bottom: 0px; margin-left: 0px;&quot;&gt;&lt;li style=&quot;-webkit-font-smoothing: antialiased; -webkit-tap-highlight-color: transparent; margin-left: 30px; color: rgb(51, 51, 51); font-family: sans-serif, Arial, Verdana, &amp;quot;Trebuchet MS&amp;quot;; font-size: 13px;&quot;&gt;&lt;span style=&quot;-webkit-font-smoothing: antialiased; -webkit-tap-highlight-color: transparent; margin: 0px; padding: 0px; border: 0px; outline: 0px; font-size: 14px;&quot;&gt;Two Load Bags: a heavy duty easy load bag for your boat and an XL bag for your floor and accessories Easy to carry and easy to storage boat in winter season.&amp;nbsp;&lt;/span&gt;&lt;/li&gt;&lt;li style=&quot;-webkit-font-smoothing: antialiased; -webkit-tap-highlight-color: transparent; margin-left: 30px; color: rgb(51, 51, 51); font-family: sans-serif, Arial, Verdana, &amp;quot;Trebuchet MS&amp;quot;; font-size: 13px;&quot;&gt;&lt;span style=&quot;-webkit-font-smoothing: antialiased; -webkit-tap-highlight-color: transparent; margin: 0px; padding: 0px; border: 0px; outline: 0px; font-size: 14px;&quot;&gt;Bench bags with Pad: More storage and hot prevent.&lt;/span&gt;&lt;/li&gt;&lt;li style=&quot;-webkit-font-smoothing: antialiased; -webkit-tap-highlight-color: transparent; margin-left: 30px; color: rgb(51, 51, 51); font-family: sans-serif, Arial, Verdana, &amp;quot;Trebuchet MS&amp;quot;; font-size: 13px;&quot;&gt;&lt;span style=&quot;-webkit-font-smoothing: antialiased; -webkit-tap-highlight-color: transparent; margin: 0px; padding: 0px; border: 0px; outline: 0px; font-size: 14px;&quot;&gt;Aluminum floor with Eva pad:&amp;nbsp;Anti-Slip and hot prevent.&lt;/span&gt;&lt;/li&gt;&lt;li style=&quot;-webkit-font-smoothing: antialiased; -webkit-tap-highlight-color: transparent; margin-left: 30px; color: rgb(51, 51, 51); font-family: sans-serif, Arial, Verdana, &amp;quot;Trebuchet MS&amp;quot;; font-size: 13px;&quot;&gt;&lt;span style=&quot;-webkit-font-smoothing: antialiased; -webkit-tap-highlight-color: transparent; margin: 0px; padding: 0px; border: 0px; outline: 0px; font-size: 14px;&quot;&gt;Bow Bag: More storage.&lt;/span&gt;&lt;/li&gt;&lt;li style=&quot;-webkit-font-smoothing: antialiased; -webkit-tap-highlight-color: transparent; margin-left: 30px; color: rgb(51, 51, 51); font-family: sans-serif, Arial, Verdana, &amp;quot;Trebuchet MS&amp;quot;; font-size: 13px;&quot;&gt;&lt;span style=&quot;-webkit-font-smoothing: antialiased; -webkit-tap-highlight-color: transparent; margin: 0px; padding: 0px; border: 0px; outline: 0px; font-size: 14px;&quot;&gt;Dingy wheels&amp;nbsp; (Option): Easily move to water&lt;/span&gt;&lt;/li&gt;&lt;/ul&gt;&lt;/div&gt;&lt;/span&gt;&lt;/div&gt;&lt;div class=&quot;cms-block xs-100 sm-50 md-50 lg-50 xl-50&quot; style=&quot;-webkit-font-smoothing: antialiased; -webkit-tap-highlight-color: transparent; margin: 0px 0px 20px; padding: 0px 20px 0px 0px; border: 0px; outline: 0px; width: 620px; float: left; position: relative; display: flex;&quot;&gt;&lt;span class=&quot;block-content block-content-top&quot; style=&quot;-webkit-font-smoothing: antialiased; -webkit-tap-highlight-color: transparent; margin: 0px; padding: 3px; border: 0px; outline: 0px; display: flex; width: 600px; -webkit-box-orient: vertical; -webkit-box-direction: normal; flex-flow: column nowrap; background-color: rgb(244, 244, 244); font-family: &amp;quot;Cantata One&amp;quot;; font-size: 40px; color: rgb(0, 0, 0);&quot;&gt;&lt;div class=&quot;editor-content&quot; style=&quot;-webkit-font-smoothing: antialiased; -webkit-tap-highlight-color: transparent; margin: 0px; padding: 0px; border: 0px; outline: 0px;&quot;&gt;&lt;p style=&quot;-webkit-font-smoothing: antialiased; -webkit-tap-highlight-color: transparent; margin-bottom: 0px; padding: 0px 0px 5px; border: 0px; outline: 0px;&quot;&gt;&lt;img alt=&quot;&quot; height=&quot;188&quot; src=&quot;http://innovoceans.com/image/IMG_0661.JPG&quot; width=&quot;250&quot; style=&quot;-webkit-font-smoothing: antialiased; -webkit-tap-highlight-color: transparent; margin: 0px; padding: 0px; outline: 0px; max-width: 100%; height: auto !important;&quot;&gt;&amp;nbsp;&amp;nbsp;&lt;img alt=&quot;&quot; height=&quot;162&quot; src=&quot;http://innovoceans.com/image/DSC_4931.jpg&quot; width=&quot;250&quot; style=&quot;-webkit-font-smoothing: antialiased; -webkit-tap-highlight-color: transparent; margin: 0px; padding: 0px; outline: 0px; max-width: 100%; height: auto !important;&quot;&gt;&lt;/p&gt;&lt;p style=&quot;-webkit-font-smoothing: antialiased; -webkit-tap-highlight-color: transparent; margin-bottom: 0px; padding: 0px 0px 5px; border: 0px; outline: 0px;&quot;&gt;&lt;img alt=&quot;&quot; height=&quot;333&quot; src=&quot;http://innovoceans.com/image/wheel.jpg&quot; width=&quot;250&quot; style=&quot;-webkit-font-smoothing: antialiased; -webkit-tap-highlight-color: transparent; margin: 0px; padding: 0px; outline: 0px; max-width: 100%; height: auto !important;&quot;&gt;&lt;/p&gt;&lt;/div&gt;&lt;/span&gt;&lt;/div&gt;&lt;/div&gt;&lt;/div&gt;','Why Us?','','');

--
-- Table structure for table `oc_information_to_layout`
--

CREATE TABLE `oc_information_to_layout` (
  `information_id` int(11) NOT NULL,
  `store_id` int(11) NOT NULL,
  `layout_id` int(11) NOT NULL,
  PRIMARY KEY (`information_id`,`store_id`)
) ENGINE=MyISAM DEFAULT CHARSET=utf8;

--
-- Dumping data for table `oc_information_to_layout`
--

INSERT INTO `oc_information_to_layout` VALUES (4,0,0),(7,0,0),(5,0,0),(12,0,0),(11,0,0),(10,0,0),(13,0,0),(14,0,0);

--
-- Table structure for table `oc_information_to_store`
--

CREATE TABLE `oc_information_to_store` (
  `information_id` int(11) NOT NULL,
  `store_id` int(11) NOT NULL,
  PRIMARY KEY (`information_id`,`store_id`)
) ENGINE=MyISAM DEFAULT CHARSET=utf8;

--
-- Dumping data for table `oc_information_to_store`
--

INSERT INTO `oc_information_to_store` VALUES (3,0),(4,0),(5,0),(7,0),(10,0),(11,0),(12,0),(13,0),(14,0);

--
-- Table structure for table `oc_journal2_blog_category`
--

CREATE TABLE `oc_journal2_blog_category` (
  `category_id` int(11) NOT NULL AUTO_INCREMENT,
  `parent_id` int(11) DEFAULT NULL,
  `image` varchar(256) DEFAULT NULL,
  `status` tinyint(1) DEFAULT NULL,
  `sort_order` int(11) DEFAULT NULL,
  PRIMARY KEY (`category_id`)
) ENGINE=MyISAM AUTO_INCREMENT=3 DEFAULT CHARSET=utf8;

--
-- Dumping data for table `oc_journal2_blog_category`
--


--
-- Table structure for table `oc_journal2_blog_category_description`
--

CREATE TABLE `oc_journal2_blog_category_description` (
  `category_id` int(11) NOT NULL DEFAULT '0',
  `language_id` int(11) NOT NULL DEFAULT '0',
  `name` varchar(256) DEFAULT NULL,
  `description` text,
  `meta_title` varchar(256) DEFAULT NULL,
  `meta_keywords` varchar(256) DEFAULT NULL,
  `meta_description` text,
  `keyword` varchar(256) DEFAULT NULL,
  PRIMARY KEY (`category_id`,`language_id`)
) ENGINE=MyISAM DEFAULT CHARSET=utf8;

--
-- Dumping data for table `oc_journal2_blog_category_description`
--


--
-- Table structure for table `oc_journal2_blog_category_to_layout`
--

CREATE TABLE `oc_journal2_blog_category_to_layout` (
  `category_id` int(11) NOT NULL AUTO_INCREMENT,
  `store_id` int(11) NOT NULL DEFAULT '0',
  `layout_id` int(11) DEFAULT NULL,
  PRIMARY KEY (`category_id`,`store_id`),
  KEY `layout_id` (`layout_id`)
) ENGINE=MyISAM AUTO_INCREMENT=3 DEFAULT CHARSET=utf8;

--
-- Dumping data for table `oc_journal2_blog_category_to_layout`
--


--
-- Table structure for table `oc_journal2_blog_category_to_store`
--

CREATE TABLE `oc_journal2_blog_category_to_store` (
  `category_id` int(11) DEFAULT NULL,
  `store_id` int(11) DEFAULT NULL
) ENGINE=MyISAM DEFAULT CHARSET=utf8;

--
-- Dumping data for table `oc_journal2_blog_category_to_store`
--


--
-- Table structure for table `oc_journal2_blog_comments`
--

CREATE TABLE `oc_journal2_blog_comments` (
  `comment_id` int(11) NOT NULL AUTO_INCREMENT,
  `parent_id` int(11) DEFAULT NULL,
  `post_id` int(11) DEFAULT NULL,
  `customer_id` int(11) DEFAULT NULL,
  `author_id` int(11) DEFAULT NULL,
  `name` varchar(256) DEFAULT NULL,
  `email` varchar(256) DEFAULT NULL,
  `website` varchar(256) DEFAULT NULL,
  `comment` text,
  `status` tinyint(1) DEFAULT NULL,
  `date` datetime DEFAULT NULL,
  PRIMARY KEY (`comment_id`)
) ENGINE=MyISAM DEFAULT CHARSET=utf8;

--
-- Dumping data for table `oc_journal2_blog_comments`
--


--
-- Table structure for table `oc_journal2_blog_post`
--

CREATE TABLE `oc_journal2_blog_post` (
  `post_id` int(11) NOT NULL AUTO_INCREMENT,
  `author_id` int(11) DEFAULT NULL,
  `image` varchar(256) DEFAULT NULL,
  `comments` tinyint(1) DEFAULT NULL,
  `status` tinyint(1) DEFAULT NULL,
  `sort_order` int(11) DEFAULT NULL,
  `date_created` datetime DEFAULT NULL,
  `date_updated` datetime DEFAULT NULL,
  `views` int(11) DEFAULT NULL,
  PRIMARY KEY (`post_id`)
) ENGINE=MyISAM AUTO_INCREMENT=15 DEFAULT CHARSET=utf8;

--
-- Dumping data for table `oc_journal2_blog_post`
--

INSERT INTO `oc_journal2_blog_post` VALUES (13,2,'Image/innologo4-263x80-263x80.jpg',2,1,0,'2017-08-18 10:16:45',NULL,13);

--
-- Table structure for table `oc_journal2_blog_post_description`
--

CREATE TABLE `oc_journal2_blog_post_description` (
  `post_id` int(11) NOT NULL DEFAULT '0',
  `language_id` int(11) NOT NULL DEFAULT '0',
  `name` varchar(256) DEFAULT NULL,
  `description` text,
  `meta_title` varchar(256) DEFAULT NULL,
  `meta_keywords` varchar(256) DEFAULT NULL,
  `meta_description` text,
  `keyword` varchar(256) DEFAULT NULL,
  `tags` varchar(256) DEFAULT NULL,
  PRIMARY KEY (`post_id`,`language_id`)
) ENGINE=MyISAM DEFAULT CHARSET=utf8;

--
-- Dumping data for table `oc_journal2_blog_post_description`
--

INSERT INTO `oc_journal2_blog_post_description` VALUES (13,1,'Why us?','<p><img alt=\"\" height=\"716\" src=\"http://innovocean.ca/image/Image/bkm/1.jpg\" width=\"1525\" /></p>\n\n<p><img alt=\"\" height=\"836\" src=\"http://innovocean.ca/image/Image/bkm/2.jpg\" width=\"1281\" /></p>\n\n<p><img alt=\"\" height=\"737\" src=\"http://innovocean.ca/image/Image/bkm/3.jpg\" width=\"1421\" /></p>\n\n<p><img alt=\"\" height=\"705\" src=\"http://innovocean.ca/image/Image/bkm/4.jpg\" width=\"1441\" /></p>','','','','Why choose innovocean inflatable boat?','');

--
-- Table structure for table `oc_journal2_blog_post_to_category`
--

CREATE TABLE `oc_journal2_blog_post_to_category` (
  `post_id` int(11) NOT NULL DEFAULT '0',
  `category_id` int(11) NOT NULL DEFAULT '0',
  PRIMARY KEY (`post_id`,`category_id`)
) ENGINE=MyISAM DEFAULT CHARSET=utf8;

--
-- Dumping data for table `oc_journal2_blog_post_to_category`
--


--
-- Table structure for table `oc_journal2_blog_post_to_layout`
--

CREATE TABLE `oc_journal2_blog_post_to_layout` (
  `post_id` int(11) NOT NULL AUTO_INCREMENT,
  `store_id` int(11) NOT NULL DEFAULT '0',
  `layout_id` int(11) DEFAULT NULL,
  PRIMARY KEY (`post_id`,`store_id`),
  KEY `layout_id` (`layout_id`)
) ENGINE=MyISAM AUTO_INCREMENT=15 DEFAULT CHARSET=utf8;

--
-- Dumping data for table `oc_journal2_blog_post_to_layout`
--

INSERT INTO `oc_journal2_blog_post_to_layout` VALUES (13,0,1);

--
-- Table structure for table `oc_journal2_blog_post_to_product`
--

CREATE TABLE `oc_journal2_blog_post_to_product` (
  `post_id` int(11) NOT NULL DEFAULT '0',
  `product_id` int(11) NOT NULL DEFAULT '0',
  PRIMARY KEY (`post_id`,`product_id`)
) ENGINE=MyISAM DEFAULT CHARSET=utf8;

--
-- Dumping data for table `oc_journal2_blog_post_to_product`
--


--
-- Table structure for table `oc_journal2_blog_post_to_store`
--

CREATE TABLE `oc_journal2_blog_post_to_store` (
  `post_id` int(11) DEFAULT NULL,
  `store_id` int(11) DEFAULT NULL
) ENGINE=MyISAM DEFAULT CHARSET=utf8;

--
-- Dumping data for table `oc_journal2_blog_post_to_store`
--

INSERT INTO `oc_journal2_blog_post_to_store` VALUES (13,0);

--
-- Table structure for table `oc_journal2_modules`
--

CREATE TABLE `oc_journal2_modules` (
  `module_id` int(11) NOT NULL AUTO_INCREMENT,
  `module_type` varchar(64) NOT NULL,
  `module_data` mediumtext NOT NULL,
  PRIMARY KEY (`module_id`)
) ENGINE=MyISAM AUTO_INCREMENT=58 DEFAULT CHARSET=utf8;

--
-- Dumping data for table `oc_journal2_modules`
--

INSERT INTO `oc_journal2_modules` VALUES (2,'journal2_slider','{\"module_name\":\"Home_ Slider\",\"width\":\"\",\"height\":\"800\",\"hidecaptionsonmobile\":\"0\",\"timer\":\"bottom\",\"js_options\":{\"delay\":\"7000\",\"onHoverStop\":\"off\",\"thumbWidth\":100,\"thumbHeight\":75,\"thumbAmount\":4,\"hideThumbs\":\"0\",\"navigationType\":\"bullet\",\"navigationArrows\":\"solo\",\"navigationStyle\":\"round\",\"navigationHAlign\":\"center\",\"navigationVAlign\":\"bottom\",\"navigationHOffset\":\"\",\"navigationVOffset\":\"20\"},\"preload_images\":\"1\",\"background\":{\"value\":{\"bgimage_attach\":\"scroll\",\"bgcolor\":{\"value\":{\"color\":\"rgb(255, 255, 255)\"}},\"use_gradient\":0,\"bgimage_size\":\"auto\",\"bgimage_position\":\"center top\"}},\"fullwidth\":\"1\",\"margin_top\":\"\",\"margin_bottom\":\"\",\"slides\":[{\"is_open\":true,\"slide_name\":\"\\u7b2c\\u4e00\",\"image\":{\"1\":\"Image\\/KBK\\/58d63.jpg\"},\"thumb\":{\"1\":\"\"},\"transition\":\"fade\",\"slotamount\":\"\",\"masterspeed\":800,\"delay\":\"\",\"captions\":[],\"status\":1,\"sort_order\":\"2\",\"link\":{\"menu_type\":\"custom\",\"menu_item\":[]},\"link_new_window\":\"0\",\"easing\":\"easeInOutQuart\"},{\"is_open\":true,\"slide_name\":\"\\u7b2c\\u4e09\",\"image\":{\"1\":\"Image\\/KBK\\/58d63d5eNb027a6f2.jpg\"},\"thumb\":{\"1\":\"\"},\"transition\":\"fade\",\"slotamount\":\"\",\"masterspeed\":800,\"delay\":\"\",\"captions\":[],\"status\":1,\"sort_order\":\"1\",\"link\":{\"menu_type\":\"custom\",\"menu_item\":[]},\"link_new_window\":\"0\",\"easing\":\"easeInOutQuart\"}],\"enable_on_phone\":\"1\",\"enable_on_tablet\":\"1\",\"enable_on_desktop\":\"1\",\"general_is_open\":true,\"navigation_is_open\":true,\"top_bottom_is_open\":true}'),(27,'journal2_cms_blocks','{\"module_name\":\"New Module\",\"module_title\":{\"value\":{\"1\":\"\"}},\"items_per_row\":{\"range\":\"1,10\",\"step\":\"1\",\"value\":{\"mobile\":{\"value\":\"3\",\"range\":\"1,10\",\"step\":\"1\"},\"mobile1\":{\"value\":\"3\",\"range\":\"1,10\",\"step\":\"1\"},\"tablet\":{\"value\":\"3\",\"range\":\"1,10\",\"step\":\"1\"},\"tablet1\":{\"value\":\"3\",\"range\":\"1,10\",\"step\":\"1\"},\"tablet2\":{\"value\":\"4\",\"range\":\"1,10\",\"step\":\"1\"},\"desktop\":{\"value\":\"3\",\"range\":\"1,10\",\"step\":\"1\"},\"desktop1\":{\"value\":\"4\",\"range\":\"1,10\",\"step\":\"1\"},\"desktop2\":{\"value\":\"4\",\"range\":\"1,10\",\"step\":\"1\"},\"large_desktop\":{\"value\":\"4\",\"range\":\"1,10\",\"step\":\"1\"},\"large_desktop1\":{\"value\":\"4\",\"range\":\"1,10\",\"step\":\"1\"},\"large_desktop2\":{\"value\":\"4\",\"range\":\"1,10\",\"step\":\"1\"}}},\"module_background\":{\"value\":{\"bgimage_attach\":\"fixed\",\"use_gradient\":\"0\",\"bgimage_size\":\"auto\",\"bgimage_position\":\"center top\",\"bgimage\":{\"value\":{\"image\":\"\"}},\"gradient\":\"background: #74e3ec; \\/* Old Browsers *\\/\\nbackground: -webkit-linear-gradient(left,#74e3ec,#c7ffe2); \\/*Safari 5.1-6*\\/\\nbackground: -o-linear-gradient(left,#74e3ec,#c7ffe2); \\/*Opera 11.1-12*\\/\\nbackground: -moz-linear-gradient(left,#74e3ec,#c7ffe2); \\/*Fx 3.6-15*\\/\\nbackground: linear-gradient(to right, #74e3ec, #c7ffe2); \\/*Standard*\\/\"}},\"module_padding\":\"1\",\"background\":{\"value\":{\"bgimage_attach\":\"scroll\",\"use_gradient\":0,\"bgimage_size\":\"auto\",\"bgimage_position\":\"center top\",\"bgimage\":{\"value\":{\"image\":\"\"}}}},\"fullwidth\":\"0\",\"margin_top\":\"\",\"margin_bottom\":\"\",\"bg\":{\"value\":{\"bgimage_attach\":\"scroll\",\"use_gradient\":\"0\",\"bgimage_size\":\"auto\",\"bgimage_position\":\"right center\",\"bgimage\":{\"value\":{\"image\":\"\"}},\"bgimage_repeat\":\"repeat-x\",\"gradient\":\"background: #ffffff; \\/* Old Browsers *\\/\\nbackground: -webkit-radial-gradient(center,#ffffff,#ffffff); \\/*Safari 5.1-6*\\/\\nbackground: -o-radial-gradient(center,#ffffff,#ffffff); \\/*Opera 11.1-12*\\/\\nbackground: -moz-radial-gradient(center,#ffffff,#ffffff); \\/*Fx 3.6-15*\\/\\nbackground: radial-gradient(ellipse at center, #ffffff, #ffffff); \\/*Standard*\\/\\n\\n\\nCSS Gradients Browser compatibility\\n\\nIE\\tEdge\\tFirefox\\tChrome\\tSafari\\tOpera\\tiOS Safari\\tOpera\\nMini\\tAndroid \\nBrowser\\tChrome\\nAndroid\\n10+\\t12+\\t16+\\t26+\\t6.1+\\t12\\t7.1+\\tx\\t4.4+\\t46+\\nAbout CSS Gradients\\n\\nThe CSS Gradient generator tool is a nice and simple to use utility to quickly generate linear and radial color gradients. You can create the gradients and export the CSS code with colors in HEX or RGB format. \\n\\n\\nWhat is a CSS Gradient? \\n\\nCSS3 gradients let you display smooth transitions between two or more specified colors.\\nEarlier, you had to use images for these effects. However, by using CSS3 gradients you can reduce download time and bandwidth usage. In addition, elements with gradients look better when zoomed, because the gradient is generated by the browser.\\n\\nCSS3 defines two types of gradients:\\n- Linear Gradients (goes down\\/up\\/left\\/right\\/diagonally)\\n- Radial Gradients (defined by their center)\\nDefinition from W3Schools \\n\\n\\nThe <gradient> CSS data type denotes a CSS <image> made of a progressive transition between two or more colors. A CSS gradient is not a CSS <color> but an image with no intrinsic dimensions; that is, it has no natural or preferred size, nor a preferred ratio. Its concrete size will match the one of the element it applies to. \\n\\nThere are three kinds of color gradients:\\n- linear gradients, generated by the linear-gradient() function, where the color smoothly fades along an imaginary line.\\n- radial gradients, generated by the radial-gradient() function. The more away from an origin a point is, the more far from the original color it is.\\n- repeating gradients, which are fixed sized linear or radial gradients repeated as much as needed to fill the entire box.\\n\\nDefinition from MDN - Mozilla Developer Network\\n\\n\\nWhere can I find more information about CSS gradients? \\n\\n- You can find more informaiton about CSS gradient at W3Schools, Mozilla Developer Network, W3C, QuirksMode \\n- Compatibility Data from Can I Use. More information about compatibility on Desktop and Network.\\n\\nCSS3 Linear Gradients - linear-gradient()\\n\\nWhat is a CSS Linear Gradient? \\n\\nA linear gradient is created by specifying a straight gradient line, and then several colors placed along that line. The image is constructed by creating an infinite canvas and painting it with lines perpendicular to the gradient line, with the color of the painted line being the color of the gradient line where the two intersect. This produces a smooth fade from each color to the next, progressing in the specified direction.\\n\\nDefinition from W3C\\n\\n\\nExamples of Linear Gradients \\n\\nLinear Gradient - Top to Bottom (default direction)\\n\\nLinear Gradient - Left to Right\\n\\nLinear Gradient - Right to Left\\n\\nLinear Gradient - Diagonal\\nCreate Linear Gradients More Linear Gradients\\nCSS3 Radial Gradients - radial-gradient()\\n\\nWhat is a CSS Radial Gradient? \\n\\nIn a radial gradient, rather than colors smoothly fading from one side of the gradient box to the other as with linear gradients, they instead emerge from a single point and smoothly spread outward in a circular or elliptical shape.\\n\\nA radial gradient is specified by indicating the center of the gradient (where the 0% ellipse will be) and the size and shape of the ending shape (the 100% ellipse). Color stops are given as a list, just as for linear-gradient(). Starting from the gradient center and progressing towards (and potentially beyond) the ending shape uniformly-scaled concentric ellipses are drawn and colored according to the specified color stops.\\n\\nDefinition from W3C\\n\\n\\nExamples of Radial Gradients \\n\\nRadial Gradient - Center (default direction)\\n\\nRadial Gradient - Top\\n\\nRadial Gradient - Bottom Left\\nCreate Radial Gradients More Radial Gradients\\n\\u00a9 2016-2017 - Made with \\u2665 \\u219d Say Hello! Scroll down for more info \\u2193\"}},\"border\":{\"value\":{\"border_rounded\":\"px\",\"border\":{\"value\":{\"text\":\"1\"}},\"border_top\":{\"value\":{\"text\":\"\"}},\"border_right\":{\"value\":{\"text\":\"\"}},\"border_bottom\":{\"value\":{\"text\":\"\"}},\"border_left\":{\"value\":{\"text\":\"\"}},\"border_radius\":{\"value\":{\"text\":\"1\"}},\"border_radius_top\":{\"value\":\"\"},\"border_radius_right\":{\"value\":\"\"},\"border_radius_left\":{\"value\":\"\"},\"border_radius_bottom\":{\"value\":{\"text\":\"\"}},\"border_color\":{\"value\":{\"color\":\"rgb(0, 0, 0)\"}},\"border_type\":\"dotted\"}},\"padding\":{\"value\":\"\"},\"sections\":[{\"bg_color\":{\"value\":{\"color\":\"rgb(255, 255, 255)\"}},\"is_open\":true,\"section_title\":[],\"text\":{\"1\":\"<p><a href=\\\"http:\\/\\/innovocean.ca\\/index.php?route=information\\/information&amp;information_id=13\\\"><img alt=\\\"\\\" height=\\\"150\\\" src=\\\"http:\\/\\/innovocean.ca\\/image\\/Image\\/bkm\\/tim.jpg\\\" width=\\\"200\\\" \\/><\\/a><\\/p>\\n\"},\"text_align\":\"center\",\"icon_status\":\"0\",\"icon_position\":\"top\",\"block_icon_offset\":\"\",\"icon\":{\"options\":{\"font_size\":\"16px\"}},\"icon_border\":{\"value\":{\"border_rounded\":\"px\"}},\"icon_bg_color\":\"\",\"icon_width\":\"\",\"icon_height\":\"\",\"status\":\"1\",\"sort_order\":\"1\"},{\"bg_color\":\"\",\"is_open\":true,\"section_title\":[],\"text\":{\"1\":\"<p><a href=\\\"http:\\/\\/innovocean.ca\\/index.php?route=information\\/information&amp;information_id=10\\\"><img alt=\\\"\\\" height=\\\"200\\\" src=\\\"http:\\/\\/innovocean.ca\\/image\\/Image\\/bkm\\/36a8c74d-6945-4a1f-8462-4c5640cdaa54_1000.jpg\\\" width=\\\"200\\\" \\/><\\/a><\\/p>\\n\"},\"text_align\":\"center\",\"icon_status\":\"0\",\"icon_position\":\"top\",\"block_icon_offset\":\"\",\"icon\":{\"options\":{\"font_size\":\"---\"}},\"icon_border\":{\"value\":{\"border_rounded\":\"px\"}},\"icon_bg_color\":\"\",\"icon_width\":\"\",\"icon_height\":\"\",\"status\":\"1\",\"sort_order\":\"2\"},{\"bg_color\":\"\",\"is_open\":true,\"section_title\":[],\"text\":{\"1\":\"<p><a href=\\\"http:\\/\\/innovocean.ca\\/index.php?route=information\\/information&amp;information_id=14\\\"><img alt=\\\"\\\" height=\\\"150\\\" src=\\\"http:\\/\\/innovocean.ca\\/image\\/Image\\/KBK\\/contact-us.png\\\" width=\\\"300\\\" \\/><\\/a><\\/p>\\n\"},\"text_align\":\"center\",\"icon_status\":\"0\",\"icon_position\":\"top\",\"block_icon_offset\":\"\",\"icon\":{\"options\":{\"font_size\":\"---\"}},\"icon_border\":{\"value\":{\"border_rounded\":\"px\"}},\"icon_bg_color\":\"\",\"icon_width\":\"\",\"icon_height\":\"\",\"status\":\"1\",\"sort_order\":\"\"},{\"bg_color\":\"\",\"is_open\":true,\"section_title\":[],\"text\":{\"1\":\"<p>&nbsp;<\\/p>\\n\\n<p>&nbsp;<\\/p>\\n\\n<p>&nbsp;<\\/p>\\n\\n<p><img alt=\\\"\\\" height=\\\"84\\\" src=\\\"http:\\/\\/innovocean.ca\\/image\\/Image\\/KBK\\/YouTube_logo.png\\\" width=\\\"200\\\" \\/><\\/p>\\n\"},\"text_align\":\"center\",\"icon_status\":\"0\",\"icon_position\":\"top\",\"block_icon_offset\":\"\",\"icon\":{\"options\":{\"font_size\":\"---\"}},\"icon_border\":{\"value\":{\"border_rounded\":\"px\"}},\"icon_bg_color\":\"\",\"icon_width\":\"\",\"icon_height\":\"\",\"status\":\"1\",\"sort_order\":\"\"}],\"enable_on_phone\":\"1\",\"enable_on_tablet\":\"1\",\"enable_on_desktop\":\"1\",\"general_is_open\":true,\"top_bottom_is_open\":true}'),(5,'journal2_side_category','{\"module_name\":\"New Side Category\",\"type\":\"accordion\",\"title\":{\"value\":{\"1\":\"Category\"}},\"show_categories\":1,\"sections\":[],\"general_is_open\":true}'),(43,'journal2_blog_posts','{\"general_is_open\":true,\"top_bottom_is_open\":true,\"close_others\":false,\"module_name\":\"New Module\",\"top_bottom_placement\":0,\"module_padding\":\"0\",\"background\":{\"value\":{\"bgimage_attach\":\"scroll\",\"use_gradient\":0,\"bgimage_size\":\"auto\",\"bgimage_position\":\"center top\"}},\"fullwidth\":\"0\",\"margin_top\":\"\",\"margin_bottom\":\"\",\"module_type\":\"newest\",\"posts\":[],\"display\":\"list\",\"items_per_row\":{\"range\":\"1,10\",\"step\":\"1\",\"value\":{\"mobile\":{\"value\":\"1\",\"range\":\"1,10\",\"step\":\"1\"},\"mobile1\":{\"value\":\"2\",\"range\":\"1,10\",\"step\":\"1\"},\"tablet\":{\"value\":\"3\",\"range\":\"1,10\",\"step\":\"1\"},\"tablet1\":{\"value\":\"2\",\"range\":\"1,10\",\"step\":\"1\"},\"tablet2\":{\"value\":\"1\",\"range\":\"1,10\",\"step\":\"1\"},\"desktop\":{\"value\":\"4\",\"range\":\"1,10\",\"step\":\"1\"},\"desktop1\":{\"value\":\"3\",\"range\":\"1,10\",\"step\":\"1\"},\"desktop2\":{\"value\":\"2\",\"range\":\"1,10\",\"step\":\"1\"},\"large_desktop\":{\"value\":\"5\",\"range\":\"1,10\",\"step\":\"1\"},\"large_desktop1\":{\"value\":\"4\",\"range\":\"1,10\",\"step\":\"1\"},\"large_desktop2\":{\"value\":\"3\",\"range\":\"1,10\",\"step\":\"1\"}}},\"description\":1,\"description_limit\":150,\"limit\":\"1\",\"content_align\":\"center\",\"image_width\":250,\"image_height\":250,\"image_type\":\"fit\",\"carousel\":\"0\",\"carousel_arrows\":\"top\",\"carousel_buttons\":1,\"autoplay\":\"1\",\"pause_on_hover\":\"1\",\"transition_speed\":\"400\",\"transition_delay\":\"5000\",\"enable_on_phone\":\"1\",\"enable_on_tablet\":\"1\",\"enable_on_desktop\":\"1\",\"title\":{\"value\":{\"1\":\"Event\"}},\"module_background\":{\"value\":{\"bgimage_attach\":\"scroll\",\"use_gradient\":0,\"bgimage_size\":\"auto\",\"bgimage_position\":\"center top\"}}}'),(44,'journal2_cms_blocks','{\"module_name\":\"New Module\",\"module_title\":{\"value\":{\"1\":\"\"}},\"items_per_row\":{\"range\":\"1,10\",\"step\":\"1\",\"value\":{\"mobile\":{\"value\":\"1\",\"range\":\"1,10\",\"step\":\"1\"},\"mobile1\":{\"value\":\"2\",\"range\":\"1,10\",\"step\":\"1\"},\"tablet\":{\"value\":\"2\",\"range\":\"1,10\",\"step\":\"1\"},\"tablet1\":{\"value\":\"2\",\"range\":\"1,10\",\"step\":\"1\"},\"tablet2\":{\"value\":\"2\",\"range\":\"1,10\",\"step\":\"1\"},\"desktop\":{\"value\":\"4\",\"range\":\"1,10\",\"step\":\"1\"},\"desktop1\":{\"value\":\"4\",\"range\":\"1,10\",\"step\":\"1\"},\"desktop2\":{\"value\":\"2\",\"range\":\"1,10\",\"step\":\"1\"},\"large_desktop\":{\"value\":\"1\",\"range\":\"1,10\",\"step\":\"1\"},\"large_desktop1\":{\"value\":\"1\",\"range\":\"1,10\",\"step\":\"1\"},\"large_desktop2\":{\"value\":\"3\",\"range\":\"1,10\",\"step\":\"1\"}}},\"module_background\":{\"value\":{\"bgimage_attach\":\"scroll\",\"use_gradient\":0,\"bgimage_size\":\"auto\",\"bgimage_position\":\"center top\"}},\"module_padding\":\"0\",\"background\":{\"value\":{\"bgimage_attach\":\"scroll\",\"use_gradient\":0,\"bgimage_size\":\"auto\",\"bgimage_position\":\"center top\"}},\"fullwidth\":\"1\",\"margin_top\":\"\",\"margin_bottom\":\"\",\"bg\":{\"value\":{\"bgimage_attach\":\"scroll\",\"use_gradient\":0,\"bgimage_size\":\"auto\",\"bgimage_position\":\"center top\"}},\"border\":{\"value\":{\"border_rounded\":\"px\"}},\"padding\":{\"value\":\"\"},\"sections\":[{\"bg_color\":{\"value\":{\"color\":\"rgb(255, 255, 255)\"}},\"is_open\":true,\"section_title\":[],\"text\":{\"1\":\"<p><a href=\\\"http:\\/\\/innovocean.ca\\/index.php?route=product\\/category&amp;path=72\\\"><img alt=\\\"\\\" height=\\\"400\\\" src=\\\"http:\\/\\/innovocean.ca\\/image\\/Image\\/1.jpg\\\" width=\\\"1920\\\" \\/><\\/a><\\/p>\\n\"},\"text_align\":\"left\",\"icon_status\":\"0\",\"icon_position\":\"top\",\"block_icon_offset\":\"\",\"icon\":{\"options\":{\"font_size\":\"16px\"}},\"icon_border\":{\"value\":{\"border_rounded\":\"px\"}},\"icon_bg_color\":\"\",\"icon_width\":\"\",\"icon_height\":\"\",\"status\":\"1\",\"sort_order\":\"1\"},{\"bg_color\":{\"value\":{\"color\":\"rgb(255, 255, 255)\"}},\"is_open\":true,\"section_title\":[],\"text\":{\"1\":\"<p style=\\\"text-align: center;\\\"><a href=\\\"http:\\/\\/innovocean.ca\\/index.php?route=product\\/category&amp;path=75\\\"><img alt=\\\"\\\" height=\\\"400\\\" src=\\\"http:\\/\\/innovocean.ca\\/image\\/Image\\/KBK\\/3.jpg\\\" width=\\\"1920\\\" \\/><\\/a><\\/p>\\n\"},\"text_align\":\"center\",\"icon_status\":\"0\",\"icon_position\":\"top\",\"block_icon_offset\":\"\",\"icon\":{\"options\":{\"font_size\":\"16px\"}},\"icon_border\":{\"value\":{\"border_rounded\":\"px\"}},\"icon_bg_color\":\"\",\"icon_width\":\"\",\"icon_height\":\"\",\"status\":\"1\",\"sort_order\":\"3\"},{\"bg_color\":{\"value\":{\"color\":\"rgb(255, 255, 255)\"}},\"is_open\":true,\"section_title\":[],\"text\":{\"1\":\"<p><a href=\\\"http:\\/\\/innovocean.ca\\/index.php?route=product\\/category&amp;path=76\\\"><img alt=\\\"\\\" height=\\\"400\\\" src=\\\"http:\\/\\/innovocean.ca\\/image\\/Image\\/KBK\\/5.jpg\\\" width=\\\"1920\\\" \\/><\\/a><\\/p>\\n\"},\"text_align\":\"center\",\"icon_status\":\"0\",\"icon_position\":\"top\",\"block_icon_offset\":\"\",\"icon\":{\"options\":{\"font_size\":\"16px\"}},\"icon_border\":{\"value\":{\"border_rounded\":\"px\"}},\"icon_bg_color\":\"\",\"icon_width\":\"\",\"icon_height\":\"\",\"status\":\"1\",\"sort_order\":\"4\"},{\"bg_color\":\"\",\"is_open\":true,\"section_title\":[],\"text\":{\"1\":\"<p><a href=\\\"http:\\/\\/innovocean.ca\\/index.php?route=product\\/category&amp;path=73\\\"><img alt=\\\"\\\" height=\\\"400\\\" src=\\\"http:\\/\\/innovocean.ca\\/image\\/Image\\/KBK\\/2.jpg\\\" width=\\\"1920\\\" \\/><\\/a><\\/p>\\n\"},\"text_align\":\"left\",\"icon_status\":\"0\",\"icon_position\":\"top\",\"block_icon_offset\":\"\",\"icon\":{\"options\":{\"font_size\":\"---\"}},\"icon_border\":{\"value\":{\"border_rounded\":\"px\"}},\"icon_bg_color\":\"\",\"icon_width\":\"\",\"icon_height\":\"\",\"status\":\"1\",\"sort_order\":\"2\"},{\"bg_color\":\"\",\"is_open\":true,\"section_title\":[],\"text\":{\"1\":\"<p><img alt=\\\"\\\" height=\\\"400\\\" src=\\\"http:\\/\\/innovocean.ca\\/image\\/Image\\/KBK\\/4.jpg\\\" width=\\\"1920\\\" \\/><\\/p>\\n\"},\"text_align\":\"left\",\"icon_status\":\"0\",\"icon_position\":\"top\",\"block_icon_offset\":\"\",\"icon\":{\"options\":{\"font_size\":\"---\"}},\"icon_border\":{\"value\":{\"border_rounded\":\"px\"}},\"icon_bg_color\":\"\",\"icon_width\":\"\",\"icon_height\":\"\",\"status\":\"1\",\"sort_order\":\"5\"}],\"enable_on_phone\":\"1\",\"enable_on_tablet\":\"1\",\"enable_on_desktop\":\"1\",\"general_is_open\":true,\"top_bottom_is_open\":true}'),(53,'journal2_blog_side_posts','{\"general_is_open\":true,\"close_others\":false,\"module_name\":\"New Module\",\"module_type\":\"newest\",\"posts\":[],\"limit\":5,\"title\":{\"value\":{\"1\":\"\\u6700\\u65b0\\u8d44\\u8baf\"}}}'),(56,'journal2_cms_blocks','{\"module_name\":\"New Module\",\"module_title\":{\"value\":{\"1\":\"\"}},\"items_per_row\":{\"range\":\"1,10\",\"step\":\"1\",\"value\":{\"mobile\":{\"value\":\"1\",\"range\":\"1,10\",\"step\":\"1\"},\"mobile1\":{\"value\":\"2\",\"range\":\"1,10\",\"step\":\"1\"},\"tablet\":{\"value\":\"2\",\"range\":\"1,10\",\"step\":\"1\"},\"tablet1\":{\"value\":\"2\",\"range\":\"1,10\",\"step\":\"1\"},\"tablet2\":{\"value\":\"2\",\"range\":\"1,10\",\"step\":\"1\"},\"desktop\":{\"value\":\"4\",\"range\":\"1,10\",\"step\":\"1\"},\"desktop1\":{\"value\":\"4\",\"range\":\"1,10\",\"step\":\"1\"},\"desktop2\":{\"value\":\"2\",\"range\":\"1,10\",\"step\":\"1\"},\"large_desktop\":{\"value\":\"4\",\"range\":\"1,10\",\"step\":\"1\"},\"large_desktop1\":{\"value\":\"4\",\"range\":\"1,10\",\"step\":\"1\"},\"large_desktop2\":{\"value\":\"4\",\"range\":\"1,10\",\"step\":\"1\"}}},\"module_background\":{\"value\":{\"bgimage_attach\":\"scroll\",\"use_gradient\":0,\"bgimage_size\":\"auto\",\"bgimage_position\":\"center top\"}},\"module_padding\":\"0\",\"background\":{\"value\":{\"bgimage_attach\":\"scroll\",\"use_gradient\":0,\"bgimage_size\":\"auto\",\"bgimage_position\":\"center top\"}},\"fullwidth\":\"0\",\"margin_top\":\"\",\"margin_bottom\":\"\",\"bg\":{\"value\":{\"bgimage_attach\":\"scroll\",\"use_gradient\":0,\"bgimage_size\":\"auto\",\"bgimage_position\":\"center top\"}},\"border\":{\"value\":{\"border_rounded\":\"px\"}},\"padding\":{\"value\":\"\"},\"sections\":[{\"bg_color\":\"\",\"is_open\":true,\"section_title\":[],\"text\":{\"1\":\"<p><img alt=\\\"\\\" height=\\\"280\\\" src=\\\"http:\\/\\/innovocean.ca\\/image\\/SKseries\\/SK360DGFront.png\\\" width=\\\"200\\\" \\/><\\/p>\\n\\n<p>&nbsp;<\\/p>\\n\"},\"text_align\":\"left\",\"icon_status\":\"0\",\"icon_position\":\"top\",\"block_icon_offset\":\"\",\"icon\":{\"options\":{\"font_size\":\"---\"}},\"icon_border\":{\"value\":{\"border_rounded\":\"px\"}},\"icon_bg_color\":\"\",\"icon_width\":\"\",\"icon_height\":\"\",\"status\":\"1\",\"sort_order\":\"\"}],\"enable_on_phone\":\"1\",\"enable_on_tablet\":\"1\",\"enable_on_desktop\":\"1\",\"general_is_open\":true,\"top_bottom_is_open\":true}'),(57,'','{\"module_name\":\"Copy of \"}');

--
-- Table structure for table `oc_journal2_skins`
--

CREATE TABLE `oc_journal2_skins` (
  `skin_id` int(11) NOT NULL AUTO_INCREMENT,
  `skin_name` varchar(64) NOT NULL,
  `parent_id` int(11) NOT NULL,
  PRIMARY KEY (`skin_id`)
) ENGINE=MyISAM AUTO_INCREMENT=100 DEFAULT CHARSET=utf8;

--
-- Dumping data for table `oc_journal2_skins`
--


--
-- Table structure for table `oc_language`
--

CREATE TABLE `oc_language` (
  `language_id` int(11) NOT NULL AUTO_INCREMENT,
  `name` varchar(32) NOT NULL,
  `code` varchar(5) NOT NULL,
  `locale` varchar(255) NOT NULL,
  `image` varchar(64) NOT NULL,
  `directory` varchar(32) NOT NULL,
  `sort_order` int(3) NOT NULL DEFAULT '0',
  `status` tinyint(1) NOT NULL,
  PRIMARY KEY (`language_id`),
  KEY `name` (`name`)
) ENGINE=MyISAM AUTO_INCREMENT=2 DEFAULT CHARSET=utf8;

--
-- Dumping data for table `oc_language`
--

INSERT INTO `oc_language` VALUES (1,'English','en','en_US.UTF-8,en_US,en-gb,english','gb.png','english',1,1);

--
-- Table structure for table `oc_layout`
--

CREATE TABLE `oc_layout` (
  `layout_id` int(11) NOT NULL AUTO_INCREMENT,
  `name` varchar(64) NOT NULL,
  PRIMARY KEY (`layout_id`)
) ENGINE=MyISAM AUTO_INCREMENT=16 DEFAULT CHARSET=utf8;

--
-- Dumping data for table `oc_layout`
--

INSERT INTO `oc_layout` VALUES (1,'Home'),(2,'Product'),(3,'Category'),(4,'Default'),(5,'Manufacturer'),(6,'Account'),(7,'Checkout'),(8,'Contact'),(10,'Affiliate'),(11,'Information'),(12,'Compare'),(13,'Search'),(14,'Journal Blog'),(15,'Journal Blog Post');

--
-- Table structure for table `oc_layout_module`
--

CREATE TABLE `oc_layout_module` (
  `layout_module_id` int(11) NOT NULL AUTO_INCREMENT,
  `layout_id` int(11) NOT NULL,
  `code` varchar(64) NOT NULL,
  `position` varchar(14) NOT NULL,
  `sort_order` int(3) NOT NULL,
  PRIMARY KEY (`layout_module_id`)
) ENGINE=MyISAM AUTO_INCREMENT=424 DEFAULT CHARSET=utf8;

--
-- Dumping data for table `oc_layout_module`
--

INSERT INTO `oc_layout_module` VALUES (2,4,'0','content_top',0),(3,4,'0','content_top',1),(20,5,'0','column_left',2),(69,10,'affiliate','column_right',1),(68,6,'account','column_right',1),(72,3,'category','column_left',1),(80,1,'journal2_static_banners.3','content_top',0),(423,1,'journal2_blog_posts.43','content_bottom',2),(125,1,'journal2_fullscreen_slider.31','footer',0),(123,1,'journal2_fullscreen_slider.1','footer',0),(124,1,'journal2_fullscreen_slider.13','footer',1),(143,1,'journal2_slider.2','top',0),(386,2,'journal2_side_category.5','column_left',1),(387,3,'journal2_side_category.5','column_left',2),(419,1,'journal2_cms_blocks.56','column_right',0),(146,1,'journal2_blog_categories.37','column_left',0),(157,1,'journal2_photo_gallery.40','bottom',0),(169,1,'journal2_newsletter.42','content_bottom',0),(418,1,'journal2_cms_blocks.44','bottom',1),(417,1,'journal2_cms_blocks.27','content_bottom',2);

--
-- Table structure for table `oc_layout_route`
--

CREATE TABLE `oc_layout_route` (
  `layout_route_id` int(11) NOT NULL AUTO_INCREMENT,
  `layout_id` int(11) NOT NULL,
  `store_id` int(11) NOT NULL,
  `route` varchar(255) NOT NULL,
  PRIMARY KEY (`layout_route_id`)
) ENGINE=MyISAM AUTO_INCREMENT=56 DEFAULT CHARSET=utf8;

--
-- Dumping data for table `oc_layout_route`
--

INSERT INTO `oc_layout_route` VALUES (38,6,0,'account/%'),(17,10,0,'affiliate/%'),(44,3,0,'product/category'),(42,1,0,'common/home'),(20,2,0,'product/product'),(24,11,0,'information/information'),(23,7,0,'checkout/%'),(31,8,0,'information/contact'),(34,4,0,''),(45,5,0,'product/manufacturer'),(52,12,0,'product/compare'),(53,13,0,'product/search'),(54,14,0,'journal2/blog'),(55,15,0,'journal2/blog/post');

--
-- Table structure for table `oc_length_class`
--

CREATE TABLE `oc_length_class` (
  `length_class_id` int(11) NOT NULL AUTO_INCREMENT,
  `value` decimal(15,8) NOT NULL,
  PRIMARY KEY (`length_class_id`)
) ENGINE=MyISAM AUTO_INCREMENT=4 DEFAULT CHARSET=utf8;

--
-- Dumping data for table `oc_length_class`
--

INSERT INTO `oc_length_class` VALUES (1,1.00000000),(2,10.00000000),(3,0.39370000);

--
-- Table structure for table `oc_length_class_description`
--

CREATE TABLE `oc_length_class_description` (
  `length_class_id` int(11) NOT NULL AUTO_INCREMENT,
  `language_id` int(11) NOT NULL,
  `title` varchar(32) NOT NULL,
  `unit` varchar(4) NOT NULL,
  PRIMARY KEY (`length_class_id`,`language_id`)
) ENGINE=MyISAM AUTO_INCREMENT=4 DEFAULT CHARSET=utf8;

--
-- Dumping data for table `oc_length_class_description`
--

INSERT INTO `oc_length_class_description` VALUES (1,1,'Centimeter','cm'),(2,1,'Millimeter','mm'),(3,1,'Inch','in');

--
-- Table structure for table `oc_location`
--

CREATE TABLE `oc_location` (
  `location_id` int(11) NOT NULL AUTO_INCREMENT,
  `name` varchar(32) NOT NULL,
  `address` text NOT NULL,
  `telephone` varchar(32) NOT NULL,
  `fax` varchar(32) NOT NULL,
  `geocode` varchar(32) NOT NULL,
  `image` varchar(255) DEFAULT NULL,
  `open` text NOT NULL,
  `comment` text NOT NULL,
  PRIMARY KEY (`location_id`),
  KEY `name` (`name`)
) ENGINE=MyISAM AUTO_INCREMENT=2 DEFAULT CHARSET=utf8;

--
-- Dumping data for table `oc_location`
--

INSERT INTO `oc_location` VALUES (1,'Tofun Marine Supply Inc.','91 Plains Road East UNIT C3, Burlington ON','905-3336636','','L7T2C2','','','');

--
-- Table structure for table `oc_manufacturer`
--

CREATE TABLE `oc_manufacturer` (
  `manufacturer_id` int(11) NOT NULL AUTO_INCREMENT,
  `name` varchar(64) NOT NULL,
  `image` varchar(255) DEFAULT NULL,
  `sort_order` int(3) NOT NULL,
  PRIMARY KEY (`manufacturer_id`)
) ENGINE=MyISAM AUTO_INCREMENT=12 DEFAULT CHARSET=utf8;

--
-- Dumping data for table `oc_manufacturer`
--

INSERT INTO `oc_manufacturer` VALUES (11,'Innovoceans ','images/logo.jpg',0);

--
-- Table structure for table `oc_manufacturer_to_store`
--

CREATE TABLE `oc_manufacturer_to_store` (
  `manufacturer_id` int(11) NOT NULL,
  `store_id` int(11) NOT NULL,
  PRIMARY KEY (`manufacturer_id`,`store_id`)
) ENGINE=MyISAM DEFAULT CHARSET=utf8;

--
-- Dumping data for table `oc_manufacturer_to_store`
--

INSERT INTO `oc_manufacturer_to_store` VALUES (11,0);

--
-- Table structure for table `oc_marketing`
--

CREATE TABLE `oc_marketing` (
  `marketing_id` int(11) NOT NULL AUTO_INCREMENT,
  `name` varchar(32) NOT NULL,
  `description` text NOT NULL,
  `code` varchar(64) NOT NULL,
  `clicks` int(5) NOT NULL DEFAULT '0',
  `date_added` datetime NOT NULL,
  PRIMARY KEY (`marketing_id`)
) ENGINE=MyISAM DEFAULT CHARSET=utf8;

--
-- Dumping data for table `oc_marketing`
--


--
-- Table structure for table `oc_modification`
--

CREATE TABLE `oc_modification` (
  `modification_id` int(11) NOT NULL AUTO_INCREMENT,
  `name` varchar(64) NOT NULL,
  `code` varchar(64) NOT NULL,
  `author` varchar(64) NOT NULL,
  `version` varchar(32) NOT NULL,
  `link` varchar(255) NOT NULL,
  `xml` text NOT NULL,
  `status` tinyint(1) NOT NULL,
  `date_added` datetime NOT NULL,
  PRIMARY KEY (`modification_id`)
) ENGINE=MyISAM DEFAULT CHARSET=utf8;

--
-- Dumping data for table `oc_modification`
--


--
-- Table structure for table `oc_module`
--

CREATE TABLE `oc_module` (
  `module_id` int(11) NOT NULL AUTO_INCREMENT,
  `name` varchar(64) NOT NULL,
  `code` varchar(32) NOT NULL,
  `setting` text NOT NULL,
  PRIMARY KEY (`module_id`)
) ENGINE=MyISAM AUTO_INCREMENT=34 DEFAULT CHARSET=utf8;

--
-- Dumping data for table `oc_module`
--

INSERT INTO `oc_module` VALUES (33,'Featured Boats','featured','{\"name\":\"Featured Boats\",\"product\":[\"55\",\"53\",\"50\",\"54\",\"52\",\"51\",\"65\",\"62\"],\"limit\":\"8\",\"width\":\"200\",\"height\":\"200\",\"status\":\"1\"}');

--
-- Table structure for table `oc_option`
--

CREATE TABLE `oc_option` (
  `option_id` int(11) NOT NULL AUTO_INCREMENT,
  `type` varchar(32) NOT NULL,
  `sort_order` int(3) NOT NULL,
  PRIMARY KEY (`option_id`)
) ENGINE=MyISAM AUTO_INCREMENT=17 DEFAULT CHARSET=utf8;

--
-- Dumping data for table `oc_option`
--

INSERT INTO `oc_option` VALUES (1,'radio',1),(2,'checkbox',2),(4,'text',3),(5,'image',4),(6,'textarea',5),(7,'file',6),(8,'date',7),(9,'time',8),(10,'datetime',9),(11,'select',10),(12,'date',11),(13,'image',1),(14,'select',0),(15,'image',0),(16,'image',2);

--
-- Table structure for table `oc_option_description`
--

CREATE TABLE `oc_option_description` (
  `option_id` int(11) NOT NULL,
  `language_id` int(11) NOT NULL,
  `name` varchar(128) NOT NULL,
  PRIMARY KEY (`option_id`,`language_id`)
) ENGINE=MyISAM DEFAULT CHARSET=utf8;

--
-- Dumping data for table `oc_option_description`
--

INSERT INTO `oc_option_description` VALUES (1,1,'Radio'),(2,1,'Checkbox'),(4,1,'Text'),(6,1,'Textarea'),(8,1,'Date'),(7,1,'File'),(5,1,'Color'),(9,1,'Time'),(10,1,'Date &amp; Time'),(12,1,'Delivery Date'),(11,1,'Size'),(13,1,'座位'),(14,1,'重量'),(15,1,'SK Color'),(16,1,'VIB Color');

--
-- Table structure for table `oc_option_value`
--

CREATE TABLE `oc_option_value` (
  `option_value_id` int(11) NOT NULL AUTO_INCREMENT,
  `option_id` int(11) NOT NULL,
  `image` varchar(255) NOT NULL,
  `sort_order` int(3) NOT NULL,
  PRIMARY KEY (`option_value_id`)
) ENGINE=MyISAM AUTO_INCREMENT=63 DEFAULT CHARSET=utf8;

--
-- Dumping data for table `oc_option_value`
--

INSERT INTO `oc_option_value` VALUES (43,1,'',3),(32,1,'',1),(45,2,'',4),(44,2,'',3),(56,14,'',6),(31,1,'',2),(23,2,'',1),(24,2,'',2),(46,11,'',1),(47,11,'',2),(48,11,'',3),(50,13,'02.png',2),(49,13,'1.png',1),(55,14,'',5),(54,14,'',4),(53,14,'',3),(52,14,'',2),(51,14,'',1),(57,14,'',7),(58,5,'color/30968168_001_s.jpg',4),(41,5,'',3),(40,5,'',2),(39,5,'color/FF0000.png.png',1),(59,15,'SKseries/270/SK270.jpg',1),(60,15,'SKseries/270/SK360BGFront.jpg',2),(61,16,'VIBS/8-2000x2000 (1).jpg',1),(62,16,'ALS/P1010263_副本.png',2);

--
-- Table structure for table `oc_option_value_description`
--

CREATE TABLE `oc_option_value_description` (
  `option_value_id` int(11) NOT NULL,
  `language_id` int(11) NOT NULL,
  `option_id` int(11) NOT NULL,
  `name` varchar(128) NOT NULL,
  PRIMARY KEY (`option_value_id`,`language_id`)
) ENGINE=MyISAM DEFAULT CHARSET=utf8;

--
-- Dumping data for table `oc_option_value_description`
--

INSERT INTO `oc_option_value_description` VALUES (43,1,1,'Large'),(32,1,1,'Small'),(45,1,2,'Checkbox 4'),(44,1,2,'Checkbox 3'),(31,1,1,'Medium'),(58,1,5,'Black'),(41,1,5,'Grey'),(40,1,5,'Blue'),(23,1,2,'Checkbox 1'),(24,1,2,'Checkbox 2'),(48,1,11,'Large'),(47,1,11,'Medium'),(46,1,11,'Small'),(50,1,13,'双人皮划艇'),(49,1,13,'单人皮划艇'),(56,1,14,'44lb'),(55,1,14,'35lb'),(54,1,14,'33lb'),(53,1,14,'22lb'),(52,1,14,'16.5lb'),(51,1,14,'11lb'),(57,1,14,'55lb'),(39,1,5,'Red'),(62,1,16,'White'),(60,1,15,'Black + Light Grey'),(59,1,15,'White + Light Grey'),(61,1,16,'Black');

--
-- Table structure for table `oc_order`
--

CREATE TABLE `oc_order` (
  `order_id` int(11) NOT NULL AUTO_INCREMENT,
  `invoice_no` int(11) NOT NULL DEFAULT '0',
  `invoice_prefix` varchar(26) NOT NULL,
  `store_id` int(11) NOT NULL DEFAULT '0',
  `store_name` varchar(64) NOT NULL,
  `store_url` varchar(255) NOT NULL,
  `customer_id` int(11) NOT NULL DEFAULT '0',
  `customer_group_id` int(11) NOT NULL DEFAULT '0',
  `firstname` varchar(32) NOT NULL,
  `lastname` varchar(32) NOT NULL,
  `email` varchar(96) NOT NULL,
  `telephone` varchar(32) NOT NULL,
  `fax` varchar(32) NOT NULL,
  `custom_field` text NOT NULL,
  `payment_firstname` varchar(32) NOT NULL,
  `payment_lastname` varchar(32) NOT NULL,
  `payment_company` varchar(40) NOT NULL,
  `payment_address_1` varchar(128) NOT NULL,
  `payment_address_2` varchar(128) NOT NULL,
  `payment_city` varchar(128) NOT NULL,
  `payment_postcode` varchar(10) NOT NULL,
  `payment_country` varchar(128) NOT NULL,
  `payment_country_id` int(11) NOT NULL,
  `payment_zone` varchar(128) NOT NULL,
  `payment_zone_id` int(11) NOT NULL,
  `payment_address_format` text NOT NULL,
  `payment_custom_field` text NOT NULL,
  `payment_method` varchar(128) NOT NULL,
  `payment_code` varchar(128) NOT NULL,
  `shipping_firstname` varchar(32) NOT NULL,
  `shipping_lastname` varchar(32) NOT NULL,
  `shipping_company` varchar(40) NOT NULL,
  `shipping_address_1` varchar(128) NOT NULL,
  `shipping_address_2` varchar(128) NOT NULL,
  `shipping_city` varchar(128) NOT NULL,
  `shipping_postcode` varchar(10) NOT NULL,
  `shipping_country` varchar(128) NOT NULL,
  `shipping_country_id` int(11) NOT NULL,
  `shipping_zone` varchar(128) NOT NULL,
  `shipping_zone_id` int(11) NOT NULL,
  `shipping_address_format` text NOT NULL,
  `shipping_custom_field` text NOT NULL,
  `shipping_method` varchar(128) NOT NULL,
  `shipping_code` varchar(128) NOT NULL,
  `comment` text NOT NULL,
  `total` decimal(15,4) NOT NULL DEFAULT '0.0000',
  `order_status_id` int(11) NOT NULL DEFAULT '0',
  `affiliate_id` int(11) NOT NULL,
  `commission` decimal(15,4) NOT NULL,
  `marketing_id` int(11) NOT NULL,
  `tracking` varchar(64) NOT NULL,
  `language_id` int(11) NOT NULL,
  `currency_id` int(11) NOT NULL,
  `currency_code` varchar(3) NOT NULL,
  `currency_value` decimal(15,8) NOT NULL DEFAULT '1.00000000',
  `ip` varchar(40) NOT NULL,
  `forwarded_ip` varchar(40) NOT NULL,
  `user_agent` varchar(255) NOT NULL,
  `accept_language` varchar(255) NOT NULL,
  `date_added` datetime NOT NULL,
  `date_modified` datetime NOT NULL,
  PRIMARY KEY (`order_id`)
) ENGINE=MyISAM AUTO_INCREMENT=8 DEFAULT CHARSET=utf8;

--
-- Dumping data for table `oc_order`
--

INSERT INTO `oc_order` VALUES (1,0,'INV-2015-00',0,'Innovoceans Inflatable Boats','http://innovocean.ca/',0,1,'jason','zhang','jasonzhang6@gmail.com','9055228828','','[]','jason','zhang','','85 ofield rd','','hamilton','','Canada',38,'Ontario',610,'','[]','PayPal','pp_standard','jason','zhang','','85 ofield rd','','hamilton','','Canada',38,'Ontario',610,'','[]','Flat Shipping Rate','flat.flat','',2525.0000,0,0,0.0000,0,'',1,4,'CAD',1.00000000,'216.165.193.237','','Mozilla/5.0 (Windows NT 10.0; WOW64) AppleWebKit/537.36 (KHTML, like Gecko) Chrome/48.0.2564.97 Safari/537.36','en-US,en;q=0.8','2016-01-31 07:33:28','2016-01-31 07:33:28'),(2,0,'INV-2015-00',0,'Innovoceans Inflatable Boats','http://innovocean.ca/',0,1,'dave','burnett','bcm@kent.net','519-627-4844','','[]','dave','burnett','','217 Lafontaine St','','Wallaceburg','N8A 4H8','Canada',38,'Ontario',610,'','[]','Cash On Delivery','cod','dave','burnett','','217 Lafontaine St','','Wallaceburg','N8A 4H8','Canada',38,'Ontario',610,'','[]','Flat Shipping Rate','flat.flat','',1404.0000,0,0,0.0000,0,'',1,4,'CAD',1.00000000,'104.254.11.142','','Mozilla/5.0 (Windows NT 6.3; WOW64; Trident/7.0; rv:11.0) like Gecko','en-CA','2016-08-19 09:46:36','2016-08-19 09:46:36'),(4,0,'INV-2015-00',0,'Innovoceans Inflatable Boats','http://innovocean.ca/',0,1,'','','','','','\"\"','','','','','','','','',38,'',610,'','[]','Cash On Delivery','cod','','','','','','','','',38,'',610,'','[]','Flat Shipping Rate','flat.flat','',1588.0000,0,0,0.0000,0,'',1,4,'CAD',1.00000000,'24.114.59.30','','Mozilla/5.0 (iPhone; CPU iPhone OS 10_2_1 like Mac OS X) AppleWebKit/602.4.6 (KHTML, like Gecko) Mobile/14D27 MicroMessenger/6.5.9 NetType/3G Language/zh_CN','zh-cn','2017-07-08 13:23:42','2017-07-08 13:23:44'),(5,0,'INV-2015-00',0,'Innovoceans Inflatable Boats','http://innovocean.ca/',0,1,'','','','','','\"\"','','','','','','','','',38,'',610,'','[]','Cash On Delivery','cod','','','','','','','l9k1k3','',38,'',610,'','[]','Flat Shipping Rate','flat.flat','',1388.0000,0,0,0.0000,0,'',1,4,'CAD',1.00000000,'70.24.164.183','','Mozilla/5.0 (Windows NT 10.0; WOW64) AppleWebKit/537.36 (KHTML, like Gecko) Chrome/53.0.2785.104 Safari/537.36 Core/1.53.3357.400 QQBrowser/9.6.11858.400','zh-CN,zh;q=0.8','2017-08-24 15:44:52','2017-08-24 15:56:00'),(6,0,'INV-2015-00',0,'Innovocean Inflatable Boats','http://innovocean.ca/',0,1,'','','','','','\"\"','','','','','','','','',38,'',610,'','[]','Cash On Delivery','cod','','','','','','','','',38,'',610,'','[]','Flat Shipping Rate','flat.flat','',3588.0000,0,0,0.0000,0,'',1,4,'CAD',1.00000000,'223.74.107.89','','Mozilla/5.0 (Windows NT 6.1; Win64; x64) AppleWebKit/537.36 (KHTML, like Gecko) Chrome/60.0.3112.101 Safari/537.36','zh-CN,zh;q=0.8','2017-08-26 10:25:08','2017-08-26 10:25:11'),(7,0,'INV-2015-00',0,'Innovocean Inflatable Boats','http://innovocean.ca/',0,1,'','','','','','\"\"','','','','','','','','',38,'',610,'','[]','Cash On Delivery','cod','','','','','','','','',38,'',610,'','[]','Flat Shipping Rate','flat.flat','',1078.0000,0,0,0.0000,0,'',1,4,'CAD',1.00000000,'99.226.156.71','','Mozilla/5.0 (Windows NT 6.1; WOW64; Trident/7.0; rv:11.0) like Gecko','en-CA','2017-09-10 17:36:27','2017-09-10 17:36:29');

--
-- Table structure for table `oc_order_custom_field`
--

CREATE TABLE `oc_order_custom_field` (
  `order_custom_field_id` int(11) NOT NULL AUTO_INCREMENT,
  `order_id` int(11) NOT NULL,
  `custom_field_id` int(11) NOT NULL,
  `custom_field_value_id` int(11) NOT NULL,
  `name` varchar(255) NOT NULL,
  `value` text NOT NULL,
  `type` varchar(32) NOT NULL,
  `location` varchar(16) NOT NULL,
  PRIMARY KEY (`order_custom_field_id`)
) ENGINE=MyISAM DEFAULT CHARSET=utf8;

--
-- Dumping data for table `oc_order_custom_field`
--


--
-- Table structure for table `oc_order_history`
--

CREATE TABLE `oc_order_history` (
  `order_history_id` int(11) NOT NULL AUTO_INCREMENT,
  `order_id` int(11) NOT NULL,
  `order_status_id` int(11) NOT NULL,
  `notify` tinyint(1) NOT NULL DEFAULT '0',
  `comment` text NOT NULL,
  `date_added` datetime NOT NULL,
  PRIMARY KEY (`order_history_id`)
) ENGINE=MyISAM AUTO_INCREMENT=3 DEFAULT CHARSET=utf8;

--
-- Dumping data for table `oc_order_history`
--


--
-- Table structure for table `oc_order_option`
--

CREATE TABLE `oc_order_option` (
  `order_option_id` int(11) NOT NULL AUTO_INCREMENT,
  `order_id` int(11) NOT NULL,
  `order_product_id` int(11) NOT NULL,
  `product_option_id` int(11) NOT NULL,
  `product_option_value_id` int(11) NOT NULL DEFAULT '0',
  `name` varchar(255) NOT NULL,
  `value` text NOT NULL,
  `type` varchar(32) NOT NULL,
  PRIMARY KEY (`order_option_id`)
) ENGINE=MyISAM AUTO_INCREMENT=3 DEFAULT CHARSET=utf8;

--
-- Dumping data for table `oc_order_option`
--

INSERT INTO `oc_order_option` VALUES (2,7,20,238,56,'SK Color','Black + Light Grey','image');

--
-- Table structure for table `oc_order_product`
--

CREATE TABLE `oc_order_product` (
  `order_product_id` int(11) NOT NULL AUTO_INCREMENT,
  `order_id` int(11) NOT NULL,
  `product_id` int(11) NOT NULL,
  `name` varchar(255) NOT NULL,
  `model` varchar(64) NOT NULL,
  `quantity` int(4) NOT NULL,
  `price` decimal(15,4) NOT NULL DEFAULT '0.0000',
  `total` decimal(15,4) NOT NULL DEFAULT '0.0000',
  `tax` decimal(15,4) NOT NULL DEFAULT '0.0000',
  `reward` int(8) NOT NULL,
  PRIMARY KEY (`order_product_id`)
) ENGINE=MyISAM AUTO_INCREMENT=21 DEFAULT CHARSET=utf8;

--
-- Dumping data for table `oc_order_product`
--

INSERT INTO `oc_order_product` VALUES (1,1,55,'RIB 330: 11 feet Rigid Fiberglass Bottom Boat ','RIB 330',1,2520.0000,2520.0000,0.0000,0),(2,2,53,'IB330A: 11\' Inflatable Sport Boat with Aluminum Floor','IB330A ',1,1399.0000,1399.0000,0.0000,0),(6,4,78,'橡皮艇系列 型号：VIB270(8\'10&quot;)','VIB270',1,1500.0000,1500.0000,0.0000,0),(15,5,73,'Sport SK 300(9\'10&quot;)','SK300',1,1300.0000,1300.0000,0.0000,0),(18,6,86,'RIB-Aluminum Boat RIB360AL(11\'10&quot;)','RIB360AL',1,3500.0000,3500.0000,0.0000,0),(20,7,73,'Sport SK 300(9\'10&quot;)','SK300',1,990.0000,990.0000,0.0000,0);

--
-- Table structure for table `oc_order_recurring`
--

CREATE TABLE `oc_order_recurring` (
  `order_recurring_id` int(11) NOT NULL AUTO_INCREMENT,
  `order_id` int(11) NOT NULL,
  `reference` varchar(255) NOT NULL,
  `product_id` int(11) NOT NULL,
  `product_name` varchar(255) NOT NULL,
  `product_quantity` int(11) NOT NULL,
  `recurring_id` int(11) NOT NULL,
  `recurring_name` varchar(255) NOT NULL,
  `recurring_description` varchar(255) NOT NULL,
  `recurring_frequency` varchar(25) NOT NULL,
  `recurring_cycle` smallint(6) NOT NULL,
  `recurring_duration` smallint(6) NOT NULL,
  `recurring_price` decimal(10,4) NOT NULL,
  `trial` tinyint(1) NOT NULL,
  `trial_frequency` varchar(25) NOT NULL,
  `trial_cycle` smallint(6) NOT NULL,
  `trial_duration` smallint(6) NOT NULL,
  `trial_price` decimal(10,4) NOT NULL,
  `status` tinyint(4) NOT NULL,
  `date_added` datetime NOT NULL,
  PRIMARY KEY (`order_recurring_id`)
) ENGINE=MyISAM DEFAULT CHARSET=utf8;

--
-- Dumping data for table `oc_order_recurring`
--


--
-- Table structure for table `oc_order_recurring_transaction`
--

CREATE TABLE `oc_order_recurring_transaction` (
  `order_recurring_transaction_id` int(11) NOT NULL AUTO_INCREMENT,
  `order_recurring_id` int(11) NOT NULL,
  `reference` varchar(255) NOT NULL,
  `type` varchar(255) NOT NULL,
  `amount` decimal(10,4) NOT NULL,
  `date_added` datetime NOT NULL,
  PRIMARY KEY (`order_recurring_transaction_id`)
) ENGINE=MyISAM DEFAULT CHARSET=utf8;

--
-- Dumping data for table `oc_order_recurring_transaction`
--


--
-- Table structure for table `oc_order_status`
--

CREATE TABLE `oc_order_status` (
  `order_status_id` int(11) NOT NULL AUTO_INCREMENT,
  `language_id` int(11) NOT NULL,
  `name` varchar(32) NOT NULL,
  PRIMARY KEY (`order_status_id`,`language_id`)
) ENGINE=MyISAM AUTO_INCREMENT=17 DEFAULT CHARSET=utf8;

--
-- Dumping data for table `oc_order_status`
--

INSERT INTO `oc_order_status` VALUES (2,1,'Processing'),(3,1,'Shipped'),(7,1,'Canceled'),(5,1,'Complete'),(8,1,'Denied'),(9,1,'Canceled Reversal'),(10,1,'Failed'),(11,1,'Refunded'),(12,1,'Reversed'),(13,1,'Chargeback'),(1,1,'Pending'),(16,1,'Voided'),(15,1,'Processed'),(14,1,'Expired');

--
-- Table structure for table `oc_order_total`
--

CREATE TABLE `oc_order_total` (
  `order_total_id` int(10) NOT NULL AUTO_INCREMENT,
  `order_id` int(11) NOT NULL,
  `code` varchar(32) NOT NULL,
  `title` varchar(255) NOT NULL,
  `value` decimal(15,4) NOT NULL DEFAULT '0.0000',
  `sort_order` int(3) NOT NULL,
  PRIMARY KEY (`order_total_id`),
  KEY `order_id` (`order_id`)
) ENGINE=MyISAM AUTO_INCREMENT=58 DEFAULT CHARSET=utf8;

--
-- Dumping data for table `oc_order_total`
--

INSERT INTO `oc_order_total` VALUES (1,1,'sub_total','Sub-Total',2520.0000,1),(2,1,'shipping','Flat Shipping Rate',5.0000,3),(3,1,'total','Total',2525.0000,9),(4,2,'sub_total','Sub-Total',1399.0000,1),(5,2,'shipping','Flat Shipping Rate',5.0000,3),(6,2,'total','Total',1404.0000,9),(17,4,'total','Total',1588.0000,9),(16,4,'shipping','Flat Shipping Rate',88.0000,3),(15,4,'sub_total','Sub-Total',1500.0000,1),(44,5,'total','Total',1388.0000,9),(43,5,'shipping','Flat Shipping Rate',88.0000,3),(42,5,'sub_total','Sub-Total',1300.0000,1),(51,6,'shipping','Flat Shipping Rate',88.0000,3),(50,6,'sub_total','Sub-Total',3500.0000,1),(52,6,'total','Total',3588.0000,9),(55,7,'sub_total','Sub-Total',990.0000,1),(56,7,'shipping','Flat Shipping Rate',88.0000,3),(57,7,'total','Total',1078.0000,9);

--
-- Table structure for table `oc_order_voucher`
--

CREATE TABLE `oc_order_voucher` (
  `order_voucher_id` int(11) NOT NULL AUTO_INCREMENT,
  `order_id` int(11) NOT NULL,
  `voucher_id` int(11) NOT NULL,
  `description` varchar(255) NOT NULL,
  `code` varchar(10) NOT NULL,
  `from_name` varchar(64) NOT NULL,
  `from_email` varchar(96) NOT NULL,
  `to_name` varchar(64) NOT NULL,
  `to_email` varchar(96) NOT NULL,
  `voucher_theme_id` int(11) NOT NULL,
  `message` text NOT NULL,
  `amount` decimal(15,4) NOT NULL,
  PRIMARY KEY (`order_voucher_id`)
) ENGINE=MyISAM DEFAULT CHARSET=utf8;

--
-- Dumping data for table `oc_order_voucher`
--


--
-- Table structure for table `oc_paypal_order_transaction`
--

CREATE TABLE `oc_paypal_order_transaction` (
  `paypal_order_transaction_id` int(11) NOT NULL AUTO_INCREMENT,
  `paypal_order_id` int(11) NOT NULL,
  `transaction_id` char(20) NOT NULL,
  `parent_transaction_id` char(20) NOT NULL,
  `date_added` datetime NOT NULL,
  `note` varchar(255) NOT NULL,
  `msgsubid` char(38) NOT NULL,
  `receipt_id` char(20) NOT NULL,
  `payment_type` enum('none','echeck','instant','refund','void') DEFAULT NULL,
  `payment_status` char(20) NOT NULL,
  `pending_reason` char(50) NOT NULL,
  `transaction_entity` char(50) NOT NULL,
  `amount` decimal(10,2) NOT NULL,
  `debug_data` text NOT NULL,
  `call_data` text NOT NULL,
  PRIMARY KEY (`paypal_order_transaction_id`)
) ENGINE=MyISAM DEFAULT CHARSET=utf8;

--
-- Dumping data for table `oc_paypal_order_transaction`
--


--
-- Table structure for table `oc_product`
--

CREATE TABLE `oc_product` (
  `product_id` int(11) NOT NULL AUTO_INCREMENT,
  `model` varchar(64) NOT NULL,
  `sku` varchar(64) NOT NULL,
  `upc` varchar(12) NOT NULL,
  `ean` varchar(14) NOT NULL,
  `jan` varchar(13) NOT NULL,
  `isbn` varchar(17) NOT NULL,
  `mpn` varchar(64) NOT NULL,
  `location` varchar(128) NOT NULL,
  `quantity` int(4) NOT NULL DEFAULT '0',
  `stock_status_id` int(11) NOT NULL,
  `image` varchar(255) DEFAULT NULL,
  `manufacturer_id` int(11) NOT NULL,
  `shipping` tinyint(1) NOT NULL DEFAULT '1',
  `price` decimal(15,4) NOT NULL DEFAULT '0.0000',
  `points` int(8) NOT NULL DEFAULT '0',
  `tax_class_id` int(11) NOT NULL,
  `date_available` date NOT NULL DEFAULT '0000-00-00',
  `weight` decimal(15,8) NOT NULL DEFAULT '0.00000000',
  `weight_class_id` int(11) NOT NULL DEFAULT '0',
  `length` decimal(15,8) NOT NULL DEFAULT '0.00000000',
  `width` decimal(15,8) NOT NULL DEFAULT '0.00000000',
  `height` decimal(15,8) NOT NULL DEFAULT '0.00000000',
  `length_class_id` int(11) NOT NULL DEFAULT '0',
  `subtract` tinyint(1) NOT NULL DEFAULT '1',
  `minimum` int(11) NOT NULL DEFAULT '1',
  `sort_order` int(11) NOT NULL DEFAULT '0',
  `status` tinyint(1) NOT NULL DEFAULT '0',
  `viewed` int(5) NOT NULL DEFAULT '0',
  `date_added` datetime NOT NULL,
  `date_modified` datetime NOT NULL,
  PRIMARY KEY (`product_id`)
) ENGINE=MyISAM AUTO_INCREMENT=311 DEFAULT CHARSET=utf8;

--
-- Dumping data for table `oc_product`
--

INSERT INTO `oc_product` VALUES (122,'2.5HP 7-1/4X6-BS','','','','','','','',5,7,'Propeller/s-l1600.jpg',0,1,20.0000,0,9,'2017-07-20',0.00000000,5,0.00000000,0.00000000,0.00000000,3,1,1,2,1,92,'2017-07-20 12:31:27','2017-07-20 12:34:48'),(123,'7-1/2X7-BA','','','','','','','',5,7,'Propeller/4-6/s-l500.jpg',0,1,30.0000,0,9,'2017-07-20',0.00000000,5,0.00000000,0.00000000,0.00000000,3,1,1,1,1,84,'2017-07-20 12:39:51','2017-07-20 12:42:01'),(124,'7-1/2X8-BA','','','','','','','',5,7,'Propeller/4-6/81sAf-H730L._SL1500_.jpg',0,1,30.0000,0,9,'2017-07-20',0.00000000,5,0.00000000,0.00000000,0.00000000,3,1,1,1,1,80,'2017-07-20 12:42:11','2017-07-20 12:43:26'),(125,'9-1/4x8-J','','','','','','','',5,7,'Propeller/9.9-15/1.jpg',0,1,60.0000,0,9,'2017-07-20',0.00000000,5,0.00000000,0.00000000,0.00000000,3,1,1,1,1,66,'2017-07-20 12:50:49','2017-07-20 12:53:25'),(126,'9-1/4x9-J','','','','','','','',5,7,'Propeller/9.9-15/9148J.jpg',0,1,60.0000,0,9,'2017-07-20',0.00000000,5,0.00000000,0.00000000,0.00000000,3,1,1,2,1,72,'2017-07-20 12:53:40','2017-07-20 13:00:27'),(127,'9-1/4x11-J','','','','','','','',5,7,'Propeller/9.9-15/9148J.jpg',0,1,60.0000,0,9,'2017-07-20',0.00000000,5,0.00000000,0.00000000,0.00000000,3,1,1,3,1,69,'2017-07-20 12:57:41','2017-07-20 13:00:37'),(145,'TFGA06025','','','','','','','',25,7,'Accessories/anchor1.jpg',11,1,22.0000,0,9,'2016-10-25',0.00000000,5,0.00000000,0.00000000,0.00000000,3,1,1,1,1,52,'2017-08-22 11:53:22','2017-08-24 14:53:01'),(72,'SK270','','','','','','','',0,5,'SKseries/270/SK360BGFront.jpg',0,1,1400.0000,0,9,'2016-10-19',0.00000000,5,0.00000000,0.00000000,0.00000000,3,1,1,1,1,498,'2016-10-19 13:40:42','2017-08-26 15:48:12'),(83,'RIB270AL','','','','','','','',0,5,'INFLATABLE/AL330_top_副本.png',11,1,2000.0000,0,0,'2016-10-24',0.00000000,5,0.00000000,0.00000000,0.00000000,3,1,1,1,1,461,'2016-10-24 09:10:48','2017-08-22 17:04:54'),(75,'SK420','','','','','','','',1,7,'SKseries/270/SK360BGFront.jpg',0,1,2400.0000,0,9,'2016-10-19',0.00000000,5,0.00000000,0.00000000,0.00000000,3,1,1,1,1,333,'2016-10-20 15:48:48','2017-08-26 16:06:59'),(76,'SK360','','','','','','','',0,5,'SKseries/270/SK360BGFront.jpg',0,1,2000.0000,0,9,'2016-10-19',0.00000000,5,0.00000000,0.00000000,0.00000000,3,1,1,1,1,281,'2016-10-20 15:49:26','2017-08-26 16:06:28'),(77,'SK470','','','','','','','',1,7,'SKseries/270/SK360BGFront.jpg',0,1,2600.0000,0,9,'2016-10-19',0.00000000,5,0.00000000,0.00000000,0.00000000,3,1,1,1,1,387,'2016-10-20 15:57:14','2017-08-26 16:07:24'),(78,'VIB270','','','','','','','',1,7,'ALS/P1010263_副本_副本.jpg',0,1,1500.0000,0,9,'2016-10-19',0.00000000,5,0.00000000,0.00000000,0.00000000,3,1,1,1,1,420,'2016-10-20 16:21:04','2017-08-26 16:11:19'),(79,'VIB300','','','','','','','',1,7,'ALS/P1010263_副本_副本.jpg',0,1,1700.0000,0,9,'2016-10-19',0.00000000,5,0.00000000,0.00000000,0.00000000,3,1,1,2,1,275,'2016-10-20 16:28:31','2017-08-26 16:12:02'),(80,'VIB330','','','','','','','',1,7,'ALS/P1010263_副本_副本.jpg',0,1,1900.0000,0,9,'2016-10-19',0.00000000,5,0.00000000,0.00000000,0.00000000,3,1,1,3,1,328,'2016-10-20 16:30:58','2017-08-26 16:12:20'),(81,'VIB360','','','','','','','',1,7,'ALS/P1010263_副本_副本.jpg',0,1,2100.0000,0,9,'2016-10-19',0.00000000,5,0.00000000,0.00000000,0.00000000,3,1,1,4,1,351,'2016-10-20 16:40:05','2017-08-26 16:12:32'),(82,'RIB270TF','','','','','','','',0,5,'INFLATABLE/12-400x492.png',0,1,1800.0000,0,9,'2016-10-19',0.00000000,5,0.00000000,0.00000000,0.00000000,3,1,1,1,1,324,'2016-10-20 16:44:28','2017-08-17 18:16:08'),(84,'RIB300AL','','','','','','','',0,5,'INFLATABLE/AL330_top_副本.png',11,1,2500.0000,0,9,'2016-10-24',0.00000000,5,0.00000000,0.00000000,0.00000000,3,1,1,1,1,404,'2016-10-24 09:11:37','2017-08-22 17:05:12'),(85,'RIB330AL','','','','','','','',1,7,'INFLATABLE/AL330_top_副本.png',11,1,3000.0000,0,9,'2016-10-24',0.00000000,5,0.00000000,0.00000000,0.00000000,3,1,1,3,1,401,'2016-10-24 09:18:23','2017-08-22 17:19:03'),(86,'RIB360AL','','','','','','','',1,7,'INFLATABLE/AL330_top_副本.png',11,1,3500.0000,0,9,'2016-10-24',0.00000000,5,0.00000000,0.00000000,0.00000000,3,1,1,4,1,367,'2016-10-24 09:23:02','2017-08-22 17:22:16'),(87,'RIB420AL','','','','','','','',1,7,'INFLATABLE/AL330_top_副本.png',11,1,4000.0000,0,9,'2016-10-24',0.00000000,5,0.00000000,0.00000000,0.00000000,3,1,1,5,1,409,'2016-10-24 09:27:42','2017-08-22 17:27:42'),(88,'RIB470AL','','','','','','','',1,7,'INFLATABLE/AL330_top_副本.png',11,1,5000.0000,0,9,'2016-10-24',0.00000000,5,0.00000000,0.00000000,0.00000000,3,1,1,5,1,398,'2016-10-24 09:35:00','2017-08-22 17:31:35'),(73,'SK300','','','','','','','',1,7,'SKseries/270/SK360BGFront.jpg',0,1,1600.0000,0,9,'2016-10-19',0.00000000,5,0.00000000,0.00000000,0.00000000,3,1,1,1,1,394,'2016-10-20 15:19:13','2017-08-26 16:01:27'),(74,'SK330','','','','','','','',1,7,'SKseries/270/SK360BGFront.jpg',0,1,1800.0000,0,9,'2016-10-19',0.00000000,5,0.00000000,0.00000000,0.00000000,3,1,1,1,1,349,'2016-10-20 15:23:59','2017-08-26 16:05:52'),(129,'9-7/8x12xF','','','','','','','',5,7,'Propeller/20-30/9781012F.jpg',0,1,80.0000,0,9,'2017-07-20',0.00000000,5,0.00000000,0.00000000,0.00000000,3,1,1,1,1,142,'2017-07-20 13:52:50','2017-07-20 13:54:59'),(97,'Electric pump','','','','','','','',0,5,'Accessories/03-1000x1200.jpg',11,1,200.0000,0,9,'2016-10-25',0.00000000,5,0.00000000,0.00000000,0.00000000,3,1,1,1,1,630,'2016-10-25 13:58:26','2017-08-22 11:17:18'),(98,'TFDW03','','','','','','','',10,6,'Accessories/s-l1600.jpg',11,1,250.0000,0,9,'2016-10-25',0.00000000,5,0.00000000,0.00000000,0.00000000,3,1,1,1,1,462,'2016-10-25 14:12:58','2017-08-24 14:58:19'),(100,'PVC glue','','','','','','','',500,6,'Accessories/12.jpg',11,1,5.0000,0,9,'2016-10-25',0.00000000,5,0.00000000,0.00000000,0.00000000,3,1,1,1,1,382,'2016-10-25 14:33:06','2017-08-22 16:42:45'),(101,'TBA4301','','','','','','','',50,7,'Accessories/20161025_143727.png',11,1,30.0000,0,9,'2016-10-25',0.00000000,5,0.00000000,0.00000000,0.00000000,3,1,1,1,1,368,'2016-10-25 14:50:15','2017-08-24 14:58:43'),(102,'Boat oars','','','','','','','',3,7,'Accessories/111.jpg',11,1,38.0000,0,9,'2016-10-25',0.00000000,5,0.00000000,0.00000000,0.00000000,3,1,1,1,1,369,'2016-10-25 14:54:44','2017-08-22 16:40:56'),(103,'Rod Holder1','','','','','','','',50,7,'Accessories/P1010001_副本.jpg',11,1,15.0000,0,9,'2016-10-25',0.00000000,5,0.00000000,0.00000000,0.00000000,3,1,1,1,1,517,'2016-10-25 15:36:55','2017-08-21 17:25:39'),(104,'boaatHandle','','','','','','','',20,7,'Accessories/P1010016_副本.jpg',11,1,20.0000,0,9,'2016-10-25',0.00000000,5,0.00000000,0.00000000,0.00000000,3,1,1,1,1,353,'2016-10-25 16:02:34','2017-08-22 15:23:27'),(105,'D PVC patch','','','','','','','',100,7,'Accessories/P1010022_副本.jpg',11,1,10.0000,0,9,'2016-10-25',0.00000000,5,0.00000000,0.00000000,0.00000000,3,1,1,1,1,419,'2016-10-25 16:07:29','2017-08-22 16:43:28'),(106,'360 Rod holder','','','','','','','',20,7,'Accessories/P1010011_副本.jpg',11,1,60.0000,0,9,'2016-10-25',0.00000000,5,0.00000000,0.00000000,0.00000000,3,1,1,1,1,498,'2016-10-25 16:13:02','2017-08-21 17:19:17'),(107,'TBA3203(GREY)','','','','','','','',20,7,'Accessories/P1010030_副本.jpg',11,1,15.0000,0,9,'2016-10-25',0.00000000,5,0.00000000,0.00000000,0.00000000,3,1,1,1,1,377,'2016-10-25 16:19:16','2017-08-24 14:56:21'),(108,'BowLauchingwheel','','','','','','','',20,7,'Accessories/P1010061_副本.jpg',11,1,200.0000,0,9,'2016-10-25',0.00000000,5,0.00000000,0.00000000,0.00000000,3,1,1,1,1,436,'2016-10-25 16:28:50','2017-08-21 17:51:34'),(109,'TBA1901','','','','','','','',40,7,'Accessories/P1010031_副本.jpg',11,1,25.0000,0,9,'2016-10-25',0.00000000,5,0.00000000,0.00000000,0.00000000,3,1,1,1,1,473,'2016-10-25 16:31:30','2017-08-24 14:56:37'),(110,'boatcover','','','','','','','',0,5,'Accessories/45.jpg',11,1,88.0000,0,9,'2016-10-25',0.00000000,5,0.00000000,0.00000000,0.00000000,3,1,1,1,1,522,'2016-10-25 16:38:44','2017-08-22 16:42:14'),(111,'Boat Trailer','','','','','','','',0,5,'Accessories/78.jpg',11,1,1600.0000,0,9,'2016-10-25',0.00000000,5,0.00000000,0.00000000,0.00000000,3,1,1,1,1,463,'2016-10-25 17:04:35','2017-08-22 11:36:06'),(146,'TFGA06032','','','','','','','',25,7,'Accessories/anchor1.jpg',11,1,28.0000,0,9,'2016-10-25',0.00000000,5,0.00000000,0.00000000,0.00000000,3,1,1,1,1,60,'2017-08-22 11:54:40','2017-08-24 14:53:14'),(112,'waterproof bag','','','','','','','',50,7,'Accessories/pump/bag-1000x1200.jpg',11,1,80.0000,0,9,'2016-10-25',0.00000000,5,0.00000000,0.00000000,0.00000000,3,1,1,1,1,263,'2016-10-25 18:05:38','2017-08-23 12:08:31'),(113,'TFGA06015','','','','','','','',25,7,'Accessories/anchor1.jpg',11,1,18.0000,0,9,'2016-10-25',0.00000000,5,0.00000000,0.00000000,0.00000000,3,1,1,1,1,384,'2016-10-25 18:17:56','2017-08-24 14:53:32'),(114,'TFA03050','','','','','','','',2,7,'Anchor/delta-wing-anchor-wl.jpg',11,1,190.0000,0,9,'2016-10-25',0.00000000,5,0.00000000,0.00000000,0.00000000,3,1,1,1,1,347,'2016-10-25 18:45:54','2017-08-24 14:50:50'),(115,'TFA01050','','','','','','','',0,5,'Anchor/23381-7958027.jpg',11,0,180.0000,0,9,'2016-10-25',0.00000000,5,0.00000000,0.00000000,0.00000000,3,1,1,1,1,453,'2016-10-25 18:48:40','2017-08-24 14:30:53'),(116,'TFGA05040','','','','','','','',20,7,'Anchor/danforth.jpg',11,1,15.0000,0,9,'2016-10-25',0.00000000,5,0.00000000,0.00000000,0.00000000,3,1,1,2,1,413,'2016-10-25 19:01:10','2017-08-24 14:50:03'),(117,'TFGA08040','','','','','','','',30,7,'Anchor/13946983.jpg',11,1,20.0000,0,9,'2016-10-25',0.00000000,5,0.00000000,0.00000000,0.00000000,3,1,1,4,1,329,'2016-10-25 19:09:32','2017-08-24 14:59:33'),(118,'TFGA12100','','','','','','','',25,7,'Anchor/s-l300 (1).jpg',11,1,45.0000,0,9,'2016-10-25',0.00000000,5,0.00000000,0.00000000,0.00000000,3,1,1,1,1,372,'2016-10-25 19:15:36','2017-08-24 14:54:16'),(119,'TFGA14120','','','','','','','',50,7,'Anchor/s-l500.jpg',11,1,55.0000,0,9,'2016-10-25',0.00000000,5,0.00000000,0.00000000,0.00000000,3,1,1,2,1,304,'2016-10-25 19:18:34','2017-08-24 14:54:31'),(128,'9-7/8x10-1/2xF','','','','','','','',5,7,'Propeller/20-30/9781012F.jpg',0,1,80.0000,0,9,'2017-07-20',0.00000000,5,0.00000000,0.00000000,0.00000000,3,1,1,1,1,105,'2017-07-20 13:09:34','0000-00-00 00:00:00'),(121,'7-1/4X5-A','','','','','','','',5,7,'Propeller/s-l1600 (2).jpg',0,1,20.0000,0,9,'2017-07-20',0.00000000,5,0.00000000,0.00000000,0.00000000,3,1,1,1,1,130,'2017-07-20 12:30:27','2017-07-20 12:34:59'),(210,'TFH35150','','','','','','','',19,7,'Accessories/shackle/$T2eC16VHJGQFFhggHsFtBRkss-0E0!--60_57.JPG',11,1,13.9900,0,9,'2017-08-24',0.00000000,5,0.00000000,0.00000000,0.00000000,3,1,1,1,1,35,'2017-08-24 16:23:29','0000-00-00 00:00:00'),(130,'9-7/8x12xF','','','','','','','',5,7,'Propeller/20-30/81pTl9HXaOL._SL1500_.jpg',0,1,80.0000,0,9,'2017-07-20',0.00000000,5,0.00000000,0.00000000,0.00000000,3,1,1,1,1,144,'2017-07-20 13:59:13','2017-07-20 14:02:08'),(131,'11-5/8 x 11-G','','','','','','','',5,7,'Propeller/40-50/81pTl9HXaOL._SL1500_.jpg',0,1,80.0000,0,9,'2017-07-20',0.00000000,5,0.00000000,0.00000000,0.00000000,3,1,1,1,1,151,'2017-07-20 14:14:34','2017-07-20 14:16:21'),(132,'11-3/8 x 12-G','','','','','','','',5,7,'Propeller/40-50/81pTl9HXaOL._SL1500_.jpg',0,1,80.0000,0,9,'2017-07-20',0.00000000,5,0.00000000,0.00000000,0.00000000,3,1,1,2,1,126,'2017-07-20 15:07:07','2017-07-20 15:12:38'),(133,'11-1/8 x 13-G','','','','','','','',5,7,'Propeller/40-50/81pTl9HXaOL._SL1500_.jpg',0,1,80.0000,0,9,'2017-07-20',0.00000000,5,0.00000000,0.00000000,0.00000000,3,1,1,3,1,135,'2017-07-20 15:10:04','2017-07-20 15:12:12'),(134,'13-1/2X15-K','','','','','','','',5,7,'Propeller/60-85/51DyGH5Nb7L._SL1183_.jpg',0,1,100.0000,0,9,'2017-07-20',0.00000000,5,0.00000000,0.00000000,0.00000000,3,1,1,1,1,131,'2017-07-20 15:49:44','2017-07-20 16:01:19'),(135,'13-1/4X17-K','','','','','','','',5,7,'Propeller/60-85/51DyGH5Nb7L._SL1183_.jpg',0,1,100.0000,0,9,'2017-07-20',0.00000000,5,0.00000000,0.00000000,0.00000000,3,1,1,2,1,137,'2017-07-20 15:53:29','2017-07-20 16:01:41'),(136,'13X19-K','','','','','','','',5,7,'Propeller/85-115/s-l1600.jpg',0,1,100.0000,0,9,'2017-07-20',0.00000000,5,0.00000000,0.00000000,0.00000000,3,1,1,1,1,130,'2017-07-20 15:58:43','2017-07-20 16:00:44'),(137,'14X11-K','','','','','','','',5,7,'Propeller/85-115/s-l1600 (1).jpg',0,1,120.0000,0,9,'2017-07-20',0.00000000,5,0.00000000,0.00000000,0.00000000,3,1,1,2,1,122,'2017-07-20 16:02:16','2017-07-20 16:06:35'),(138,'13-3/4X15-R','','','','','','','',2,7,'Propeller/SSS/TB2SiD8Xs2DjeFjSspnXXb20XXa_!!54271833.jpg',0,1,250.0000,0,9,'2017-07-20',0.00000000,5,0.00000000,0.00000000,0.00000000,3,1,1,3,1,76,'2017-07-20 16:15:27','2017-07-20 16:17:03'),(139,'13-3/4X19-M','','','','','','','',2,7,'Propeller/SSS/Stainless-Prop-Propeller-Power-Tech-3-Blade-suits.jpg',0,1,250.0000,0,9,'2017-07-20',0.00000000,5,0.00000000,0.00000000,0.00000000,3,1,1,1,1,117,'2017-07-20 16:20:22','2017-07-20 16:22:19'),(140,'150-300HP 14-1/2X19-T','','','','','','','',2,7,'Propeller/SSS/Stainless-Prop-Propeller-Power-Tech-3-Blade-suits.jpg',0,1,260.0000,0,9,'2017-07-20',0.00000000,5,0.00000000,0.00000000,0.00000000,3,1,1,2,1,124,'2017-07-20 16:22:29','2017-07-20 16:23:26'),(141,'TFTY02','','','','','','','',6,7,'Kayak/$_27.JPG',11,1,800.0000,0,9,'2017-08-21',0.00000000,5,260.00000000,70.00000000,30.00000000,1,1,1,1,1,45,'2017-08-21 12:32:26','2017-08-24 18:09:37'),(142,'TFTY03','','','','','','','',6,7,'Kayak/$_27 (1).JPG',11,1,900.0000,0,9,'2017-08-21',0.00000000,5,260.00000000,70.00000000,30.00000000,1,1,1,2,1,48,'2017-08-21 12:33:58','2017-08-24 18:09:28'),(143,'TFTY03','','','','','','','',2,7,'Kayak/HTB1CGYhSXXXXXXJXXXXq6xXFXXXK.jpg',11,1,1300.0000,0,9,'2017-08-21',0.00000000,5,260.00000000,70.00000000,30.00000000,1,1,1,3,1,59,'2017-08-21 12:39:15','2017-08-21 14:02:03'),(144,'TFGK-23','','','','','','','',40,7,'Kayak/s-l1600 (2).jpg',0,1,80.0000,0,9,'2017-08-21',0.00000000,5,0.00000000,0.00000000,0.00000000,3,1,1,5,1,51,'2017-08-21 16:03:39','2017-08-24 14:57:15'),(147,'TFGA05080','','','','','','','',20,7,'Anchor/danforth.jpg',11,1,20.0000,0,9,'2016-10-25',0.00000000,5,0.00000000,0.00000000,0.00000000,3,1,1,2,1,49,'2017-08-22 11:59:36','2017-08-24 14:50:18'),(148,'TFGA05130','','','','','','','',10,7,'Anchor/danforth.jpg',11,1,40.0000,0,9,'2016-10-25',0.00000000,5,0.00000000,0.00000000,0.00000000,3,1,1,3,1,52,'2017-08-22 12:00:26','2017-08-24 14:49:28'),(149,'TFGA08060','','','','','','','',30,7,'Anchor/13946983.jpg',11,1,23.9800,0,9,'2016-10-25',0.00000000,5,0.00000000,0.00000000,0.00000000,3,1,1,5,1,55,'2017-08-22 12:05:59','2017-08-24 14:59:19'),(150,'TFGA08050K','','','','','','','',30,7,'Anchor/fluke/s-l500.png',11,1,80.0000,0,9,'2016-10-25',0.00000000,5,0.00000000,0.00000000,0.00000000,3,1,1,6,1,58,'2017-08-22 12:07:30','2017-08-24 14:59:50'),(151,'TFA01075','','','','','','','',2,7,'Anchor/23381-7958027.jpg',11,0,240.0000,0,9,'2016-10-25',0.00000000,5,0.00000000,0.00000000,0.00000000,3,1,1,2,1,54,'2017-08-22 13:35:40','2017-08-24 14:32:18'),(152,'TFA01100','','','','','','','',2,7,'Anchor/23381-7958027.jpg',11,0,280.0000,0,9,'2016-10-25',0.00000000,5,0.00000000,0.00000000,0.00000000,3,1,1,3,1,50,'2017-08-22 14:06:47','2017-08-24 14:32:10'),(153,'TFA01150','','','','','','','',2,7,'Anchor/23381-7958027.jpg',11,0,330.0000,0,9,'2016-10-25',0.00000000,5,0.00000000,0.00000000,0.00000000,3,1,1,3,1,54,'2017-08-22 14:08:31','2017-08-24 14:32:53'),(154,'TFGA01100','','','','','','','',1,7,'Anchor/ssssszzzzz.jpg',11,0,70.0000,0,9,'2016-10-25',0.00000000,5,0.00000000,0.00000000,0.00000000,3,1,1,5,1,56,'2017-08-22 14:10:06','2017-08-24 14:34:27'),(155,'TFGA01150','','','','','','','',3,7,'Anchor/ssssszzzzz.jpg',11,0,110.0000,0,9,'2016-10-25',0.00000000,5,0.00000000,0.00000000,0.00000000,3,1,1,6,1,49,'2017-08-22 14:23:10','2017-08-24 14:35:07'),(156,'TFA03075','','','','','','','',2,7,'Anchor/delta-wing-anchor-wl.jpg',11,1,260.0000,0,9,'2016-10-25',0.00000000,5,0.00000000,0.00000000,0.00000000,3,1,1,2,1,50,'2017-08-22 14:58:12','2017-08-24 14:51:05'),(157,'TFA03100','','','','','','','',0,5,'Anchor/delta-wing-anchor-wl.jpg',11,1,360.0000,0,9,'2016-10-25',0.00000000,5,0.00000000,0.00000000,0.00000000,3,1,1,3,1,48,'2017-08-22 15:01:01','2017-08-24 14:51:19'),(158,'TFA03150','','','','','','','',1,7,'Anchor/delta-wing-anchor-wl.jpg',11,1,530.0000,0,9,'2016-10-25',0.00000000,5,0.00000000,0.00000000,0.00000000,3,1,1,4,1,50,'2017-08-22 15:02:32','2017-08-24 14:51:32'),(159,'TFA03160','','','','','','','',1,7,'Anchor/delta-wing-anchor-wl.jpg',11,1,580.0000,0,9,'2016-10-25',0.00000000,5,0.00000000,0.00000000,0.00000000,3,1,1,5,1,50,'2017-08-22 15:04:23','2017-08-24 14:51:49'),(160,'TFA03200','','','','','','','',1,7,'Anchor/delta-wing-anchor-wl.jpg',11,1,660.0000,0,9,'2016-10-25',0.00000000,5,0.00000000,0.00000000,0.00000000,3,1,1,6,1,56,'2017-08-22 15:05:46','2017-08-24 14:52:02'),(161,'TFA03250','','','','','','','',1,7,'Anchor/delta-wing-anchor-wl.jpg',11,1,800.0000,0,9,'2016-10-25',0.00000000,5,0.00000000,0.00000000,0.00000000,3,1,1,7,1,51,'2017-08-22 15:09:01','2017-08-24 14:52:16'),(162,'TFR-0908-0008','','','','','','','',30,7,'Accessories/shackle/Stainless-Steel-Screw-Pin-Anchor-Shackle-600x600.jpg',11,1,6.9900,0,9,'2017-08-23',0.00000000,5,0.00000000,0.00000000,0.00000000,3,1,1,1,1,56,'2017-08-23 15:06:26','2017-08-23 15:20:08'),(163,'TFR-0908-0010','','','','','','','',30,7,'Accessories/shackle/Stainless-Steel-Screw-Pin-Anchor-Shackle-600x600.jpg',11,1,8.9900,0,9,'2017-08-23',0.00000000,5,0.00000000,0.00000000,0.00000000,3,1,1,2,1,53,'2017-08-23 15:12:09','2017-08-23 15:19:57'),(165,'TFR-0908-0012','','','','','','','',30,7,'Accessories/shackle/Stainless-Steel-Screw-Pin-Anchor-Shackle-600x600.jpg',11,1,11.9900,0,9,'2017-08-23',0.00000000,5,0.00000000,0.00000000,0.00000000,3,1,1,3,1,48,'2017-08-23 15:17:43','2017-08-23 15:19:49'),(166,'TFR-0902-0008','','','','','','','',30,7,'Accessories/shackle/s-l500 (1).jpg',11,1,5.9900,0,9,'2017-08-23',0.00000000,5,0.00000000,0.00000000,0.00000000,3,1,1,4,1,51,'2017-08-23 15:25:12','2017-08-23 15:27:13'),(167,'TFR-0902-0010','','','','','','','',30,7,'Accessories/shackle/s-l500 (1).jpg',11,1,7.9900,0,9,'2017-08-23',0.00000000,5,0.00000000,0.00000000,0.00000000,3,1,1,5,1,48,'2017-08-23 15:27:34','2017-08-23 15:28:42'),(168,'TFR-0902-0012','','','','','','','',30,7,'Accessories/shackle/s-l500 (1).jpg',11,1,10.9900,0,9,'2017-08-23',0.00000000,5,0.00000000,0.00000000,0.00000000,3,1,1,6,1,48,'2017-08-23 15:29:19','2017-08-23 15:30:45'),(169,'TFR-0906-0008','','','','','','','',30,7,'Accessories/shackle/S0115-FS.jpg',0,1,6.9900,0,9,'2017-08-23',0.00000000,5,0.00000000,0.00000000,0.00000000,3,1,1,1,1,42,'2017-08-23 15:42:05','0000-00-00 00:00:00'),(170,'TFR-0906-0010','','','','','','','',30,7,'Accessories/shackle/S0115-FS.jpg',0,1,8.9900,0,9,'2017-08-23',0.00000000,5,0.00000000,0.00000000,0.00000000,3,1,1,2,1,32,'2017-08-23 15:43:59','2017-08-23 15:45:22'),(171,'TFR-0906-0012','','','','','','','',30,7,'Accessories/shackle/S0115-FS.jpg',0,1,11.9900,0,9,'2017-08-23',0.00000000,5,0.00000000,0.00000000,0.00000000,3,1,1,3,1,35,'2017-08-23 15:45:30','2017-08-23 15:46:34'),(172,'TFR-0901-0008','','','','','','','',30,7,'Accessories/shackle/stainless-steel-d-shackle-250x250.jpg',0,1,5.9900,0,9,'2017-08-23',0.00000000,5,0.00000000,0.00000000,0.00000000,3,1,1,4,1,34,'2017-08-23 15:47:01','2017-08-23 15:48:39'),(173,'TFR-0901-0010','','','','','','','',30,7,'Accessories/shackle/stainless-steel-d-shackle-250x250.jpg',0,1,7.9900,0,9,'2017-08-23',0.00000000,5,0.00000000,0.00000000,0.00000000,3,1,1,5,1,34,'2017-08-23 15:48:53','2017-08-23 15:50:05'),(174,'TFR-0901-0012','','','','','','','',30,7,'Accessories/shackle/stainless-steel-d-shackle-250x250.jpg',0,1,10.9900,0,9,'2017-08-23',0.00000000,5,0.00000000,0.00000000,0.00000000,3,1,1,6,1,32,'2017-08-23 15:50:19','2017-08-23 15:51:28'),(175,'TFR-0904-0004','','','','','','','',30,7,'Accessories/shackle/rf632.jpg',11,1,2.9900,0,9,'2017-08-23',0.00000000,5,0.00000000,0.00000000,0.00000000,3,1,1,1,1,61,'2017-08-23 16:03:03','2017-08-23 16:22:52'),(176,'TFR-0904-0005','','','','','','','',30,7,'Accessories/shackle/rf632.jpg',11,1,3.9900,0,9,'2017-08-23',0.00000000,5,0.00000000,0.00000000,0.00000000,3,1,1,2,1,51,'2017-08-23 16:03:30','2017-08-23 16:11:43'),(177,'TFR-0904-0006','','','','','','','',30,7,'Accessories/shackle/rf632.jpg',11,1,5.9900,0,9,'2017-08-23',0.00000000,5,0.00000000,0.00000000,0.00000000,3,1,1,3,1,48,'2017-08-23 16:07:14','2017-08-23 16:12:55'),(178,'TFR-0904-0008','','','','','','','',30,7,'Accessories/shackle/rf632.jpg',11,1,6.9900,0,9,'2017-08-23',0.00000000,5,0.00000000,0.00000000,0.00000000,3,1,1,4,1,50,'2017-08-23 16:10:20','2017-08-23 16:12:34'),(179,'TFR-0904-0010','','','','','','','',30,7,'Accessories/shackle/rf632.jpg',11,1,8.9900,0,9,'2017-08-23',0.00000000,5,0.00000000,0.00000000,0.00000000,3,1,1,5,1,49,'2017-08-23 16:14:58','2017-08-23 16:20:54'),(180,'TFR-0904-0012','','','','','','','',30,7,'Accessories/shackle/rf632.jpg',11,1,12.9900,0,9,'2017-08-23',0.00000000,5,0.00000000,0.00000000,0.00000000,3,1,1,6,1,49,'2017-08-23 16:23:35','2017-08-23 16:24:36'),(181,'TFR-0903-0008','','','','','','','',20,7,'Accessories/shackle/s-l1600 (3).jpg',11,1,6.9900,0,9,'2017-08-23',0.00000000,5,0.00000000,0.00000000,0.00000000,3,1,1,1,1,53,'2017-08-23 16:27:37','2017-08-23 16:29:34'),(182,'TFR-0903-0010','','','','','','','',20,7,'Accessories/shackle/s-l1600 (3).jpg',11,1,9.9900,0,9,'2017-08-23',0.00000000,5,0.00000000,0.00000000,0.00000000,3,1,1,2,1,52,'2017-08-23 16:27:59','2017-08-23 16:29:17'),(183,'TFR-0903-0012','','','','','','','',20,7,'Accessories/shackle/s-l1600 (3).jpg',11,1,13.9900,0,9,'2017-08-23',0.00000000,5,0.00000000,0.00000000,0.00000000,3,1,1,3,1,48,'2017-08-23 16:29:50','2017-08-23 16:30:55'),(184,'TFR-0911-0008','','','','','','','',3,7,'Accessories/shackle/s-l500 (5).jpg',11,1,8.9900,0,9,'2017-08-23',0.00000000,5,0.00000000,0.00000000,0.00000000,3,1,1,1,1,58,'2017-08-23 16:33:54','0000-00-00 00:00:00'),(185,'TFR-0911-0010','','','','','','','',10,7,'Accessories/shackle/s-l500 (5).jpg',11,1,15.9900,0,9,'2017-08-23',0.00000000,5,0.00000000,0.00000000,0.00000000,3,1,1,2,1,48,'2017-08-23 16:34:12','2017-08-23 16:35:21'),(186,'TFR-0911-0012','','','','','','','',20,7,'Accessories/shackle/s-l500 (5).jpg',11,1,25.9900,0,9,'2017-08-23',0.00000000,5,0.00000000,0.00000000,0.00000000,3,1,1,3,1,50,'2017-08-23 16:35:32','2017-08-23 16:37:35'),(187,'TFR-1101-0006','','','','','','','',50,7,'Accessories/shackle/156.JPG',11,1,3.9900,0,9,'2017-08-23',0.00000000,5,0.00000000,0.00000000,0.00000000,3,1,1,1,1,62,'2017-08-23 17:43:57','2017-08-24 10:10:36'),(188,'TFR-1101-0008','','','','','','','',50,7,'Accessories/shackle/156.JPG',11,1,6.9900,0,9,'2017-08-23',0.00000000,5,0.00000000,0.00000000,0.00000000,3,1,1,1,1,48,'2017-08-24 10:08:11','2017-08-24 10:09:48'),(189,'TFR-1102-0006','','','','','','','',50,7,'Accessories/shackle/snap eye.jpg',11,1,4.9900,0,9,'2017-08-23',0.00000000,5,0.00000000,0.00000000,0.00000000,3,1,1,3,1,41,'2017-08-24 10:11:00','2017-08-24 10:20:53'),(190,'TFR-1102-0010','','','','','','','',50,7,'Accessories/shackle/snap eye.jpg',11,1,7.9900,0,9,'2017-08-23',0.00000000,5,0.00000000,0.00000000,0.00000000,3,1,1,4,1,38,'2017-08-24 10:16:21','2017-08-24 10:25:00'),(191,'TFR-1102-0012','','','','','','','',50,7,'Accessories/shackle/snap eye.jpg',11,1,10.9900,0,9,'2017-08-23',0.00000000,5,0.00000000,0.00000000,0.00000000,3,1,1,5,1,38,'2017-08-24 10:21:33','2017-08-24 10:23:43'),(192,'TFR-1103-0006','','','','','','','',50,7,'Accessories/shackle/61ETFSrC4lL._SL1100_.jpg',11,1,4.9900,0,9,'2017-08-23',0.00000000,5,0.00000000,0.00000000,0.00000000,3,1,1,6,1,38,'2017-08-24 10:25:22','2017-08-24 10:27:30'),(193,'TFR-1103-0010','','','','','','','',50,7,'Accessories/shackle/61ETFSrC4lL._SL1100_.jpg',11,1,7.9900,0,9,'2017-08-23',0.00000000,5,0.00000000,0.00000000,0.00000000,3,1,1,7,1,40,'2017-08-24 10:27:59','2017-08-24 10:29:27'),(194,'TFR-1103-0012','','','','','','','',50,7,'Accessories/shackle/61ETFSrC4lL._SL1100_.jpg',11,1,10.9900,0,9,'2017-08-23',0.00000000,5,0.00000000,0.00000000,0.00000000,3,1,1,8,1,43,'2017-08-24 10:29:59','2017-08-24 10:30:38'),(195,'TFR-1114-0070','','','','','','','',10,7,'Accessories/shackle/Cast Snap h.png',11,1,8.9900,0,9,'2017-08-24',0.00000000,5,0.00000000,0.00000000,0.00000000,3,1,1,1,1,46,'2017-08-24 10:33:43','0000-00-00 00:00:00'),(196,'TFR-1114-0100','','','','','','','',10,7,'Accessories/shackle/Cast Snap h.png',11,1,12.9900,0,9,'2017-08-24',0.00000000,5,0.00000000,0.00000000,0.00000000,3,1,1,2,1,41,'2017-08-24 10:34:18','2017-08-24 10:35:50'),(197,'TFH0902A','','','','','','','',6,7,'Accessories/shackle/Anchor connector0102.jpg',11,1,15.9900,0,9,'2017-08-24',0.00000000,5,0.00000000,0.00000000,0.00000000,3,1,1,1,1,46,'2017-08-24 10:42:51','0000-00-00 00:00:00'),(198,'TFH0903A','','','','','','','',5,7,'Accessories/shackle/Double Anchor coneector.jpg',11,1,24.9900,0,9,'2017-08-24',0.00000000,5,0.00000000,0.00000000,0.00000000,3,1,1,3,1,43,'2017-08-24 10:44:20','2017-08-24 10:46:54'),(199,'TFH0902B','','','','','','','',4,7,'Accessories/shackle/Anchor connector0102.jpg',11,1,31.9900,0,9,'2017-08-24',0.00000000,5,0.00000000,0.00000000,0.00000000,3,1,1,2,1,41,'2017-08-24 10:47:10','2017-08-24 10:48:48'),(200,'TFH0903b','','','','','','','',38,7,'Accessories/shackle/Double Anchor coneector.jpg',11,1,43.9900,0,9,'2017-08-24',0.00000000,5,0.00000000,0.00000000,0.00000000,3,1,1,4,1,37,'2017-08-24 10:49:15','2017-08-24 10:50:40'),(201,'TFH0002B','','','','','','','',57,7,'Accessories/shackle/thumb.jpg',11,1,7.9900,0,9,'2017-08-24',0.00000000,5,0.00000000,0.00000000,0.00000000,3,1,1,1,1,48,'2017-08-24 11:23:04','2017-08-24 11:24:36'),(202,'TFH0003C','','','','','','','',95,7,'Accessories/shackle/61Wutp9J6BL._SL1500_.jpg',11,1,12.9900,0,9,'2017-08-24',0.00000000,5,0.00000000,0.00000000,0.00000000,3,1,1,4,1,43,'2017-08-24 11:29:32','2017-08-29 14:47:38'),(203,'TFH0005C','','','','','','','',61,7,'Accessories/shackle/thumb.jpg',11,1,15.9900,0,9,'2017-08-24',0.00000000,5,0.00000000,0.00000000,0.00000000,3,1,1,3,1,41,'2017-08-24 11:30:42','2017-08-24 11:31:43'),(204,'TFH0002D','','','','','','','',1,7,'Accessories/shackle/Heavy duty-600x600.png',11,1,9.9900,0,9,'2017-08-24',0.00000000,5,0.00000000,0.00000000,0.00000000,3,1,1,5,1,43,'2017-08-24 11:31:56','2017-08-29 14:48:01'),(205,'TFH0003A','','','','','','','',61,7,'Accessories/shackle/thumb.jpg',11,1,10.9900,0,9,'2017-08-24',0.00000000,5,0.00000000,0.00000000,0.00000000,3,1,1,2,1,40,'2017-08-24 11:34:48','2017-08-24 12:20:01'),(206,'TFH0005D','','','','','','','',59,7,'Accessories/shackle/Heavy duty-600x600.png',11,1,19.9900,0,9,'2017-08-24',0.00000000,5,0.00000000,0.00000000,0.00000000,3,1,1,7,1,40,'2017-08-24 11:37:09','2017-08-29 14:48:58'),(207,'TFH0003B','','','','','','','',17,7,'Accessories/shackle/Heavy duty-600x600.png',11,1,12.9900,0,9,'2017-08-24',0.00000000,5,0.00000000,0.00000000,0.00000000,3,1,1,6,1,42,'2017-08-24 12:18:40','2017-08-29 14:48:39'),(208,'TFH33265','','','','','','','',10,7,'Accessories/shackle/CLEATM (1).jpg',11,1,42.9900,0,9,'2017-08-24',0.00000000,5,0.00000000,0.00000000,0.00000000,3,1,1,2,1,44,'2017-08-24 14:23:21','2017-08-24 14:25:33'),(209,'TFH33205','','','','','','','',10,7,'Accessories/shackle/CLEATM (1).jpg',11,1,26.9900,0,9,'2017-08-24',0.00000000,5,0.00000000,0.00000000,0.00000000,3,1,1,1,1,41,'2017-08-24 14:25:54','2017-08-24 14:26:43'),(211,'TFH35200','','','','','','','',19,7,'Accessories/shackle/$T2eC16VHJGQFFhggHsFtBRkss-0E0!--60_57.JPG',11,1,18.9900,0,9,'2017-08-24',0.00000000,5,0.00000000,0.00000000,0.00000000,3,1,1,2,1,32,'2017-08-24 16:23:55','2017-08-24 16:25:20'),(212,'TFH1210','','','','','','','',17,7,'Accessories/shackle/s-l1600 (14).jpg',0,1,40.0000,0,9,'2017-08-24',0.00000000,5,0.00000000,0.00000000,0.00000000,3,1,1,1,1,37,'2017-08-24 16:29:12','0000-00-00 00:00:00'),(213,'TFH1211','','','','','','','',20,7,'Accessories/shackle/s-l1600 (14).jpg',0,1,48.0000,0,9,'2017-08-24',0.00000000,5,0.00000000,0.00000000,0.00000000,3,1,1,2,1,31,'2017-08-24 16:29:25','2017-08-24 16:30:03'),(214,'TFH1212','','','','','','','',4,7,'Accessories/shackle/s-l1600 (14).jpg',0,1,62.0000,0,9,'2017-08-24',0.00000000,5,0.00000000,0.00000000,0.00000000,3,1,1,3,1,35,'2017-08-24 16:30:07','2017-08-24 16:30:55'),(215,'TFYH30150','','','','','','','',10,7,'Accessories/shackle/rig01.jpg',11,1,25.0000,0,9,'2017-08-24',0.00000000,5,0.00000000,0.00000000,0.00000000,3,1,1,1,1,49,'2017-08-24 16:59:03','2017-08-24 17:00:04'),(216,'TFYH30152','','','','','','','',10,7,'Accessories/shackle/rig01.jpg',11,1,27.0000,0,9,'2017-08-24',0.00000000,5,0.00000000,0.00000000,0.00000000,3,1,1,2,1,40,'2017-08-24 17:00:33','2017-08-24 17:01:22'),(217,'TFYH30154','','','','','','','',10,7,'Accessories/shackle/rig01.jpg',11,1,29.0000,0,9,'2017-08-24',0.00000000,5,0.00000000,0.00000000,0.00000000,3,1,1,3,1,41,'2017-08-24 17:01:37','2017-08-24 17:02:07'),(218,'TFYH30162','','','','','','','',10,7,'Accessories/shackle/hand-.jpg',11,1,25.0000,0,9,'2017-08-24',0.00000000,5,0.00000000,0.00000000,0.00000000,3,1,1,1,1,46,'2017-08-24 17:06:32','2017-08-24 17:10:18'),(219,'TFYH30165','','','','','','','',10,7,'Accessories/shackle/hand-.jpg',11,1,28.0000,0,9,'2017-08-24',0.00000000,5,0.00000000,0.00000000,0.00000000,3,1,1,2,1,41,'2017-08-24 17:10:55','2017-08-24 17:12:04'),(220,'TFYH30166','','','','','','','',10,7,'Accessories/shackle/hand-.jpg',11,1,30.0000,0,9,'2017-08-24',0.00000000,5,0.00000000,0.00000000,0.00000000,3,1,1,3,1,37,'2017-08-24 17:12:10','2017-08-24 17:13:04'),(221,'TFH0401A','','','','','','','',97,7,'Image/51jX+9Y7FCL._SL1000_.jpg',11,1,8.9900,0,9,'2017-08-25',0.00000000,5,0.00000000,0.00000000,0.00000000,3,1,1,1,1,44,'2017-08-25 12:10:44','2017-08-25 12:20:31'),(222,'TFH0402A','','','','','','','',95,7,'Image/51jX+9Y7FCL._SL1000_.jpg',11,1,9.9900,0,9,'2017-08-25',0.00000000,5,0.00000000,0.00000000,0.00000000,3,1,1,2,1,39,'2017-08-25 12:11:56','2017-08-25 12:20:47'),(223,'TFH0202A','','','','','','','',25,7,'Accessories/shackle/S3650-0300.jpg',11,1,14.9900,0,9,'2017-08-25',0.00000000,5,0.00000000,0.00000000,0.00000000,3,1,1,1,1,36,'2017-08-25 12:15:17','2017-08-25 12:22:26'),(224,'TFH0202B','','','','','','','',19,7,'Accessories/shackle/S3650-0300.jpg',11,1,15.9900,0,9,'2017-08-25',0.00000000,5,0.00000000,0.00000000,0.00000000,3,1,1,2,1,42,'2017-08-25 12:16:18','2017-08-25 12:22:51'),(225,'TFH0240A','','','','','','','',18,7,'Accessories/shackle/p_.jpg',11,1,12.9900,0,9,'2017-08-25',0.00000000,5,0.00000000,0.00000000,0.00000000,3,1,1,1,1,41,'2017-08-25 12:19:50','2017-08-25 12:21:40'),(226,'TFH0241A','','','','','','','',20,7,'Accessories/shackle/p_.jpg',11,1,13.9900,0,9,'2017-08-25',0.00000000,5,0.00000000,0.00000000,0.00000000,3,1,1,2,1,46,'2017-08-25 12:23:15','2017-08-25 12:23:56'),(227,'TFH0405A','','','','','','','',106,7,'Accessories/shackle/51h-nmmu-WL._SL1000_.jpg',11,1,9.9900,0,9,'2017-08-25',0.00000000,5,0.00000000,0.00000000,0.00000000,3,1,1,1,1,39,'2017-08-25 12:26:37','2017-08-25 12:30:24'),(228,'TFH0406A','','','','','','','',91,7,'Accessories/shackle/51h-nmmu-WL._SL1000_.jpg',11,1,10.9900,0,9,'2017-08-25',0.00000000,5,0.00000000,0.00000000,0.00000000,3,1,1,2,1,41,'2017-08-25 12:27:04','2017-08-25 12:31:51'),(229,'TFH0205A','','','','','','','',14,7,'Accessories/shackle/51+V-inrkrL._SL1024_.jpg',11,1,14.9900,0,9,'2017-08-25',0.00000000,5,0.00000000,0.00000000,0.00000000,3,1,1,1,1,34,'2017-08-25 12:30:14','0000-00-00 00:00:00'),(230,'TFH0206A','','','','','','','',12,7,'Accessories/shackle/51+V-inrkrL._SL1024_.jpg',11,1,15.9900,0,9,'2017-08-25',0.00000000,5,0.00000000,0.00000000,0.00000000,3,1,1,2,1,42,'2017-08-25 12:30:46','2017-08-25 12:31:17'),(231,'TFH0230A','','','','','','','',19,7,'Accessories/shackle/M555hy.jpg',11,1,14.9900,0,9,'2017-08-25',0.00000000,5,0.00000000,0.00000000,0.00000000,3,1,1,1,1,39,'2017-08-25 12:33:19','2017-08-25 12:34:39'),(232,'TFH0231A','','','','','','','',18,7,'Accessories/shackle/M555hy.jpg',11,1,14.9900,0,9,'2017-08-25',0.00000000,5,0.00000000,0.00000000,0.00000000,3,1,1,2,1,41,'2017-08-25 12:34:42','2017-08-25 12:35:18'),(233,'TFH0409A','','','','','','','',34,7,'Accessories/shackle/s-l1600 (8).jpg',11,1,8.9900,0,9,'2017-08-25',0.00000000,5,0.00000000,0.00000000,0.00000000,3,1,1,1,1,42,'2017-08-25 12:56:50','2017-08-25 13:08:29'),(234,'TFH0609A','','','','','','','',45,7,'Accessories/shackle/F444.jpg',11,1,10.9900,0,9,'2017-08-25',0.00000000,5,0.00000000,0.00000000,0.00000000,3,1,1,2,1,44,'2017-08-25 13:03:48','2017-08-25 13:05:12'),(235,'TFH22101','','','','','','','',47,7,'Accessories/shackle/tfh22101.jpg',11,1,12.9900,0,9,'2017-08-25',0.00000000,5,0.00000000,0.00000000,0.00000000,3,1,1,3,1,37,'2017-08-25 13:11:03','2017-08-25 13:12:00'),(236,'TFH0607B','','','','','','','',34,7,'Accessories/shackle/TFH0607B.jpg',11,1,10.9900,0,9,'2017-08-25',0.00000000,5,0.00000000,0.00000000,0.00000000,3,1,1,1,1,40,'2017-08-25 13:18:36','2017-08-25 16:03:19'),(237,'TFH0600A','','','','','','','',45,7,'Accessories/shackle/TFH0600A1.jpg',11,1,14.9900,0,9,'2017-08-25',0.00000000,5,0.00000000,0.00000000,0.00000000,3,1,1,2,1,36,'2017-08-25 13:19:09','2017-08-25 16:03:42'),(238,'TFH0606A','','','','','','','',34,7,'Image/KBK/TFH0606A.jpg',11,1,10.9900,0,9,'2017-08-25',0.00000000,5,0.00000000,0.00000000,0.00000000,3,1,1,3,1,38,'2017-08-25 13:21:55','2017-08-25 16:04:20'),(239,'TFH0601A','','','','','','','',35,7,'Accessories/shackle/TFH0601A.jpg',11,1,8.9900,0,9,'2017-08-25',0.00000000,5,0.00000000,0.00000000,0.00000000,3,1,1,4,1,39,'2017-08-25 13:56:46','2017-08-25 16:04:34'),(240,'TFH0602A','','','','','','','',46,7,'Accessories/shackle/TFH0601A.jpg',11,1,9.9900,0,9,'2017-08-25',0.00000000,5,0.00000000,0.00000000,0.00000000,3,1,1,5,1,36,'2017-08-25 14:00:08','2017-08-25 16:04:53'),(241,'TFH0604A','','','','','','','',55,7,'Accessories/shackle/TFH0604A.jpg',11,1,10.9900,0,9,'2017-08-25',0.00000000,5,0.00000000,0.00000000,0.00000000,3,1,1,6,1,38,'2017-08-25 14:02:59','2017-08-25 16:05:10'),(242,'TFH0701A','','','','','','','',46,7,'Accessories/shackle/TFH0701A.JPG',11,1,12.9900,0,9,'2017-08-25',0.00000000,5,0.00000000,0.00000000,0.00000000,3,1,1,1,1,44,'2017-08-25 15:57:24','2017-08-25 16:10:34'),(243,'TFH49000','','','','','','','',50,7,'Accessories/shackle/TFH49000.jpg',11,1,12.9900,0,9,'2017-08-25',0.00000000,5,0.00000000,0.00000000,0.00000000,3,1,1,3,1,42,'2017-08-25 16:11:12','2017-08-25 16:21:24'),(244,'TFH0702A','','','','','','','',45,7,'Accessories/shackle/TFH0702A.jpg',11,1,12.9900,0,9,'2017-08-25',0.00000000,5,0.00000000,0.00000000,0.00000000,3,1,1,2,1,40,'2017-08-25 16:14:25','2017-08-25 16:18:30'),(245,'TFH49001','','','','','','','',50,7,'Accessories/shackle/TFH49000.jpg',11,1,13.9900,0,9,'2017-08-25',0.00000000,5,0.00000000,0.00000000,0.00000000,3,1,1,4,1,39,'2017-08-25 16:21:35','2017-08-25 16:22:17'),(246,'TFH3203','','','','','','','',60,7,'Accessories/shackle/TFH3203.jpg',11,1,34.0000,0,9,'2017-08-25',0.00000000,5,0.00000000,0.00000000,0.00000000,3,1,1,1,1,39,'2017-08-25 16:35:34','2017-08-25 16:40:37'),(247,'TFH3205','','','','','','','',40,7,'Accessories/shackle/TFH3205.jpg',11,1,35.0000,0,9,'2017-08-25',0.00000000,5,0.00000000,0.00000000,0.00000000,3,1,1,3,1,36,'2017-08-25 16:36:57','2017-08-25 16:46:41'),(248,'TFH3206','','','','','','','',51,7,'Accessories/shackle/TFH3206.jpg',11,1,39.0000,0,9,'2017-08-25',0.00000000,5,0.00000000,0.00000000,0.00000000,3,1,1,4,1,40,'2017-08-25 16:40:59','2017-08-25 16:44:57'),(249,'TFH3204','','','','','','','',55,7,'Accessories/shackle/TFH3204.jpg',11,1,30.0000,0,9,'2017-08-25',0.00000000,5,0.00000000,0.00000000,0.00000000,3,1,1,2,1,36,'2017-08-25 16:47:00','2017-08-25 16:48:14'),(250,'TFH7744SN','','','','','','','',30,7,'Accessories/shackle/TFH7744SN.JPG',11,1,30.0000,0,9,'2017-08-25',0.00000000,5,0.00000000,0.00000000,0.00000000,3,1,1,1,1,35,'2017-08-25 17:02:39','0000-00-00 00:00:00'),(251,'TFCN7745S15','','','','','','','',15,7,'Accessories/shackle/30° Rod holder.jpg',11,1,20.0000,0,9,'2017-08-25',0.00000000,5,0.00000000,0.00000000,0.00000000,3,1,1,2,1,30,'2017-08-25 17:03:19','2017-08-25 17:10:37'),(252,'TFCN7745S30','','','','','','','',15,7,'Accessories/shackle/30° Rod holder.jpg',11,1,20.0000,0,9,'2017-08-25',0.00000000,5,0.00000000,0.00000000,0.00000000,3,1,1,3,1,34,'2017-08-25 17:09:57','2017-08-25 17:10:26'),(253,'TFSW0401','','','','','','','',1,7,'Accessories/shackle/TFSW0401.jpg',11,1,90.0000,0,9,'2017-08-25',0.00000000,5,0.00000000,0.00000000,0.00000000,3,1,1,1,1,40,'2017-08-25 17:20:22','0000-00-00 00:00:00'),(254,'TFSW0051','','','','','','','',3,7,'Accessories/shackle/$_57 (8).JPG',11,1,130.0000,0,9,'2017-08-25',0.00000000,5,0.00000000,0.00000000,0.00000000,3,1,1,2,1,41,'2017-08-25 17:20:56','2017-08-25 17:24:11'),(255,'TFSW0603','','','','','','','',20,7,'Accessories/shackle/TFSW0603.jpg',11,1,15.0000,0,9,'2017-08-25',0.00000000,5,0.00000000,0.00000000,0.00000000,3,1,1,4,1,41,'2017-08-25 17:24:15','2017-08-25 17:30:02'),(256,'TFSW0602','','','','','','','',20,7,'Accessories/shackle/TFSW0602.jpg',11,1,15.0000,0,9,'2017-08-25',0.00000000,5,0.00000000,0.00000000,0.00000000,3,1,1,3,1,42,'2017-08-25 17:30:06','2017-08-25 17:31:53'),(257,'TFAD0750','','','','','','','',9,7,'Accessories/shackle/TFAD0750.jpg',11,1,5.0000,0,9,'2017-08-25',0.00000000,5,0.00000000,0.00000000,0.00000000,3,1,1,1,1,37,'2017-08-25 17:41:17','2017-08-25 17:44:55'),(258,'TFAD1000','','','','','','','',8,7,'Accessories/shackle/TFAD0750.jpg',11,1,6.0000,0,9,'2017-08-25',0.00000000,5,0.00000000,0.00000000,0.00000000,3,1,1,2,1,38,'2017-08-25 17:41:29','2017-08-25 17:45:15'),(259,'TFAD1250','','','','','','','',29,7,'Accessories/shackle/TFAD0750.jpg',11,1,7.0000,0,9,'2017-08-25',0.00000000,5,0.00000000,0.00000000,0.00000000,3,1,1,3,1,37,'2017-08-25 17:43:10','2017-08-25 17:44:45'),(260,'TFAD1500','','','','','','','',10,7,'Accessories/shackle/TFAD0750.jpg',11,1,8.0000,0,9,'2017-08-25',0.00000000,5,0.00000000,0.00000000,0.00000000,3,1,1,4,1,39,'2017-08-25 17:45:20','2017-08-25 17:46:18'),(261,'TFH0103B','','','','','','','',5,7,'Accessories/shackle/s-l1600 (23).jpg',11,1,30.0000,0,9,'2017-08-25',0.00000000,5,0.00000000,0.00000000,0.00000000,3,1,1,1,1,38,'2017-08-25 17:46:41','2017-08-25 17:50:43'),(262,'TFH0104B','','','','','','','',12,7,'Accessories/shackle/s-l1600 (23).jpg',11,1,46.0000,0,9,'2017-08-25',0.00000000,5,0.00000000,0.00000000,0.00000000,3,1,1,2,1,38,'2017-08-25 17:49:24','2017-08-25 17:50:30'),(263,'TFH0105B','','','','','','','',14,7,'Accessories/shackle/s-l1600 (23).jpg',11,1,57.0000,0,9,'2017-08-25',0.00000000,5,0.00000000,0.00000000,0.00000000,3,1,1,3,1,37,'2017-08-25 17:50:48','2017-08-25 17:53:45'),(264,'TFH0106B','','','','','','','',15,7,'Accessories/shackle/s-l1600 (23).jpg',11,1,67.0000,0,9,'2017-08-25',0.00000000,5,0.00000000,0.00000000,0.00000000,3,1,1,4,1,36,'2017-08-25 17:51:56','2017-08-25 17:53:14'),(265,'TFH0840','','','','','','','',9,7,'Accessories/Deck filler/TFH0840.jpg',11,1,23.9800,0,9,'2017-08-26',0.00000000,5,0.00000000,0.00000000,0.00000000,3,1,1,1,1,40,'2017-08-26 12:42:12','0000-00-00 00:00:00'),(266,'TFH0841','','','','','','','',5,7,'Accessories/Deck filler/TFH0840.jpg',11,1,27.9800,0,9,'2017-08-26',0.00000000,5,0.00000000,0.00000000,0.00000000,3,1,1,2,1,34,'2017-08-26 12:42:34','2017-08-26 12:50:07'),(267,'TFH0842','','','','','','','',8,7,'Accessories/Deck filler/TFH0842.jpg',11,1,23.9800,0,9,'2017-08-26',0.00000000,5,0.00000000,0.00000000,0.00000000,3,1,1,1,1,42,'2017-08-26 12:43:27','2017-08-26 12:50:38'),(268,'TFH0843','','','','','','','',9,7,'Accessories/Deck filler/TFH0842.jpg',11,1,27.9800,0,9,'2017-08-26',0.00000000,5,0.00000000,0.00000000,0.00000000,3,1,1,2,1,32,'2017-08-26 12:44:50','2017-08-26 12:50:51'),(269,'TFH0844','','','','','','','',9,7,'Accessories/Deck filler/TFH0844.jpg',11,1,23.9800,0,9,'2017-08-26',0.00000000,5,0.00000000,0.00000000,0.00000000,3,1,1,1,1,39,'2017-08-26 12:45:39','2017-08-26 12:51:03'),(270,'TFH0845','','','','','','','',7,7,'Accessories/Deck filler/TFH0844.jpg',11,1,27.9800,0,9,'2017-08-26',0.00000000,5,0.00000000,0.00000000,0.00000000,3,1,1,2,1,32,'2017-08-26 12:47:05','2017-08-26 12:51:14'),(271,'TFH0846','','','','','','','',8,7,'Accessories/Deck filler/TFH0844.jpg',11,1,23.9800,0,9,'2017-08-26',0.00000000,5,0.00000000,0.00000000,0.00000000,3,1,1,1,1,38,'2017-08-26 12:47:59','2017-08-26 12:49:12'),(272,'TFH0847','','','','','','','',8,7,'Accessories/Deck filler/TFH0844.jpg',11,1,27.9800,0,9,'2017-08-26',0.00000000,5,0.00000000,0.00000000,0.00000000,3,1,1,2,1,33,'2017-08-26 12:51:19','2017-08-26 12:51:45'),(273,'TFADCW102','','','','','','','',9,7,'Accessories/Deck filler/TFADCW102.jpg',11,1,9.9800,0,9,'2017-08-26',0.00000000,5,0.00000000,0.00000000,0.00000000,3,1,1,3,1,31,'2017-08-26 12:52:21','2017-08-26 13:00:23'),(275,'TFADCW101','','','','','','','',9,7,'Accessories/Deck filler/tfadcw101.jpg',11,1,9.9800,0,9,'2017-08-26',0.00000000,5,0.00000000,0.00000000,0.00000000,3,1,1,3,1,35,'2017-08-26 12:59:19','2017-08-26 13:00:10'),(276,'TFH0909A','','','','','','','',9,7,'Accessories/shackle/tfh0909a.jpg',11,1,45.9900,0,9,'2017-08-26',0.00000000,5,0.00000000,0.00000000,0.00000000,3,1,1,1,1,33,'2017-08-26 13:13:37','0000-00-00 00:00:00'),(277,'TFSL0210B','','','','','','','',5,7,'Anchor/rope/TFSL0212B.jpg',11,1,200.0000,0,9,'2017-08-26',0.00000000,5,0.00000000,0.00000000,0.00000000,3,1,1,1,1,51,'2017-08-26 13:22:28','2017-08-26 14:19:01'),(278,'TFSL0212B','','','','','','','',5,7,'Anchor/rope/TFSL0212B.jpg',11,1,300.0000,0,9,'2017-08-26',0.00000000,5,0.00000000,0.00000000,0.00000000,3,1,1,2,1,31,'2017-08-26 14:16:31','2017-08-26 14:18:48'),(279,'TFSL0212R','','','','','','','',5,7,'Anchor/rope/TFSL0212R.jpg',11,1,300.0000,0,9,'2017-08-26',0.00000000,5,0.00000000,0.00000000,0.00000000,3,1,1,3,1,31,'2017-08-26 14:19:13','2017-08-26 14:21:16'),(280,'TFDL041007W','','','','','','','',150,7,'Anchor/rope/Dock line with protection bands.jpg',0,1,35.0000,0,9,'2017-08-26',0.00000000,5,0.00000000,0.00000000,0.00000000,3,1,1,1,1,24,'2017-08-26 14:31:21','0000-00-00 00:00:00'),(281,'TFDL041610W','','','','','','','',50,7,'Anchor/rope/Dock line with protection bands.jpg',0,1,45.0000,0,9,'2017-08-26',0.00000000,5,0.00000000,0.00000000,0.00000000,3,1,1,2,1,19,'2017-08-26 14:32:13','2017-08-26 14:33:26'),(282,'TFDL0403823G','','','','','','','',14,7,'Anchor/rope/TFDL0401225G.jpg',0,1,15.0000,0,9,'2017-08-26',0.00000000,5,0.00000000,0.00000000,0.00000000,3,1,1,3,1,19,'2017-08-26 14:50:03','0000-00-00 00:00:00'),(283,'TFDL0401225G','','','','','','','',19,7,'Anchor/rope/TFDL0401225G.jpg',0,1,25.0000,0,9,'2017-08-26',0.00000000,5,0.00000000,0.00000000,0.00000000,3,1,1,4,1,19,'2017-08-26 14:50:14','2017-08-26 14:50:58'),(284,'TFDL04111632BK','','','','','','','',17,7,'Anchor/rope/tfdl0401225bk.jpg',0,1,45.0000,0,9,'2017-08-26',0.00000000,5,0.00000000,0.00000000,0.00000000,3,1,1,5,1,19,'2017-08-26 14:51:31','2017-08-26 14:52:53'),(285,'TFDL01012N','','','','','','','',110,7,'Anchor/rope/3 Strand Dock line Navy.jpg',0,1,30.0000,0,9,'2017-08-26',0.00000000,5,0.00000000,0.00000000,0.00000000,3,1,1,6,1,21,'2017-08-26 15:01:11','2017-08-26 15:03:15'),(286,'TFDL01058N','','','','','','','',20,7,'Anchor/rope/3 Strand Dock line Navy.jpg',0,1,60.0000,0,9,'2017-08-26',0.00000000,5,0.00000000,0.00000000,0.00000000,3,1,1,7,1,19,'2017-08-26 15:03:24','2017-08-26 15:06:19'),(287,'TFDL01058B','','','','','','','',150,7,'Anchor/rope/3 Strand Dock line Black.jpg',0,1,60.0000,0,9,'2017-08-26',0.00000000,5,0.00000000,0.00000000,0.00000000,3,1,1,8,1,21,'2017-08-26 15:05:18','2017-08-26 15:06:01'),(288,'TFDL06038N','','','','','','','',60,7,'Anchor/rope/3 Strand Dock line Navy.jpg',0,1,3.0000,0,9,'2017-08-26',0.00000000,5,0.00000000,0.00000000,0.00000000,3,1,1,9,1,28,'2017-08-26 16:55:38','2017-08-28 11:08:04'),(289,'TFDL06012N','','','','','','','',70,7,'Anchor/rope/3 Strand Dock line Navy.jpg',0,1,8.0000,0,9,'2017-08-26',0.00000000,5,0.00000000,0.00000000,0.00000000,3,1,1,10,1,21,'2017-08-26 16:56:52','2017-08-26 17:01:01'),(290,'TFDL06058B','','','','','','','',39,7,'Anchor/rope/3 Strand Dock line Black.jpg',0,1,19.0000,0,9,'2017-08-26',0.00000000,5,0.00000000,0.00000000,0.00000000,3,1,1,11,1,27,'2017-08-26 16:58:41','2017-08-26 17:00:43'),(291,'TFAL011245W','','','','','','','',16,7,'Anchor/rope/ANCHOR LINE.jpg',0,1,96.0000,0,9,'2017-08-26',0.00000000,5,0.00000000,0.00000000,0.00000000,3,1,1,1,1,23,'2017-08-26 17:04:05','2017-08-28 16:51:22'),(292,'TFAL011660W','','','','','','','',16,7,'Anchor/rope/ANCHOR LINE.jpg',0,1,190.0000,0,9,'2017-08-26',0.00000000,5,0.00000000,0.00000000,0.00000000,3,1,1,2,1,20,'2017-08-26 17:04:21','2017-08-28 16:52:31'),(293,'TFLL0401','','','','','','','',5,7,'Ladder/TFLL0905.jpg',0,1,80.0000,0,9,'2017-08-26',0.00000000,5,0.00000000,0.00000000,0.00000000,3,1,1,4,1,21,'2017-08-26 17:10:05','2017-08-26 17:29:25'),(294,'TFLL0202','','','','','','','',25,7,'Ladder/$_57 (12).JPG',0,1,90.0000,0,9,'2017-08-26',0.00000000,5,0.00000000,0.00000000,0.00000000,3,1,1,2,1,23,'2017-08-26 17:12:29','2017-08-26 17:14:03'),(295,'TFLL0302','','','','','','','',11,7,'Ladder/TFLL0302.jpg',0,1,170.0000,0,9,'2017-08-26',0.00000000,5,0.00000000,0.00000000,0.00000000,3,1,1,3,1,22,'2017-08-26 17:14:18','2017-08-26 17:21:02'),(296,'TFLL0101','','','','','','','',36,7,'Ladder/1.jpg',0,1,70.0000,0,9,'2017-08-26',0.00000000,5,0.00000000,0.00000000,0.00000000,3,1,1,1,1,19,'2017-08-26 17:24:07','2017-08-26 17:25:13'),(297,'TFLL00501','','','','','','','',25,7,'Ladder/TF0501.jpg',0,1,125.0000,0,9,'2017-08-26',0.00000000,5,0.00000000,0.00000000,0.00000000,3,1,1,5,1,22,'2017-08-26 17:25:47','2017-08-26 17:28:19'),(298,'TFLL0704','','','','','','','',5,7,'Ladder/TF0704.jpg',0,1,170.0000,0,9,'2017-08-26',0.00000000,5,0.00000000,0.00000000,0.00000000,3,1,1,1,1,25,'2017-08-26 17:31:10','2017-08-26 17:36:50'),(299,'TFLL0802','','','','','','','',5,7,'Ladder/TF0802.jpg',0,1,200.0000,0,9,'2017-08-26',0.00000000,5,0.00000000,0.00000000,0.00000000,3,1,1,2,1,20,'2017-08-26 17:37:01','2017-08-26 17:38:25'),(300,'G0','','','','','','','',35,7,'Accessories/Fender/proceans fender.jpg',11,1,12.0000,0,9,'2017-08-28',0.00000000,5,0.00000000,0.00000000,0.00000000,3,1,1,1,1,36,'2017-08-28 11:16:01','2017-08-28 11:16:29'),(301,'G1','','','','','','','',35,7,'Accessories/Fender/proceans fender.jpg',11,1,16.0000,0,9,'2017-08-28',0.00000000,5,0.00000000,0.00000000,0.00000000,3,1,1,2,1,35,'2017-08-28 11:17:55','2017-08-28 11:22:30'),(302,'G2','','','','','','','',35,7,'Accessories/Fender/proceans fender.jpg',11,1,20.0000,0,9,'2017-08-28',0.00000000,5,0.00000000,0.00000000,0.00000000,3,1,1,3,1,32,'2017-08-28 11:19:02','2017-08-28 11:34:51'),(303,'G3','','','','','','','',35,7,'Accessories/Fender/proceans fender.jpg',11,1,35.0000,0,9,'2017-08-28',0.00000000,5,0.00000000,0.00000000,0.00000000,3,1,1,4,1,27,'2017-08-28 11:20:31','2017-08-28 11:22:55'),(304,'G0SET','','','','','','','',35,7,'Accessories/Fender/P1010460.JPG',11,1,45.0000,0,9,'2017-08-28',0.00000000,5,0.00000000,0.00000000,0.00000000,3,1,1,5,1,32,'2017-08-28 11:23:41','2017-08-28 11:35:22'),(305,'G1SET','','','','','','','',35,7,'Accessories/Fender/P1010460.JPG',11,1,60.0000,0,9,'2017-08-28',0.00000000,5,0.00000000,0.00000000,0.00000000,3,1,1,6,1,34,'2017-08-28 11:25:53','2017-08-28 11:35:41'),(306,'G2SET','','','','','','','',35,7,'Accessories/Fender/P1010460.JPG',11,1,75.0000,0,9,'2017-08-28',0.00000000,5,0.00000000,0.00000000,0.00000000,3,1,1,7,1,32,'2017-08-28 11:28:02','2017-08-28 11:34:31'),(307,'G3SET','','','','','','','',35,7,'Accessories/Fender/P1010460.JPG',11,1,135.0000,0,9,'2017-08-28',0.00000000,5,0.00000000,0.00000000,0.00000000,3,1,1,8,1,30,'2017-08-28 11:31:39','2017-08-28 11:33:07'),(308,'TFHTM4','','','','','','','',12,7,'Accessories/Fender/TFHTM4 Fender with central hole 00.png',0,1,200.0000,0,9,'2017-08-28',0.00000000,5,0.00000000,0.00000000,0.00000000,3,1,1,1,1,24,'2017-08-28 11:42:11','2017-08-28 11:44:06'),(309,'TFCN1245A2','','','','','','','',50,7,'Accessories/hOOK2S.jpg',11,1,30.0000,0,9,'2017-08-28',0.00000000,5,0.00000000,0.00000000,0.00000000,3,1,1,1,1,33,'2017-08-28 12:00:23','0000-00-00 00:00:00'),(310,'TFCN1245A3','','','','','','','',50,7,'Accessories/hOOK1.jpg',11,1,35.0000,0,9,'2017-08-28',0.00000000,5,0.00000000,0.00000000,0.00000000,3,1,1,2,1,29,'2017-08-28 12:00:48','2017-08-28 12:02:36');

--
